45.130.83.242 - - [02/Sep/2026:20:05:49 -0300] "POST /wp-login.php HTTP/1.1" 409 83 "https://luxli.com.br/wp-login.php" "Mozilla/5.0 (X11; Linux x86_64) AppleWebKit/537.36 (KHTML, like Gecko) Chrome/91.0.4472.124 Safari/537.36" luxli.com.br 10.53.181.90
170.106.143.6 - - [02/Sep/2026:20:05:49 -0300] "GET / HTTP/1.1" 200 14597 "http://luxli.com.br" "Mozilla/5.0 (iPhone; CPU iPhone OS 13_2_3 like Mac OS X) AppleWebKit/605.1.15 (KHTML, like Gecko) Version/13.0.3 Mobile/15E148 Safari/604.1" luxli.com.br 10.53.181.90
170.106.143.6 - - [02/Sep/2026:20:05:49 -0300] "GET / HTTP/1.1" 200 14597 "http://luxli.com.br" "Mozilla/5.0 (iPhone; CPU iPhone OS 13_2_3 like Mac OS X) AppleWebKit/605.1.15 (KHTML, like Gecko) Version/13.0.3 Mobile/15E148 Safari/604.1" luxli.com.br 10.53.181.90
173.239.211.45 - - [02/Sep/2026:20:05:51 -0300] "GET /wp-admin/index.php HTTP/1.1" 409 83 "https://luxli.com.br/wp-login.php" "Mozilla/5.0 (Windows NT 10.0; Win64; x64) AppleWebKit/537.36 (KHTML, like Gecko) Chrome/93.0.4577.63 Safari/537.36" luxli.com.br 10.53.181.90
63.135.161.113 - - [02/Sep/2026:20:05:53 -0300] "POST /wp-login.php HTTP/1.1" 409 83 "https://luxli.com.br/wp-login.php" "Mozilla/5.0 (Windows NT 10.0; Win64; x64) AppleWebKit/537.36 (KHTML, like Gecko) Chrome/91.0.4472.124 Safari/537.36" luxli.com.br 10.53.181.90
45.130.83.239 - - [02/Sep/2026:20:05:56 -0300] "GET /wp-admin/index.php HTTP/1.1" 409 83 "https://luxli.com.br/wp-login.php" "Mozilla/5.0 (Windows NT 10.0; Win64; x64) AppleWebKit/537.36 (KHTML, like Gecko) Chrome/93.0.4577.63 Safari/537.36" luxli.com.br 10.53.181.90
63.135.161.117 - - [02/Sep/2026:20:05:59 -0300] "POST /wp-login.php HTTP/1.1" 409 83 "https://luxli.com.br/wp-login.php" "Mozilla/5.0 (Windows NT 10.0; Win64; x64) AppleWebKit/605.1.15 (KHTML, like Gecko) Version/14.1.2 Safari/605.1.15" luxli.com.br 10.53.181.90
45.130.83.242 - - [02/Sep/2026:20:06:04 -0300] "GET /wp-admin/index.php HTTP/1.1" 409 83 "https://luxli.com.br/wp-login.php" "Mozilla/5.0 (X11; Linux x86_64) AppleWebKit/537.36 (KHTML, like Gecko) Chrome/93.0.4577.63 Safari/537.36" luxli.com.br 10.53.181.90
57.141.22.89 - - [02/Sep/2026:20:06:05 -0300] "GET /details/0357164 HTTP/2.0" 404 11133 "-" "Mozilla/5.0 (Windows NT 10.0; Win64; x64) AppleWebKit/537.36 (KHTML, like Gecko) Chrome/145.0.0.0 Safari/537.36 (compatible; meta-externalagent/1.1 (+https://developers.facebook.com/docs/sharing/webmasters/crawler))" luxli.com.br 10.53.181.90
57.141.22.89 - - [02/Sep/2026:20:06:05 -0300] "GET /details/0357164 HTTP/1.1" 404 11133 "-" "Mozilla/5.0 (Windows NT 10.0; Win64; x64) AppleWebKit/537.36 (KHTML, like Gecko) Chrome/145.0.0.0 Safari/537.36 (compatible; meta-externalagent/1.1 (+https://developers.facebook.com/docs/sharing/webmasters/crawler))" luxli.com.br 10.53.181.90
45.130.83.240 - - [02/Sep/2026:20:06:08 -0300] "POST /wp-login.php HTTP/1.1" 409 83 "https://luxli.com.br/wp-login.php" "Mozilla/5.0 (X11; Linux x86_64) AppleWebKit/537.36 (KHTML, like Gecko) Chrome/94.0.4606.71 Safari/537.36" luxli.com.br 10.53.181.90
45.130.83.244 - - [02/Sep/2026:20:06:11 -0300] "GET /wp-admin/index.php HTTP/1.1" 409 83 "https://luxli.com.br/wp-login.php" "Mozilla/5.0 (Windows NT 10.0; Win64; x64) AppleWebKit/605.1.15 (KHTML, like Gecko) Version/14.0.3 Safari/605.1.15" luxli.com.br 10.53.181.90
173.239.211.50 - - [02/Sep/2026:20:06:13 -0300] "POST /wp-login.php HTTP/1.1" 409 83 "https://luxli.com.br/wp-login.php" "Mozilla/5.0 (Windows NT 10.0; Win64; x64) AppleWebKit/605.1.15 (KHTML, like Gecko) Version/14.1 Safari/605.1.15" luxli.com.br 10.53.181.90
173.239.211.54 - - [02/Sep/2026:20:06:14 -0300] "GET /wp-admin/index.php HTTP/1.1" 409 83 "https://luxli.com.br/wp-login.php" "Mozilla/5.0 (Windows NT 10.0; Win64; x64) AppleWebKit/605.1.15 (KHTML, like Gecko) Version/14.1.1 Safari/605.1.15" luxli.com.br 10.53.181.90
173.239.211.41 - - [02/Sep/2026:20:06:17 -0300] "POST /wp-login.php HTTP/1.1" 409 83 "https://luxli.com.br/wp-login.php" "Mozilla/5.0 (Macintosh; Intel Mac OS X 10_15_7) AppleWebKit/605.1.15 (KHTML, like Gecko) Version/14.1.1 Safari/605.1.15" luxli.com.br 10.53.181.90
173.239.211.36 - - [02/Sep/2026:20:06:18 -0300] "GET /wp-admin/index.php HTTP/1.1" 409 83 "https://luxli.com.br/wp-login.php" "Mozilla/5.0 (Windows NT 10.0; Win64; x64) AppleWebKit/605.1.15 (KHTML, like Gecko) Version/15.0 Safari/605.1.15" luxli.com.br 10.53.181.90
57.141.22.24 - - [02/Sep/2026:20:06:20 -0300] "GET /details/713586507 HTTP/1.1" 404 11133 "-" "Mozilla/5.0 (Windows NT 10.0; Win64; x64) AppleWebKit/537.36 (KHTML, like Gecko) Chrome/145.0.0.0 Safari/537.36 (compatible; meta-externalagent/1.1 (+https://developers.facebook.com/docs/sharing/webmasters/crawler))" luxli.com.br 10.53.181.90
57.141.22.24 - - [02/Sep/2026:20:06:20 -0300] "GET /details/713586507 HTTP/2.0" 404 11133 "-" "Mozilla/5.0 (Windows NT 10.0; Win64; x64) AppleWebKit/537.36 (KHTML, like Gecko) Chrome/145.0.0.0 Safari/537.36 (compatible; meta-externalagent/1.1 (+https://developers.facebook.com/docs/sharing/webmasters/crawler))" luxli.com.br 10.53.181.90
173.239.211.53 - - [02/Sep/2026:20:06:21 -0300] "POST /wp-login.php HTTP/1.1" 409 83 "https://luxli.com.br/wp-login.php" "Mozilla/5.0 (Macintosh; Intel Mac OS X 10_15_7) AppleWebKit/605.1.15 (KHTML, like Gecko) Version/14.1.2 Safari/605.1.15" luxli.com.br 10.53.181.90
45.130.83.244 - - [02/Sep/2026:20:06:23 -0300] "POST /wp-login.php HTTP/1.1" 409 83 "https://luxli.com.br/wp-login.php" "Mozilla/5.0 (Windows NT 6.1; Win64; x64) AppleWebKit/537.36 (KHTML, like Gecko) Chrome/92.0.4515.131 Safari/537.36" luxli.com.br 10.53.181.90
45.130.83.238 - - [02/Sep/2026:20:06:26 -0300] "GET /wp-admin/index.php HTTP/1.1" 409 83 "https://luxli.com.br/wp-login.php" "Mozilla/5.0 (X11; Linux x86_64) AppleWebKit/537.36 (KHTML, like Gecko) Chrome/92.0.4515.131 Safari/537.36" luxli.com.br 10.53.181.90
63.135.161.129 - - [02/Sep/2026:20:06:28 -0300] "POST /wp-login.php HTTP/1.1" 409 83 "https://luxli.com.br/wp-login.php" "Mozilla/5.0 (X11; Linux x86_64) AppleWebKit/537.36 (KHTML, like Gecko) Chrome/92.0.4515.131 Safari/537.36" luxli.com.br 10.53.181.90
57.141.22.97 - - [02/Sep/2026:20:06:31 -0300] "GET /details/9b6482057 HTTP/1.1" 404 11133 "-" "Mozilla/5.0 (Windows NT 10.0; Win64; x64) AppleWebKit/537.36 (KHTML, like Gecko) Chrome/145.0.0.0 Safari/537.36 (compatible; meta-externalagent/1.1 (+https://developers.facebook.com/docs/sharing/webmasters/crawler))" luxli.com.br 10.53.181.90
57.141.22.97 - - [02/Sep/2026:20:06:31 -0300] "GET /details/9b6482057 HTTP/2.0" 404 11133 "-" "Mozilla/5.0 (Windows NT 10.0; Win64; x64) AppleWebKit/537.36 (KHTML, like Gecko) Chrome/145.0.0.0 Safari/537.36 (compatible; meta-externalagent/1.1 (+https://developers.facebook.com/docs/sharing/webmasters/crawler))" luxli.com.br 10.53.181.90
173.239.211.37 - - [02/Sep/2026:20:06:34 -0300] "GET /wp-admin/index.php HTTP/1.1" 409 83 "https://luxli.com.br/wp-login.php" "Mozilla/5.0 (Windows NT 10.0; Win64; x64; rv:91.0) Gecko/20100101 Firefox/91.0" luxli.com.br 10.53.181.90
63.135.161.118 - - [02/Sep/2026:20:06:35 -0300] "POST /wp-login.php HTTP/1.1" 409 83 "https://luxli.com.br/wp-login.php" "Mozilla/5.0 (X11; Linux x86_64) AppleWebKit/537.36 (KHTML, like Gecko) Chrome/90.0.4430.212 Safari/537.36" luxli.com.br 10.53.181.90
173.239.211.46 - - [02/Sep/2026:20:06:37 -0300] "POST /wp-login.php HTTP/1.1" 409 83 "https://luxli.com.br/wp-login.php" "Mozilla/5.0 (Windows NT 10.0; Win64; x64) AppleWebKit/605.1.15 (KHTML, like Gecko) Version/14.1.2 Safari/605.1.15" luxli.com.br 10.53.181.90
63.135.161.113 - - [02/Sep/2026:20:06:40 -0300] "GET /wp-admin/index.php HTTP/1.1" 409 83 "https://luxli.com.br/wp-login.php" "Mozilla/5.0 (Windows NT 10.0; Win64; x64; rv:91.0) Gecko/20100101 Firefox/91.0" luxli.com.br 10.53.181.90
63.135.161.113 - - [02/Sep/2026:20:06:41 -0300] "POST /wp-login.php HTTP/1.1" 409 83 "https://luxli.com.br/wp-login.php" "Mozilla/5.0 (Windows NT 10.0; Win64; x64) AppleWebKit/605.1.15 (KHTML, like Gecko) Version/14.1.2 Safari/605.1.15" luxli.com.br 10.53.181.90
162.241.203.82 - - [02/Sep/2026:20:06:43 -0300] "POST /wp-cron.php?doing_wp_cron=1788390403.5268390178680419921875 HTTP/1.1" 200 - "-" "WordPress/7.1; https://luxli.com.br" luxli.com.br 10.53.181.90
57.141.22.12 - - [02/Sep/2026:20:06:43 -0300] "GET /details/244965860 HTTP/1.1" 404 11133 "-" "Mozilla/5.0 (Windows NT 10.0; Win64; x64) AppleWebKit/537.36 (KHTML, like Gecko) Chrome/145.0.0.0 Safari/537.36 (compatible; meta-externalagent/1.1 (+https://developers.facebook.com/docs/sharing/webmasters/crawler))" luxli.com.br 10.53.181.90
57.141.22.12 - - [02/Sep/2026:20:06:43 -0300] "GET /details/244965860 HTTP/2.0" 404 11133 "-" "Mozilla/5.0 (Windows NT 10.0; Win64; x64) AppleWebKit/537.36 (KHTML, like Gecko) Chrome/145.0.0.0 Safari/537.36 (compatible; meta-externalagent/1.1 (+https://developers.facebook.com/docs/sharing/webmasters/crawler))" luxli.com.br 10.53.181.90
45.130.83.245 - - [02/Sep/2026:20:06:43 -0300] "GET /wp-admin/index.php HTTP/1.1" 409 83 "https://luxli.com.br/wp-login.php" "Mozilla/5.0 (Macintosh; Intel Mac OS X 10_15_7) AppleWebKit/605.1.15 (KHTML, like Gecko) Version/15.0 Safari/605.1.15" luxli.com.br 10.53.181.90
173.239.211.40 - - [02/Sep/2026:20:06:44 -0300] "POST /wp-login.php HTTP/1.1" 409 83 "https://luxli.com.br/wp-login.php" "Mozilla/5.0 (Macintosh; Intel Mac OS X 10_15_7) AppleWebKit/537.36 (KHTML, like Gecko) Chrome/91.0.4472.124 Safari/537.36" luxli.com.br 10.53.181.90
63.135.161.122 - - [02/Sep/2026:20:06:47 -0300] "GET /wp-admin/index.php HTTP/1.1" 409 83 "https://luxli.com.br/wp-login.php" "Mozilla/5.0 (X11; Linux x86_64) AppleWebKit/537.36 (KHTML, like Gecko) Chrome/94.0.4606.71 Safari/537.36" luxli.com.br 10.53.181.90
173.239.211.53 - - [02/Sep/2026:20:06:54 -0300] "POST /wp-login.php HTTP/1.1" 409 83 "https://luxli.com.br/wp-login.php" "Mozilla/5.0 (Macintosh; Intel Mac OS X 10_15_7) AppleWebKit/605.1.15 (KHTML, like Gecko) Version/14.1.2 Safari/605.1.15" luxli.com.br 10.53.181.90
63.135.161.121 - - [02/Sep/2026:20:06:58 -0300] "GET /wp-admin/index.php HTTP/1.1" 409 83 "https://luxli.com.br/wp-login.php" "Mozilla/5.0 (Windows NT 6.1; Win64; x64; rv:91.0) Gecko/20100101 Firefox/91.0" luxli.com.br 10.53.181.90
173.239.211.47 - - [02/Sep/2026:20:07:01 -0300] "POST /wp-login.php HTTP/1.1" 409 83 "https://luxli.com.br/wp-login.php" "Mozilla/5.0 (X11; Linux x86_64) AppleWebKit/537.36 (KHTML, like Gecko) Chrome/93.0.4577.63 Safari/537.36" luxli.com.br 10.53.181.90
173.239.211.47 - - [02/Sep/2026:20:07:04 -0300] "GET /wp-admin/index.php HTTP/1.1" 409 83 "https://luxli.com.br/wp-login.php" "Mozilla/5.0 (X11; Linux x86_64) AppleWebKit/537.36 (KHTML, like Gecko) Chrome/91.0.4472.124 Safari/537.36" luxli.com.br 10.53.181.90
45.130.83.246 - - [02/Sep/2026:20:07:06 -0300] "POST /wp-login.php HTTP/1.1" 409 83 "https://luxli.com.br/wp-login.php" "Mozilla/5.0 (Windows NT 10.0; Win64; x64) AppleWebKit/537.36 (KHTML, like Gecko) Chrome/92.0.4515.131 Safari/537.36" luxli.com.br 10.53.181.90
173.239.211.46 - - [02/Sep/2026:20:07:09 -0300] "GET /wp-admin/index.php HTTP/1.1" 409 83 "https://luxli.com.br/wp-login.php" "Mozilla/5.0 (Macintosh; Intel Mac OS X 10_15_7) AppleWebKit/605.1.15 (KHTML, like Gecko) Version/14.0.3 Safari/605.1.15" luxli.com.br 10.53.181.90
173.239.211.43 - - [02/Sep/2026:20:07:12 -0300] "POST /wp-login.php HTTP/1.1" 409 83 "https://luxli.com.br/wp-login.php" "Mozilla/5.0 (Windows NT 10.0; Win64; x64) AppleWebKit/537.36 (KHTML, like Gecko) Chrome/94.0.4606.71 Safari/537.36" luxli.com.br 10.53.181.90
173.239.211.44 - - [02/Sep/2026:20:07:13 -0300] "GET /wp-admin/index.php HTTP/1.1" 409 83 "https://luxli.com.br/wp-login.php" "Mozilla/5.0 (Windows NT 6.1; Win64; x64) AppleWebKit/537.36 (KHTML, like Gecko) Chrome/91.0.4472.124 Safari/537.36" luxli.com.br 10.53.181.90
57.141.22.96 - - [02/Sep/2026:20:07:13 -0300] "GET /details/123010222 HTTP/1.1" 404 11133 "-" "Mozilla/5.0 (Windows NT 10.0; Win64; x64) AppleWebKit/537.36 (KHTML, like Gecko) Chrome/145.0.0.0 Safari/537.36 (compatible; meta-externalagent/1.1 (+https://developers.facebook.com/docs/sharing/webmasters/crawler))" luxli.com.br 10.53.181.90
57.141.22.96 - - [02/Sep/2026:20:07:13 -0300] "GET /details/123010222 HTTP/2.0" 404 11133 "-" "Mozilla/5.0 (Windows NT 10.0; Win64; x64) AppleWebKit/537.36 (KHTML, like Gecko) Chrome/145.0.0.0 Safari/537.36 (compatible; meta-externalagent/1.1 (+https://developers.facebook.com/docs/sharing/webmasters/crawler))" luxli.com.br 10.53.181.90
173.239.211.49 - - [02/Sep/2026:20:07:14 -0300] "POST /wp-login.php HTTP/1.1" 409 83 "https://luxli.com.br/wp-login.php" "Mozilla/5.0 (Windows NT 6.1; Win64; x64) AppleWebKit/537.36 (KHTML, like Gecko) Chrome/93.0.4577.63 Safari/537.36" luxli.com.br 10.53.181.90
63.135.161.123 - - [02/Sep/2026:20:07:18 -0300] "GET /wp-admin/index.php HTTP/1.1" 409 83 "https://luxli.com.br/wp-login.php" "Mozilla/5.0 (Windows NT 10.0; Win64; x64) AppleWebKit/605.1.15 (KHTML, like Gecko) Version/14.1.1 Safari/605.1.15" luxli.com.br 10.53.181.90
173.239.211.43 - - [02/Sep/2026:20:07:19 -0300] "POST /wp-login.php HTTP/1.1" 409 83 "https://luxli.com.br/wp-login.php" "Mozilla/5.0 (Windows NT 10.0; Win64; x64; rv:89.0) Gecko/20100101 Firefox/89.0.2" luxli.com.br 10.53.181.90
63.135.161.123 - - [02/Sep/2026:20:07:21 -0300] "GET /wp-admin/index.php HTTP/1.1" 409 83 "https://luxli.com.br/wp-login.php" "Mozilla/5.0 (Windows NT 10.0; Win64; x64) AppleWebKit/605.1.15 (KHTML, like Gecko) Version/14.1.2 Safari/605.1.15" luxli.com.br 10.53.181.90
173.239.211.41 - - [02/Sep/2026:20:07:23 -0300] "POST /wp-login.php HTTP/1.1" 409 83 "https://luxli.com.br/wp-login.php" "Mozilla/5.0 (Macintosh; Intel Mac OS X 10_15_7) AppleWebKit/537.36 (KHTML, like Gecko) Chrome/93.0.4577.63 Safari/537.36" luxli.com.br 10.53.181.90
173.239.211.41 - - [02/Sep/2026:20:07:26 -0300] "GET /wp-admin/index.php HTTP/1.1" 409 83 "https://luxli.com.br/wp-login.php" "Mozilla/5.0 (X11; Linux x86_64) AppleWebKit/537.36 (KHTML, like Gecko) Chrome/94.0.4606.71 Safari/537.36" luxli.com.br 10.53.181.90
114.119.135.199 - - [02/Sep/2026:20:07:29 -0300] "GET /produto/calca-diesel-cinza-original/ HTTP/1.1" 406 226 "https://luxli.com.br/loja/page/5/" "Mozilla/5.0 (Linux; Android 7.0;) AppleWebKit/537.36 (HTML, like Gecko) Mobile Safari/537.36 (compatible; PetalBot;+https://webmaster.petalsearch.com/site/petalbot)" luxli.com.br 10.53.181.90
57.141.22.13 - - [02/Sep/2026:20:07:29 -0300] "GET /details/964330436 HTTP/1.1" 404 11133 "-" "Mozilla/5.0 (Windows NT 10.0; Win64; x64) AppleWebKit/537.36 (KHTML, like Gecko) Chrome/145.0.0.0 Safari/537.36 (compatible; meta-externalagent/1.1 (+https://developers.facebook.com/docs/sharing/webmasters/crawler))" luxli.com.br 10.53.181.90
57.141.22.13 - - [02/Sep/2026:20:07:29 -0300] "GET /details/964330436 HTTP/2.0" 404 11133 "-" "Mozilla/5.0 (Windows NT 10.0; Win64; x64) AppleWebKit/537.36 (KHTML, like Gecko) Chrome/145.0.0.0 Safari/537.36 (compatible; meta-externalagent/1.1 (+https://developers.facebook.com/docs/sharing/webmasters/crawler))" luxli.com.br 10.53.181.90
173.239.211.38 - - [02/Sep/2026:20:07:30 -0300] "POST /wp-login.php HTTP/1.1" 409 83 "https://luxli.com.br/wp-login.php" "Mozilla/5.0 (Macintosh; Intel Mac OS X 10_15_7) AppleWebKit/605.1.15 (KHTML, like Gecko) Version/15.0 Safari/605.1.15" luxli.com.br 10.53.181.90
63.135.161.115 - - [02/Sep/2026:20:07:33 -0300] "GET /wp-admin/index.php HTTP/1.1" 409 83 "https://luxli.com.br/wp-login.php" "Mozilla/5.0 (Windows NT 10.0; Win64; x64) AppleWebKit/605.1.15 (KHTML, like Gecko) Version/14.0.3 Safari/605.1.15" luxli.com.br 10.53.181.90
173.239.211.44 - - [02/Sep/2026:20:07:35 -0300] "POST /wp-login.php HTTP/1.1" 409 83 "https://luxli.com.br/wp-login.php" "Mozilla/5.0 (Windows NT 10.0; Win64; x64) AppleWebKit/605.1.15 (KHTML, like Gecko) Version/14.1.1 Safari/605.1.15" luxli.com.br 10.53.181.90
45.130.83.241 - - [02/Sep/2026:20:07:39 -0300] "GET /wp-admin/index.php HTTP/1.1" 409 83 "https://luxli.com.br/wp-login.php" "Mozilla/5.0 (Windows NT 6.1; Win64; x64) AppleWebKit/537.36 (KHTML, like Gecko) Chrome/91.0.4472.124 Safari/537.36" luxli.com.br 10.53.181.90
173.239.211.40 - - [02/Sep/2026:20:07:40 -0300] "POST /wp-login.php HTTP/1.1" 409 83 "https://luxli.com.br/wp-login.php" "Mozilla/5.0 (Macintosh; Intel Mac OS X 10_15_7) AppleWebKit/537.36 (KHTML, like Gecko) Chrome/91.0.4472.124 Safari/537.36" luxli.com.br 10.53.181.90
63.135.161.115 - - [02/Sep/2026:20:07:42 -0300] "GET /wp-admin/index.php HTTP/1.1" 409 83 "https://luxli.com.br/wp-login.php" "Mozilla/5.0 (X11; Linux x86_64; rv:93.0) Gecko/20100101 Firefox/93.0" luxli.com.br 10.53.181.90
173.239.211.39 - - [02/Sep/2026:20:07:43 -0300] "POST /wp-login.php HTTP/1.1" 409 83 "https://luxli.com.br/wp-login.php" "Mozilla/5.0 (Windows NT 6.1; Win64; x64) AppleWebKit/537.36 (KHTML, like Gecko) Chrome/93.0.4577.63 Safari/537.36" luxli.com.br 10.53.181.90
63.135.161.116 - - [02/Sep/2026:20:07:47 -0300] "GET /wp-admin/index.php HTTP/1.1" 409 83 "https://luxli.com.br/wp-login.php" "Mozilla/5.0 (Macintosh; Intel Mac OS X 10_15_7) AppleWebKit/537.36 (KHTML, like Gecko) Chrome/90.0.4430.212 Safari/537.36" luxli.com.br 10.53.181.90
173.239.211.42 - - [02/Sep/2026:20:07:49 -0300] "POST /wp-login.php HTTP/1.1" 409 83 "https://luxli.com.br/wp-login.php" "Mozilla/5.0 (Windows NT 6.1; Win64; x64; rv:90.0) Gecko/20100101 Firefox/90.0.1" luxli.com.br 10.53.181.90
57.141.22.34 - - [02/Sep/2026:20:07:51 -0300] "GET /details/664357389 HTTP/1.1" 404 11133 "-" "Mozilla/5.0 (Macintosh; Intel Mac OS X 10_15_7) AppleWebKit/537.36 (KHTML, like Gecko) Chrome/145.0.0.0 Safari/537.36 (compatible; meta-externalagent/1.1 (+https://developers.facebook.com/docs/sharing/webmasters/crawler))" luxli.com.br 10.53.181.90
57.141.22.34 - - [02/Sep/2026:20:07:51 -0300] "GET /details/664357389 HTTP/2.0" 404 11133 "-" "Mozilla/5.0 (Macintosh; Intel Mac OS X 10_15_7) AppleWebKit/537.36 (KHTML, like Gecko) Chrome/145.0.0.0 Safari/537.36 (compatible; meta-externalagent/1.1 (+https://developers.facebook.com/docs/sharing/webmasters/crawler))" luxli.com.br 10.53.181.90
173.239.211.54 - - [02/Sep/2026:20:07:54 -0300] "GET /wp-admin/index.php HTTP/1.1" 409 83 "https://luxli.com.br/wp-login.php" "Mozilla/5.0 (Windows NT 10.0; Win64; x64) AppleWebKit/537.36 (KHTML, like Gecko) Chrome/93.0.4577.63 Safari/537.36" luxli.com.br 10.53.181.90
173.239.211.39 - - [02/Sep/2026:20:07:56 -0300] "POST /wp-login.php HTTP/1.1" 409 83 "https://luxli.com.br/wp-login.php" "Mozilla/5.0 (Macintosh; Intel Mac OS X 10_15_7) AppleWebKit/537.36 (KHTML, like Gecko) Chrome/92.0.4515.131 Safari/537.36" luxli.com.br 10.53.181.90
45.130.83.242 - - [02/Sep/2026:20:07:57 -0300] "GET /wp-admin/index.php HTTP/1.1" 409 83 "https://luxli.com.br/wp-login.php" "Mozilla/5.0 (Macintosh; Intel Mac OS X 10_15_7) AppleWebKit/537.36 (KHTML, like Gecko) Chrome/91.0.4472.124 Safari/537.36" luxli.com.br 10.53.181.90
63.135.161.121 - - [02/Sep/2026:20:07:59 -0300] "POST /wp-login.php HTTP/1.1" 409 83 "https://luxli.com.br/wp-login.php" "Mozilla/5.0 (Macintosh; Intel Mac OS X 10_15_7) AppleWebKit/605.1.15 (KHTML, like Gecko) Version/14.1 Safari/605.1.15" luxli.com.br 10.53.181.90
63.135.161.123 - - [02/Sep/2026:20:08:04 -0300] "GET /wp-admin/index.php HTTP/1.1" 409 83 "https://luxli.com.br/wp-login.php" "Mozilla/5.0 (X11; Linux x86_64) AppleWebKit/537.36 (KHTML, like Gecko) Chrome/94.0.4606.71 Safari/537.36" luxli.com.br 10.53.181.90
63.135.161.129 - - [02/Sep/2026:20:08:09 -0300] "POST /wp-login.php HTTP/1.1" 409 83 "https://luxli.com.br/wp-login.php" "Mozilla/5.0 (Windows NT 10.0; Win64; x64) AppleWebKit/605.1.15 (KHTML, like Gecko) Version/14.0.3 Safari/605.1.15" luxli.com.br 10.53.181.90
63.135.161.116 - - [02/Sep/2026:20:08:10 -0300] "GET /wp-admin/index.php HTTP/1.1" 409 83 "https://luxli.com.br/wp-login.php" "Mozilla/5.0 (Macintosh; Intel Mac OS X 10_15_7) AppleWebKit/605.1.15 (KHTML, like Gecko) Version/14.0.3 Safari/605.1.15" luxli.com.br 10.53.181.90
63.135.161.119 - - [02/Sep/2026:20:08:13 -0300] "POST /wp-login.php HTTP/1.1" 409 83 "https://luxli.com.br/wp-login.php" "Mozilla/5.0 (Macintosh; Intel Mac OS X 10_15_7) AppleWebKit/605.1.15 (KHTML, like Gecko) Version/15.0 Safari/605.1.15" luxli.com.br 10.53.181.90
63.135.161.129 - - [02/Sep/2026:20:08:18 -0300] "GET /wp-admin/index.php HTTP/1.1" 409 83 "https://luxli.com.br/wp-login.php" "Mozilla/5.0 (Windows NT 6.1; Win64; x64) AppleWebKit/537.36 (KHTML, like Gecko) Chrome/90.0.4430.212 Safari/537.36" luxli.com.br 10.53.181.90
173.239.211.41 - - [02/Sep/2026:20:08:19 -0300] "POST /wp-login.php HTTP/1.1" 409 83 "https://luxli.com.br/wp-login.php" "Mozilla/5.0 (Windows NT 6.1; Win64; x64) AppleWebKit/537.36 (KHTML, like Gecko) Chrome/94.0.4606.71 Safari/537.36" luxli.com.br 10.53.181.90
173.239.211.38 - - [02/Sep/2026:20:08:21 -0300] "GET /wp-admin/index.php HTTP/1.1" 409 83 "https://luxli.com.br/wp-login.php" "Mozilla/5.0 (Windows NT 10.0; Win64; x64) AppleWebKit/537.36 (KHTML, like Gecko) Chrome/90.0.4430.212 Safari/537.36" luxli.com.br 10.53.181.90
173.239.211.43 - - [02/Sep/2026:20:08:22 -0300] "POST /wp-login.php HTTP/1.1" 409 83 "https://luxli.com.br/wp-login.php" "Mozilla/5.0 (Windows NT 6.1; Win64; x64) AppleWebKit/537.36 (KHTML, like Gecko) Chrome/93.0.4577.63 Safari/537.36" luxli.com.br 10.53.181.90
173.239.211.42 - - [02/Sep/2026:20:08:23 -0300] "GET /wp-admin/index.php HTTP/1.1" 409 83 "https://luxli.com.br/wp-login.php" "Mozilla/5.0 (Windows NT 10.0; Win64; x64) AppleWebKit/605.1.15 (KHTML, like Gecko) Version/14.1 Safari/605.1.15" luxli.com.br 10.53.181.90
45.130.83.241 - - [02/Sep/2026:20:08:24 -0300] "POST /wp-login.php HTTP/1.1" 409 83 "https://luxli.com.br/wp-login.php" "Mozilla/5.0 (Windows NT 10.0; Win64; x64) AppleWebKit/537.36 (KHTML, like Gecko) Chrome/91.0.4472.124 Safari/537.36" luxli.com.br 10.53.181.90
63.135.161.120 - - [02/Sep/2026:20:08:26 -0300] "GET /wp-admin/index.php HTTP/1.1" 409 83 "https://luxli.com.br/wp-login.php" "Mozilla/5.0 (Macintosh; Intel Mac OS X 10_15_7) AppleWebKit/605.1.15 (KHTML, like Gecko) Version/15.0 Safari/605.1.15" luxli.com.br 10.53.181.90
173.239.211.46 - - [02/Sep/2026:20:08:33 -0300] "POST /wp-login.php HTTP/1.1" 409 83 "https://luxli.com.br/wp-login.php" "Mozilla/5.0 (Windows NT 6.1; Win64; x64; rv:91.0) Gecko/20100101 Firefox/91.0" luxli.com.br 10.53.181.90
173.239.211.43 - - [02/Sep/2026:20:08:36 -0300] "GET /wp-admin/index.php HTTP/1.1" 409 83 "https://luxli.com.br/wp-login.php" "Mozilla/5.0 (Windows NT 10.0; Win64; x64) AppleWebKit/537.36 (KHTML, like Gecko) Chrome/94.0.4606.71 Safari/537.36" luxli.com.br 10.53.181.90
63.135.161.114 - - [02/Sep/2026:20:08:39 -0300] "POST /wp-login.php HTTP/1.1" 409 83 "https://luxli.com.br/wp-login.php" "Mozilla/5.0 (Windows NT 6.1; Win64; x64) AppleWebKit/537.36 (KHTML, like Gecko) Chrome/92.0.4515.131 Safari/537.36" luxli.com.br 10.53.181.90
173.239.211.48 - - [02/Sep/2026:20:08:40 -0300] "GET /wp-admin/index.php HTTP/1.1" 409 83 "https://luxli.com.br/wp-login.php" "Mozilla/5.0 (X11; Linux x86_64) AppleWebKit/537.36 (KHTML, like Gecko) Chrome/92.0.4515.131 Safari/537.36" luxli.com.br 10.53.181.90
173.239.211.42 - - [02/Sep/2026:20:08:42 -0300] "POST /wp-login.php HTTP/1.1" 409 83 "https://luxli.com.br/wp-login.php" "Mozilla/5.0 (X11; Linux x86_64) AppleWebKit/537.36 (KHTML, like Gecko) Chrome/94.0.4606.71 Safari/537.36" luxli.com.br 10.53.181.90
173.239.211.47 - - [02/Sep/2026:20:08:43 -0300] "GET /wp-admin/index.php HTTP/1.1" 409 83 "https://luxli.com.br/wp-login.php" "Mozilla/5.0 (Windows NT 6.1; Win64; x64) AppleWebKit/537.36 (KHTML, like Gecko) Chrome/94.0.4606.71 Safari/537.36" luxli.com.br 10.53.181.90
57.141.22.126 - - [02/Sep/2026:20:08:44 -0300] "GET /details/e4482712 HTTP/1.1" 404 11133 "-" "Mozilla/5.0 (Windows NT 10.0; Win64; x64) AppleWebKit/537.36 (KHTML, like Gecko) Chrome/145.0.0.0 Safari/537.36 Edg/145.0.0.0 (compatible; meta-externalagent/1.1 (+https://developers.facebook.com/docs/sharing/webmasters/crawler))" luxli.com.br 10.53.181.90
57.141.22.126 - - [02/Sep/2026:20:08:44 -0300] "GET /details/e4482712 HTTP/2.0" 404 11133 "-" "Mozilla/5.0 (Windows NT 10.0; Win64; x64) AppleWebKit/537.36 (KHTML, like Gecko) Chrome/145.0.0.0 Safari/537.36 Edg/145.0.0.0 (compatible; meta-externalagent/1.1 (+https://developers.facebook.com/docs/sharing/webmasters/crawler))" luxli.com.br 10.53.181.90
63.135.161.120 - - [02/Sep/2026:20:08:45 -0300] "POST /wp-login.php HTTP/1.1" 409 83 "https://luxli.com.br/wp-login.php" "Mozilla/5.0 (Windows NT 10.0; Win64; x64) AppleWebKit/537.36 (KHTML, like Gecko) Chrome/93.0.4577.63 Safari/537.36" luxli.com.br 10.53.181.90
173.239.211.35 - - [02/Sep/2026:20:08:47 -0300] "GET /wp-admin/index.php HTTP/1.1" 409 83 "https://luxli.com.br/wp-login.php" "Mozilla/5.0 (X11; Linux x86_64) AppleWebKit/537.36 (KHTML, like Gecko) Chrome/94.0.4606.71 Safari/537.36" luxli.com.br 10.53.181.90
173.239.211.41 - - [02/Sep/2026:20:08:49 -0300] "POST /wp-login.php HTTP/1.1" 409 83 "https://luxli.com.br/wp-login.php" "Mozilla/5.0 (Windows NT 10.0; Win64; x64) AppleWebKit/605.1.15 (KHTML, like Gecko) Version/15.0 Safari/605.1.15" luxli.com.br 10.53.181.90
173.239.211.50 - - [02/Sep/2026:20:08:54 -0300] "GET /wp-admin/index.php HTTP/1.1" 409 83 "https://luxli.com.br/wp-login.php" "Mozilla/5.0 (Macintosh; Intel Mac OS X 10_15_7) AppleWebKit/537.36 (KHTML, like Gecko) Chrome/93.0.4577.63 Safari/537.36" luxli.com.br 10.53.181.90
63.135.161.121 - - [02/Sep/2026:20:08:57 -0300] "POST /wp-login.php HTTP/1.1" 409 83 "https://luxli.com.br/wp-login.php" "Mozilla/5.0 (Macintosh; Intel Mac OS X 10_15_7) AppleWebKit/605.1.15 (KHTML, like Gecko) Version/14.1.1 Safari/605.1.15" luxli.com.br 10.53.181.90
45.130.83.240 - - [02/Sep/2026:20:08:59 -0300] "GET /wp-admin/index.php HTTP/1.1" 409 83 "https://luxli.com.br/wp-login.php" "Mozilla/5.0 (Windows NT 10.0; Win64; x64) AppleWebKit/537.36 (KHTML, like Gecko) Chrome/91.0.4472.124 Safari/537.36" luxli.com.br 10.53.181.90
63.135.161.129 - - [02/Sep/2026:20:09:02 -0300] "POST /wp-login.php HTTP/1.1" 409 83 "https://luxli.com.br/wp-login.php" "Mozilla/5.0 (Windows NT 10.0; Win64; x64) AppleWebKit/605.1.15 (KHTML, like Gecko) Version/14.1.1 Safari/605.1.15" luxli.com.br 10.53.181.90
45.130.83.244 - - [02/Sep/2026:20:09:04 -0300] "GET /wp-admin/index.php HTTP/1.1" 409 83 "https://luxli.com.br/wp-login.php" "Mozilla/5.0 (Windows NT 10.0; Win64; x64) AppleWebKit/537.36 (KHTML, like Gecko) Chrome/92.0.4515.131 Safari/537.36" luxli.com.br 10.53.181.90
173.239.211.38 - - [02/Sep/2026:20:09:06 -0300] "POST /wp-login.php HTTP/1.1" 409 83 "https://luxli.com.br/wp-login.php" "Mozilla/5.0 (X11; Linux x86_64; rv:91.0) Gecko/20100101 Firefox/91.0" luxli.com.br 10.53.181.90
45.130.83.238 - - [02/Sep/2026:20:09:07 -0300] "GET /wp-admin/index.php HTTP/1.1" 409 83 "https://luxli.com.br/wp-login.php" "Mozilla/5.0 (X11; Linux x86_64; rv:93.0) Gecko/20100101 Firefox/93.0" luxli.com.br 10.53.181.90
173.239.211.46 - - [02/Sep/2026:20:09:10 -0300] "POST /wp-login.php HTTP/1.1" 409 83 "https://luxli.com.br/wp-login.php" "Mozilla/5.0 (Windows NT 10.0; Win64; x64; rv:93.0) Gecko/20100101 Firefox/93.0" luxli.com.br 10.53.181.90
63.135.161.119 - - [02/Sep/2026:20:09:12 -0300] "GET /wp-admin/index.php HTTP/1.1" 409 83 "https://luxli.com.br/wp-login.php" "Mozilla/5.0 (X11; Linux x86_64) AppleWebKit/537.36 (KHTML, like Gecko) Chrome/90.0.4430.212 Safari/537.36" luxli.com.br 10.53.181.90
45.130.83.247 - - [02/Sep/2026:20:09:13 -0300] "POST /wp-login.php HTTP/1.1" 409 83 "https://luxli.com.br/wp-login.php" "Mozilla/5.0 (Macintosh; Intel Mac OS X 10_15_7) AppleWebKit/537.36 (KHTML, like Gecko) Chrome/92.0.4515.131 Safari/537.36" luxli.com.br 10.53.181.90
173.239.211.46 - - [02/Sep/2026:20:09:15 -0300] "GET /wp-admin/index.php HTTP/1.1" 409 83 "https://luxli.com.br/wp-login.php" "Mozilla/5.0 (Macintosh; Intel Mac OS X 10_15_7) AppleWebKit/605.1.15 (KHTML, like Gecko) Version/14.1.1 Safari/605.1.15" luxli.com.br 10.53.181.90
63.135.161.113 - - [02/Sep/2026:20:09:18 -0300] "POST /wp-login.php HTTP/1.1" 409 83 "https://luxli.com.br/wp-login.php" "Mozilla/5.0 (Windows NT 10.0; Win64; x64; rv:90.0) Gecko/20100101 Firefox/90.0.1" luxli.com.br 10.53.181.90
45.130.83.238 - - [02/Sep/2026:20:09:21 -0300] "GET /wp-admin/index.php HTTP/1.1" 409 83 "https://luxli.com.br/wp-login.php" "Mozilla/5.0 (Windows NT 10.0; Win64; x64; rv:91.0) Gecko/20100101 Firefox/91.0" luxli.com.br 10.53.181.90
162.241.203.82 - - [02/Sep/2026:20:09:22 -0300] "POST /wp-cron.php?doing_wp_cron=1788390562.0187690258026123046875 HTTP/1.1" 200 - "-" "WordPress/7.1; https://luxli.com.br" luxli.com.br 10.53.181.90
57.141.22.19 - - [02/Sep/2026:20:09:21 -0300] "GET /details/0b5180275 HTTP/1.1" 404 11133 "-" "Mozilla/5.0 (Macintosh; Intel Mac OS X 10_15_7) AppleWebKit/537.36 (KHTML, like Gecko) Chrome/145.0.0.0 Safari/537.36 (compatible; meta-externalagent/1.1 (+https://developers.facebook.com/docs/sharing/webmasters/crawler))" luxli.com.br 10.53.181.90
57.141.22.19 - - [02/Sep/2026:20:09:21 -0300] "GET /details/0b5180275 HTTP/2.0" 404 11133 "-" "Mozilla/5.0 (Macintosh; Intel Mac OS X 10_15_7) AppleWebKit/537.36 (KHTML, like Gecko) Chrome/145.0.0.0 Safari/537.36 (compatible; meta-externalagent/1.1 (+https://developers.facebook.com/docs/sharing/webmasters/crawler))" luxli.com.br 10.53.181.90
173.239.211.35 - - [02/Sep/2026:20:09:23 -0300] "POST /wp-login.php HTTP/1.1" 409 83 "https://luxli.com.br/wp-login.php" "Mozilla/5.0 (Macintosh; Intel Mac OS X 10_15_7; rv:89.0) Gecko/20100101 Firefox/89.0.2" luxli.com.br 10.53.181.90
57.141.22.88 - - [02/Sep/2026:20:09:23 -0300] "GET /details/f73896564 HTTP/1.1" 404 11133 "-" "Mozilla/5.0 (Windows NT 10.0; Win64; x64) AppleWebKit/537.36 (KHTML, like Gecko) Chrome/145.0.0.0 Safari/537.36 (compatible; meta-externalagent/1.1 (+https://developers.facebook.com/docs/sharing/webmasters/crawler))" luxli.com.br 10.53.181.90
57.141.22.88 - - [02/Sep/2026:20:09:23 -0300] "GET /details/f73896564 HTTP/2.0" 404 11133 "-" "Mozilla/5.0 (Windows NT 10.0; Win64; x64) AppleWebKit/537.36 (KHTML, like Gecko) Chrome/145.0.0.0 Safari/537.36 (compatible; meta-externalagent/1.1 (+https://developers.facebook.com/docs/sharing/webmasters/crawler))" luxli.com.br 10.53.181.90
173.239.211.54 - - [02/Sep/2026:20:09:25 -0300] "POST /wp-login.php HTTP/1.1" 409 83 "https://luxli.com.br/wp-login.php" "Mozilla/5.0 (Windows NT 10.0; Win64; x64) AppleWebKit/537.36 (KHTML, like Gecko) Chrome/92.0.4515.131 Safari/537.36" luxli.com.br 10.53.181.90
173.239.211.54 - - [02/Sep/2026:20:09:28 -0300] "GET /wp-admin/index.php HTTP/1.1" 409 83 "https://luxli.com.br/wp-login.php" "Mozilla/5.0 (X11; Linux x86_64) AppleWebKit/537.36 (KHTML, like Gecko) Chrome/94.0.4606.71 Safari/537.36" luxli.com.br 10.53.181.90
173.239.211.37 - - [02/Sep/2026:20:09:30 -0300] "POST /wp-login.php HTTP/1.1" 409 83 "https://luxli.com.br/wp-login.php" "Mozilla/5.0 (Macintosh; Intel Mac OS X 10_15_7) AppleWebKit/537.36 (KHTML, like Gecko) Chrome/90.0.4430.212 Safari/537.36" luxli.com.br 10.53.181.90
63.135.161.114 - - [02/Sep/2026:20:09:32 -0300] "GET /wp-admin/index.php HTTP/1.1" 409 83 "https://luxli.com.br/wp-login.php" "Mozilla/5.0 (X11; Linux x86_64) AppleWebKit/537.36 (KHTML, like Gecko) Chrome/92.0.4515.131 Safari/537.36" luxli.com.br 10.53.181.90
173.239.211.53 - - [02/Sep/2026:20:09:35 -0300] "POST /wp-login.php HTTP/1.1" 409 83 "https://luxli.com.br/wp-login.php" "Mozilla/5.0 (Windows NT 6.1; Win64; x64) AppleWebKit/537.36 (KHTML, like Gecko) Chrome/94.0.4606.71 Safari/537.36" luxli.com.br 10.53.181.90
173.239.211.40 - - [02/Sep/2026:20:09:37 -0300] "GET /wp-admin/index.php HTTP/1.1" 409 83 "https://luxli.com.br/wp-login.php" "Mozilla/5.0 (X11; Linux x86_64) AppleWebKit/537.36 (KHTML, like Gecko) Chrome/92.0.4515.131 Safari/537.36" luxli.com.br 10.53.181.90
173.239.211.41 - - [02/Sep/2026:20:09:38 -0300] "POST /wp-login.php HTTP/1.1" 409 83 "https://luxli.com.br/wp-login.php" "Mozilla/5.0 (Windows NT 10.0; Win64; x64) AppleWebKit/605.1.15 (KHTML, like Gecko) Version/14.0.3 Safari/605.1.15" luxli.com.br 10.53.181.90
173.239.211.51 - - [02/Sep/2026:20:09:40 -0300] "GET /wp-admin/index.php HTTP/1.1" 409 83 "https://luxli.com.br/wp-login.php" "Mozilla/5.0 (Windows NT 6.1; Win64; x64) AppleWebKit/537.36 (KHTML, like Gecko) Chrome/90.0.4430.212 Safari/537.36" luxli.com.br 10.53.181.90
63.135.161.122 - - [02/Sep/2026:20:09:41 -0300] "POST /wp-login.php HTTP/1.1" 409 83 "https://luxli.com.br/wp-login.php" "Mozilla/5.0 (Macintosh; Intel Mac OS X 10_15_7; rv:92.0) Gecko/20100101 Firefox/92.0" luxli.com.br 10.53.181.90
45.130.83.245 - - [02/Sep/2026:20:09:44 -0300] "GET /wp-admin/index.php HTTP/1.1" 409 83 "https://luxli.com.br/wp-login.php" "Mozilla/5.0 (Windows NT 10.0; Win64; x64) AppleWebKit/537.36 (KHTML, like Gecko) Chrome/94.0.4606.71 Safari/537.36" luxli.com.br 10.53.181.90
173.239.211.47 - - [02/Sep/2026:20:09:46 -0300] "POST /wp-login.php HTTP/1.1" 409 83 "https://luxli.com.br/wp-login.php" "Mozilla/5.0 (Windows NT 10.0; Win64; x64) AppleWebKit/605.1.15 (KHTML, like Gecko) Version/14.1 Safari/605.1.15" luxli.com.br 10.53.181.90
173.239.211.47 - - [02/Sep/2026:20:09:47 -0300] "POST /wp-login.php HTTP/1.1" 409 83 "https://luxli.com.br/wp-login.php" "Mozilla/5.0 (Windows NT 10.0; Win64; x64) AppleWebKit/605.1.15 (KHTML, like Gecko) Version/14.1.2 Safari/605.1.15" luxli.com.br 10.53.181.90
173.239.211.37 - - [02/Sep/2026:20:09:49 -0300] "GET /wp-admin/index.php HTTP/1.1" 409 83 "https://luxli.com.br/wp-login.php" "Mozilla/5.0 (Windows NT 10.0; Win64; x64) AppleWebKit/605.1.15 (KHTML, like Gecko) Version/14.1.1 Safari/605.1.15" luxli.com.br 10.53.181.90
145.79.165.228 - - [02/Sep/2026:20:09:50 -0300] "GET /wp-content/uploads/2025/03/Photoroom_20250310_180551-300x300.jpg HTTP/1.1" 200 16639 "-" "Mozilla/5.0 (compatible; crawler)" luxli.com.br 10.53.181.90
173.239.211.44 - - [02/Sep/2026:20:09:50 -0300] "POST /wp-login.php HTTP/1.1" 409 83 "https://luxli.com.br/wp-login.php" "Mozilla/5.0 (Windows NT 6.1; Win64; x64) AppleWebKit/537.36 (KHTML, like Gecko) Chrome/92.0.4515.131 Safari/537.36" luxli.com.br 10.53.181.90
45.130.83.243 - - [02/Sep/2026:20:09:53 -0300] "GET /wp-admin/index.php HTTP/1.1" 409 83 "https://luxli.com.br/wp-login.php" "Mozilla/5.0 (Windows NT 10.0; Win64; x64) AppleWebKit/605.1.15 (KHTML, like Gecko) Version/14.1 Safari/605.1.15" luxli.com.br 10.53.181.90
173.239.211.37 - - [02/Sep/2026:20:09:55 -0300] "POST /wp-login.php HTTP/1.1" 409 83 "https://luxli.com.br/wp-login.php" "Mozilla/5.0 (Windows NT 6.1; Win64; x64) AppleWebKit/537.36 (KHTML, like Gecko) Chrome/94.0.4606.71 Safari/537.36" luxli.com.br 10.53.181.90
45.130.83.246 - - [02/Sep/2026:20:09:57 -0300] "GET /wp-admin/index.php HTTP/1.1" 409 83 "https://luxli.com.br/wp-login.php" "Mozilla/5.0 (X11; Linux x86_64; rv:89.0) Gecko/20100101 Firefox/89.0.2" luxli.com.br 10.53.181.90
45.130.83.238 - - [02/Sep/2026:20:09:59 -0300] "POST /wp-login.php HTTP/1.1" 409 83 "https://luxli.com.br/wp-login.php" "Mozilla/5.0 (X11; Linux x86_64; rv:90.0) Gecko/20100101 Firefox/90.0.1" luxli.com.br 10.53.181.90
173.239.211.51 - - [02/Sep/2026:20:10:02 -0300] "GET /wp-admin/index.php HTTP/1.1" 409 83 "https://luxli.com.br/wp-login.php" "Mozilla/5.0 (X11; Linux x86_64; rv:90.0) Gecko/20100101 Firefox/90.0.1" luxli.com.br 10.53.181.90
63.135.161.121 - - [02/Sep/2026:20:10:04 -0300] "POST /wp-login.php HTTP/1.1" 409 83 "https://luxli.com.br/wp-login.php" "Mozilla/5.0 (Windows NT 10.0; Win64; x64) AppleWebKit/605.1.15 (KHTML, like Gecko) Version/14.1.1 Safari/605.1.15" luxli.com.br 10.53.181.90
45.130.83.240 - - [02/Sep/2026:20:10:06 -0300] "GET /wp-admin/index.php HTTP/1.1" 409 83 "https://luxli.com.br/wp-login.php" "Mozilla/5.0 (Macintosh; Intel Mac OS X 10_15_7) AppleWebKit/605.1.15 (KHTML, like Gecko) Version/14.1.2 Safari/605.1.15" luxli.com.br 10.53.181.90
173.239.211.37 - - [02/Sep/2026:20:10:08 -0300] "POST /wp-login.php HTTP/1.1" 409 83 "https://luxli.com.br/wp-login.php" "Mozilla/5.0 (Windows NT 6.1; Win64; x64) AppleWebKit/537.36 (KHTML, like Gecko) Chrome/93.0.4577.63 Safari/537.36" luxli.com.br 10.53.181.90
173.239.211.44 - - [02/Sep/2026:20:10:10 -0300] "GET /wp-admin/index.php HTTP/1.1" 409 83 "https://luxli.com.br/wp-login.php" "Mozilla/5.0 (Macintosh; Intel Mac OS X 10_15_7) AppleWebKit/605.1.15 (KHTML, like Gecko) Version/14.1.1 Safari/605.1.15" luxli.com.br 10.53.181.90
63.135.161.121 - - [02/Sep/2026:20:10:14 -0300] "POST /wp-login.php HTTP/1.1" 409 83 "https://luxli.com.br/wp-login.php" "Mozilla/5.0 (Windows NT 10.0; Win64; x64) AppleWebKit/537.36 (KHTML, like Gecko) Chrome/90.0.4430.212 Safari/537.36" luxli.com.br 10.53.181.90
45.130.83.241 - - [02/Sep/2026:20:10:18 -0300] "GET /wp-admin/index.php HTTP/1.1" 409 83 "https://luxli.com.br/wp-login.php" "Mozilla/5.0 (Macintosh; Intel Mac OS X 10_15_7) AppleWebKit/537.36 (KHTML, like Gecko) Chrome/93.0.4577.63 Safari/537.36" luxli.com.br 10.53.181.90
173.239.211.42 - - [02/Sep/2026:20:10:23 -0300] "POST /wp-login.php HTTP/1.1" 409 83 "https://luxli.com.br/wp-login.php" "Mozilla/5.0 (Macintosh; Intel Mac OS X 10_15_7) AppleWebKit/605.1.15 (KHTML, like Gecko) Version/14.1 Safari/605.1.15" luxli.com.br 10.53.181.90
57.141.22.49 - - [02/Sep/2026:20:10:24 -0300] "GET /details/3f5527129 HTTP/1.1" 404 11133 "-" "Mozilla/5.0 (Windows NT 10.0; Win64; x64) AppleWebKit/537.36 (KHTML, like Gecko) Chrome/145.0.0.0 Safari/537.36 (compatible; meta-externalagent/1.1 (+https://developers.facebook.com/docs/sharing/webmasters/crawler))" luxli.com.br 10.53.181.90
57.141.22.49 - - [02/Sep/2026:20:10:24 -0300] "GET /details/3f5527129 HTTP/2.0" 404 11133 "-" "Mozilla/5.0 (Windows NT 10.0; Win64; x64) AppleWebKit/537.36 (KHTML, like Gecko) Chrome/145.0.0.0 Safari/537.36 (compatible; meta-externalagent/1.1 (+https://developers.facebook.com/docs/sharing/webmasters/crawler))" luxli.com.br 10.53.181.90
173.239.211.41 - - [02/Sep/2026:20:10:26 -0300] "GET /wp-admin/index.php HTTP/1.1" 409 83 "https://luxli.com.br/wp-login.php" "Mozilla/5.0 (Windows NT 6.1; Win64; x64; rv:89.0) Gecko/20100101 Firefox/89.0.2" luxli.com.br 10.53.181.90
173.239.211.46 - - [02/Sep/2026:20:10:28 -0300] "POST /wp-login.php HTTP/1.1" 409 83 "https://luxli.com.br/wp-login.php" "Mozilla/5.0 (Macintosh; Intel Mac OS X 10_15_7) AppleWebKit/537.36 (KHTML, like Gecko) Chrome/93.0.4577.63 Safari/537.36" luxli.com.br 10.53.181.90
173.239.211.44 - - [02/Sep/2026:20:10:30 -0300] "GET /wp-admin/index.php HTTP/1.1" 409 83 "https://luxli.com.br/wp-login.php" "Mozilla/5.0 (Macintosh; Intel Mac OS X 10_15_7) AppleWebKit/537.36 (KHTML, like Gecko) Chrome/93.0.4577.63 Safari/537.36" luxli.com.br 10.53.181.90
45.130.83.246 - - [02/Sep/2026:20:10:32 -0300] "POST /wp-login.php HTTP/1.1" 409 83 "https://luxli.com.br/wp-login.php" "Mozilla/5.0 (Macintosh; Intel Mac OS X 10_15_7) AppleWebKit/605.1.15 (KHTML, like Gecko) Version/14.1 Safari/605.1.15" luxli.com.br 10.53.181.90
91.98.176.86 - - [02/Sep/2026:20:10:33 -0300] "GET /robots.txt HTTP/1.1" 200 78 "-" "Mozilla/5.0 (Macintosh; Intel Mac OS X 10_15_7) AppleWebKit/537.36 (KHTML, like Gecko) Chrome/143.0.0.0 Safari/537.36" luxli.com.br 10.53.181.90
91.98.176.86 - - [02/Sep/2026:20:10:32 -0300] "GET /robots.txt HTTP/1.1" 200 78 "-" "Mozilla/5.0 (Macintosh; Intel Mac OS X 10_15_7) AppleWebKit/537.36 (KHTML, like Gecko) Chrome/143.0.0.0 Safari/537.36" luxli.com.br 10.53.181.90
63.135.161.120 - - [02/Sep/2026:20:10:34 -0300] "GET /wp-admin/index.php HTTP/1.1" 409 83 "https://luxli.com.br/wp-login.php" "Mozilla/5.0 (Windows NT 10.0; Win64; x64) AppleWebKit/537.36 (KHTML, like Gecko) Chrome/94.0.4606.71 Safari/537.36" luxli.com.br 10.53.181.90
173.239.211.47 - - [02/Sep/2026:20:10:36 -0300] "POST /wp-login.php HTTP/1.1" 409 83 "https://luxli.com.br/wp-login.php" "Mozilla/5.0 (Windows NT 6.1; Win64; x64) AppleWebKit/537.36 (KHTML, like Gecko) Chrome/92.0.4515.131 Safari/537.36" luxli.com.br 10.53.181.90
63.135.161.113 - - [02/Sep/2026:20:10:38 -0300] "GET /wp-admin/index.php HTTP/1.1" 409 83 "https://luxli.com.br/wp-login.php" "Mozilla/5.0 (Windows NT 10.0; Win64; x64) AppleWebKit/537.36 (KHTML, like Gecko) Chrome/92.0.4515.131 Safari/537.36" luxli.com.br 10.53.181.90
45.130.83.246 - - [02/Sep/2026:20:10:41 -0300] "POST /wp-login.php HTTP/1.1" 409 83 "https://luxli.com.br/wp-login.php" "Mozilla/5.0 (Windows NT 6.1; Win64; x64) AppleWebKit/537.36 (KHTML, like Gecko) Chrome/93.0.4577.63 Safari/537.36" luxli.com.br 10.53.181.90
173.239.211.52 - - [02/Sep/2026:20:10:43 -0300] "GET /wp-admin/index.php HTTP/1.1" 409 83 "https://luxli.com.br/wp-login.php" "Mozilla/5.0 (X11; Linux x86_64) AppleWebKit/537.36 (KHTML, like Gecko) Chrome/92.0.4515.131 Safari/537.36" luxli.com.br 10.53.181.90
173.239.211.45 - - [02/Sep/2026:20:10:44 -0300] "POST /wp-login.php HTTP/1.1" 409 83 "https://luxli.com.br/wp-login.php" "Mozilla/5.0 (Windows NT 6.1; Win64; x64) AppleWebKit/537.36 (KHTML, like Gecko) Chrome/90.0.4430.212 Safari/537.36" luxli.com.br 10.53.181.90
173.239.211.46 - - [02/Sep/2026:20:10:46 -0300] "GET /wp-admin/index.php HTTP/1.1" 409 83 "https://luxli.com.br/wp-login.php" "Mozilla/5.0 (Windows NT 10.0; Win64; x64) AppleWebKit/605.1.15 (KHTML, like Gecko) Version/15.0 Safari/605.1.15" luxli.com.br 10.53.181.90
91.98.176.86 - - [02/Sep/2026:20:10:47 -0300] "GET / HTTP/1.1" 200 14597 "-" "Mozilla/5.0 (Macintosh; Intel Mac OS X 10_15_7) AppleWebKit/537.36 (KHTML, like Gecko) Chrome/143.0.0.0 Safari/537.36" luxli.com.br 10.53.181.90
91.98.176.86 - - [02/Sep/2026:20:10:47 -0300] "GET / HTTP/2.0" 200 14597 "-" "Mozilla/5.0 (Macintosh; Intel Mac OS X 10_15_7) AppleWebKit/537.36 (KHTML, like Gecko) Chrome/143.0.0.0 Safari/537.36" luxli.com.br 10.53.181.90
91.98.176.86 - - [02/Sep/2026:20:10:49 -0300] "GET /wp-includes/js/jquery/jquery-migrate.min.js?ver=3.4.1 HTTP/2.0" 200 5422 "https://luxli.com.br/" "Mozilla/5.0 (Macintosh; Intel Mac OS X 10_15_7) AppleWebKit/537.36 (KHTML, like Gecko) Chrome/143.0.0.0 Safari/537.36" luxli.com.br 10.53.181.90
91.98.176.86 - - [02/Sep/2026:20:10:49 -0300] "GET /wp-includes/js/jquery/jquery.min.js?ver=3.7.1 HTTP/2.0" 200 38349 "https://luxli.com.br/" "Mozilla/5.0 (Macintosh; Intel Mac OS X 10_15_7) AppleWebKit/537.36 (KHTML, like Gecko) Chrome/143.0.0.0 Safari/537.36" luxli.com.br 10.53.181.90
91.98.176.86 - - [02/Sep/2026:20:10:49 -0300] "GET /wp-includes/js/jquery/ui/core.min.js?ver=1.14.2 HTTP/2.0" 200 7615 "https://luxli.com.br/" "Mozilla/5.0 (Macintosh; Intel Mac OS X 10_15_7) AppleWebKit/537.36 (KHTML, like Gecko) Chrome/143.0.0.0 Safari/537.36" luxli.com.br 10.53.181.90
91.98.176.86 - - [02/Sep/2026:20:10:49 -0300] "GET /wp-includes/js/mediaelement/mediaelement-and-player.min.js?ver=4.2.17 HTTP/2.0" 200 57061 "https://luxli.com.br/" "Mozilla/5.0 (Macintosh; Intel Mac OS X 10_15_7) AppleWebKit/537.36 (KHTML, like Gecko) Chrome/143.0.0.0 Safari/537.36" luxli.com.br 10.53.181.90
63.135.161.121 - - [02/Sep/2026:20:10:50 -0300] "POST /wp-login.php HTTP/1.1" 409 83 "https://luxli.com.br/wp-login.php" "Mozilla/5.0 (Macintosh; Intel Mac OS X 10_15_7) AppleWebKit/537.36 (KHTML, like Gecko) Chrome/93.0.4577.63 Safari/537.36" luxli.com.br 10.53.181.90
91.98.176.86 - - [02/Sep/2026:20:10:50 -0300] "GET /wp-includes/js/mediaelement/wp-mediaelement.min.js?ver=7.1 HTTP/2.0" 200 542 "https://luxli.com.br/" "Mozilla/5.0 (Macintosh; Intel Mac OS X 10_15_7) AppleWebKit/537.36 (KHTML, like Gecko) Chrome/143.0.0.0 Safari/537.36" luxli.com.br 10.53.181.90
91.98.176.86 - - [02/Sep/2026:20:10:50 -0300] "GET /wp-includes/js/mediaelement/mediaelement-migrate.min.js?ver=7.1 HTTP/2.0" 200 540 "https://luxli.com.br/" "Mozilla/5.0 (Macintosh; Intel Mac OS X 10_15_7) AppleWebKit/537.36 (KHTML, like Gecko) Chrome/143.0.0.0 Safari/537.36" luxli.com.br 10.53.181.90
91.98.176.86 - - [02/Sep/2026:20:10:50 -0300] "GET /wp-includes/js/hoverIntent.min.js?ver=1.10.2 HTTP/2.0" 200 707 "https://luxli.com.br/" "Mozilla/5.0 (Macintosh; Intel Mac OS X 10_15_7) AppleWebKit/537.36 (KHTML, like Gecko) Chrome/143.0.0.0 Safari/537.36" luxli.com.br 10.53.181.90
91.98.176.86 - - [02/Sep/2026:20:10:50 -0300] "GET /wp-content/themes/gioia/assets/js/modules/plugins/jquery.appear.js?ver=7.1 HTTP/2.0" 200 886 "https://luxli.com.br/" "Mozilla/5.0 (Macintosh; Intel Mac OS X 10_15_7) AppleWebKit/537.36 (KHTML, like Gecko) Chrome/143.0.0.0 Safari/537.36" luxli.com.br 10.53.181.90
91.98.176.86 - - [02/Sep/2026:20:10:50 -0300] "GET /wp-content/themes/gioia/assets/js/modules/plugins/fluidvids.min.js?ver=7.1 HTTP/2.0" 200 739 "https://luxli.com.br/" "Mozilla/5.0 (Macintosh; Intel Mac OS X 10_15_7) AppleWebKit/537.36 (KHTML, like Gecko) Chrome/143.0.0.0 Safari/537.36" luxli.com.br 10.53.181.90
91.98.176.86 - - [02/Sep/2026:20:10:50 -0300] "GET /wp-content/themes/gioia/assets/js/modules/plugins/jquery.plugin.js?ver=7.1 HTTP/2.0" 200 1787 "https://luxli.com.br/" "Mozilla/5.0 (Macintosh; Intel Mac OS X 10_15_7) AppleWebKit/537.36 (KHTML, like Gecko) Chrome/143.0.0.0 Safari/537.36" luxli.com.br 10.53.181.90
91.98.176.86 - - [02/Sep/2026:20:10:50 -0300] "GET /wp-content/themes/gioia/assets/js/modules/plugins/jquery.waypoints.min.js?ver=7.1 HTTP/2.0" 200 3219 "https://luxli.com.br/" "Mozilla/5.0 (Macintosh; Intel Mac OS X 10_15_7) AppleWebKit/537.36 (KHTML, like Gecko) Chrome/143.0.0.0 Safari/537.36" luxli.com.br 10.53.181.90
91.98.176.86 - - [02/Sep/2026:20:10:50 -0300] "GET /wp-content/themes/gioia/assets/js/modules/plugins/modernizr.min.js?ver=7.1 HTTP/2.0" 200 6617 "https://luxli.com.br/" "Mozilla/5.0 (Macintosh; Intel Mac OS X 10_15_7) AppleWebKit/537.36 (KHTML, like Gecko) Chrome/143.0.0.0 Safari/537.36" luxli.com.br 10.53.181.90
91.98.176.86 - - [02/Sep/2026:20:10:50 -0300] "GET /wp-content/themes/gioia/assets/js/modules/plugins/perfect-scrollbar.jquery.min.js?ver=7.1 HTTP/2.0" 200 6593 "https://luxli.com.br/" "Mozilla/5.0 (Macintosh; Intel Mac OS X 10_15_7) AppleWebKit/537.36 (KHTML, like Gecko) Chrome/143.0.0.0 Safari/537.36" luxli.com.br 10.53.181.90
91.98.176.86 - - [02/Sep/2026:20:10:50 -0300] "GET /wp-content/themes/gioia/assets/js/modules/plugins/owl.carousel.min.js?ver=7.1 HTTP/2.0" 200 15886 "https://luxli.com.br/" "Mozilla/5.0 (Macintosh; Intel Mac OS X 10_15_7) AppleWebKit/537.36 (KHTML, like Gecko) Chrome/143.0.0.0 Safari/537.36" luxli.com.br 10.53.181.90
91.98.176.86 - - [02/Sep/2026:20:10:50 -0300] "GET /wp-content/themes/gioia/assets/js/modules/plugins/jquery.easing.1.3.js?ver=7.1 HTTP/2.0" 200 1903 "https://luxli.com.br/" "Mozilla/5.0 (Macintosh; Intel Mac OS X 10_15_7) AppleWebKit/537.36 (KHTML, like Gecko) Chrome/143.0.0.0 Safari/537.36" luxli.com.br 10.53.181.90
91.98.176.86 - - [02/Sep/2026:20:10:50 -0300] "GET /wp-content/themes/gioia/assets/js/modules/plugins/packery-mode.pkgd.min.js?ver=7.1 HTTP/2.0" 200 5152 "https://luxli.com.br/" "Mozilla/5.0 (Macintosh; Intel Mac OS X 10_15_7) AppleWebKit/537.36 (KHTML, like Gecko) Chrome/143.0.0.0 Safari/537.36" luxli.com.br 10.53.181.90
91.98.176.86 - - [02/Sep/2026:20:10:50 -0300] "GET /wp-content/themes/gioia/assets/js/modules/plugins/ScrollToPlugin.min.js?ver=7.1 HTTP/2.0" 200 1642 "https://luxli.com.br/" "Mozilla/5.0 (Macintosh; Intel Mac OS X 10_15_7) AppleWebKit/537.36 (KHTML, like Gecko) Chrome/143.0.0.0 Safari/537.36" luxli.com.br 10.53.181.90
91.98.176.86 - - [02/Sep/2026:20:10:50 -0300] "GET /wp-content/themes/gioia/assets/js/modules/plugins/parallax.min.js?ver=7.1 HTTP/2.0" 200 639 "https://luxli.com.br/" "Mozilla/5.0 (Macintosh; Intel Mac OS X 10_15_7) AppleWebKit/537.36 (KHTML, like Gecko) Chrome/143.0.0.0 Safari/537.36" luxli.com.br 10.53.181.90
91.98.176.86 - - [02/Sep/2026:20:10:50 -0300] "GET /wp-content/themes/gioia/assets/js/modules/plugins/jquery.waitforimages.js?ver=7.1 HTTP/2.0" 200 933 "https://luxli.com.br/" "Mozilla/5.0 (Macintosh; Intel Mac OS X 10_15_7) AppleWebKit/537.36 (KHTML, like Gecko) Chrome/143.0.0.0 Safari/537.36" luxli.com.br 10.53.181.90
91.98.176.86 - - [02/Sep/2026:20:10:50 -0300] "GET /wp-content/themes/gioia/assets/js/modules/plugins/jquery.prettyPhoto.js?ver=7.1 HTTP/2.0" 200 7542 "https://luxli.com.br/" "Mozilla/5.0 (Macintosh; Intel Mac OS X 10_15_7) AppleWebKit/537.36 (KHTML, like Gecko) Chrome/143.0.0.0 Safari/537.36" luxli.com.br 10.53.181.90
91.98.176.86 - - [02/Sep/2026:20:10:50 -0300] "GET /wp-content/themes/gioia/assets/js/modules/plugins/jquery.parallax-scroll.js?ver=7.1 HTTP/2.0" 200 2255 "https://luxli.com.br/" "Mozilla/5.0 (Macintosh; Intel Mac OS X 10_15_7) AppleWebKit/537.36 (KHTML, like Gecko) Chrome/143.0.0.0 Safari/537.36" luxli.com.br 10.53.181.90
91.98.176.86 - - [02/Sep/2026:20:10:50 -0300] "GET /wp-content/themes/gioia/assets/js/modules.min.js?ver=7.1 HTTP/2.0" 200 28118 "https://luxli.com.br/" "Mozilla/5.0 (Macintosh; Intel Mac OS X 10_15_7) AppleWebKit/537.36 (KHTML, like Gecko) Chrome/143.0.0.0 Safari/537.36" luxli.com.br 10.53.181.90
91.98.176.86 - - [02/Sep/2026:20:10:50 -0300] "GET /wp-content/themes/gioia/assets/js/modules/plugins/isotope.pkgd.min.js?ver=7.1 HTTP/2.0" 200 13103 "https://luxli.com.br/" "Mozilla/5.0 (Macintosh; Intel Mac OS X 10_15_7) AppleWebKit/537.36 (KHTML, like Gecko) Chrome/143.0.0.0 Safari/537.36" luxli.com.br 10.53.181.90
173.239.211.52 - - [02/Sep/2026:20:10:51 -0300] "GET /wp-admin/index.php HTTP/1.1" 409 83 "https://luxli.com.br/wp-login.php" "Mozilla/5.0 (Windows NT 6.1; Win64; x64; rv:91.0) Gecko/20100101 Firefox/91.0" luxli.com.br 10.53.181.90
91.98.176.86 - - [02/Sep/2026:20:10:51 -0300] "GET /wp-includes/js/wp-emoji-release.min.js?ver=7.1 HTTP/2.0" 200 5658 "https://luxli.com.br/" "Mozilla/5.0 (Macintosh; Intel Mac OS X 10_15_7) AppleWebKit/537.36 (KHTML, like Gecko) Chrome/143.0.0.0 Safari/537.36" luxli.com.br 10.53.181.90
57.141.22.123 - - [02/Sep/2026:20:10:51 -0300] "GET /details/55803666 HTTP/1.1" 404 11133 "-" "Mozilla/5.0 (Windows NT 10.0; Win64; x64) AppleWebKit/537.36 (KHTML, like Gecko) Chrome/145.0.0.0 Safari/537.36 (compatible; meta-externalagent/1.1 (+https://developers.facebook.com/docs/sharing/webmasters/crawler))" luxli.com.br 10.53.181.90
