149.102.234.41 - - [02/Sep/2026:20:01:40 -0300] "GET /wp-includes/js/mediaelement/wp-mediaelement.min.js?ver=7.1 HTTP/2.0" 200 542 "https://luxli.com.br/?utm_source=ig&utm_medium=social&utm_content=link_in_bio&fbclid=PAcGRvZgJleHRuA2FlbQIxMQBzcnRjBmFwcF9pZA81NjcwNjczNDMzNTI0MjcAAaf2gYQpGa7-xfeALeXUhHutIVWwBgBJRn0zgDaDUxbcUpxKuSzDzHx4grkCIQ_aem_QDxLIJxk0qx8AY1_VjJ3jA" "Mozilla/5.0 (Linux; Android 16; SM-A566E Build/BP4A.251205.006; wv) AppleWebKit/537.36 (KHTML, like Gecko) Version/4.0 Chrome/152.0.7977.52 Mobile Safari/537.36 Instagram 444.0.0.46.85 Android (36/16; 450dpi; 1080x2340; samsung; SM-A566E; a56x; s5e8855; pt_BR; 1049157711; IABMV/1)" luxli.com.br 10.53.181.90
149.102.234.41 - - [02/Sep/2026:20:01:40 -0300] "GET /wp-includes/js/hoverIntent.min.js?ver=1.10.2 HTTP/2.0" 200 707 "https://luxli.com.br/?utm_source=ig&utm_medium=social&utm_content=link_in_bio&fbclid=PAcGRvZgJleHRuA2FlbQIxMQBzcnRjBmFwcF9pZA81NjcwNjczNDMzNTI0MjcAAaf2gYQpGa7-xfeALeXUhHutIVWwBgBJRn0zgDaDUxbcUpxKuSzDzHx4grkCIQ_aem_QDxLIJxk0qx8AY1_VjJ3jA" "Mozilla/5.0 (Linux; Android 16; SM-A566E Build/BP4A.251205.006; wv) AppleWebKit/537.36 (KHTML, like Gecko) Version/4.0 Chrome/152.0.7977.52 Mobile Safari/537.36 Instagram 444.0.0.46.85 Android (36/16; 450dpi; 1080x2340; samsung; SM-A566E; a56x; s5e8855; pt_BR; 1049157711; IABMV/1)" luxli.com.br 10.53.181.90
149.102.234.41 - - [02/Sep/2026:20:01:40 -0300] "GET /wp-content/themes/gioia/assets/js/modules/plugins/jquery.appear.js?ver=7.1 HTTP/2.0" 200 886 "https://luxli.com.br/?utm_source=ig&utm_medium=social&utm_content=link_in_bio&fbclid=PAcGRvZgJleHRuA2FlbQIxMQBzcnRjBmFwcF9pZA81NjcwNjczNDMzNTI0MjcAAaf2gYQpGa7-xfeALeXUhHutIVWwBgBJRn0zgDaDUxbcUpxKuSzDzHx4grkCIQ_aem_QDxLIJxk0qx8AY1_VjJ3jA" "Mozilla/5.0 (Linux; Android 16; SM-A566E Build/BP4A.251205.006; wv) AppleWebKit/537.36 (KHTML, like Gecko) Version/4.0 Chrome/152.0.7977.52 Mobile Safari/537.36 Instagram 444.0.0.46.85 Android (36/16; 450dpi; 1080x2340; samsung; SM-A566E; a56x; s5e8855; pt_BR; 1049157711; IABMV/1)" luxli.com.br 10.53.181.90
149.102.234.41 - - [02/Sep/2026:20:01:40 -0300] "GET /wp-content/themes/gioia/assets/js/modules/plugins/modernizr.min.js?ver=7.1 HTTP/2.0" 200 6617 "https://luxli.com.br/?utm_source=ig&utm_medium=social&utm_content=link_in_bio&fbclid=PAcGRvZgJleHRuA2FlbQIxMQBzcnRjBmFwcF9pZA81NjcwNjczNDMzNTI0MjcAAaf2gYQpGa7-xfeALeXUhHutIVWwBgBJRn0zgDaDUxbcUpxKuSzDzHx4grkCIQ_aem_QDxLIJxk0qx8AY1_VjJ3jA" "Mozilla/5.0 (Linux; Android 16; SM-A566E Build/BP4A.251205.006; wv) AppleWebKit/537.36 (KHTML, like Gecko) Version/4.0 Chrome/152.0.7977.52 Mobile Safari/537.36 Instagram 444.0.0.46.85 Android (36/16; 450dpi; 1080x2340; samsung; SM-A566E; a56x; s5e8855; pt_BR; 1049157711; IABMV/1)" luxli.com.br 10.53.181.90
149.102.234.41 - - [02/Sep/2026:20:01:40 -0300] "GET /wp-content/themes/gioia/assets/js/modules/plugins/jquery.waypoints.min.js?ver=7.1 HTTP/2.0" 200 3219 "https://luxli.com.br/?utm_source=ig&utm_medium=social&utm_content=link_in_bio&fbclid=PAcGRvZgJleHRuA2FlbQIxMQBzcnRjBmFwcF9pZA81NjcwNjczNDMzNTI0MjcAAaf2gYQpGa7-xfeALeXUhHutIVWwBgBJRn0zgDaDUxbcUpxKuSzDzHx4grkCIQ_aem_QDxLIJxk0qx8AY1_VjJ3jA" "Mozilla/5.0 (Linux; Android 16; SM-A566E Build/BP4A.251205.006; wv) AppleWebKit/537.36 (KHTML, like Gecko) Version/4.0 Chrome/152.0.7977.52 Mobile Safari/537.36 Instagram 444.0.0.46.85 Android (36/16; 450dpi; 1080x2340; samsung; SM-A566E; a56x; s5e8855; pt_BR; 1049157711; IABMV/1)" luxli.com.br 10.53.181.90
149.102.234.41 - - [02/Sep/2026:20:01:40 -0300] "GET /wp-content/themes/gioia/assets/js/modules/plugins/fluidvids.min.js?ver=7.1 HTTP/2.0" 200 739 "https://luxli.com.br/?utm_source=ig&utm_medium=social&utm_content=link_in_bio&fbclid=PAcGRvZgJleHRuA2FlbQIxMQBzcnRjBmFwcF9pZA81NjcwNjczNDMzNTI0MjcAAaf2gYQpGa7-xfeALeXUhHutIVWwBgBJRn0zgDaDUxbcUpxKuSzDzHx4grkCIQ_aem_QDxLIJxk0qx8AY1_VjJ3jA" "Mozilla/5.0 (Linux; Android 16; SM-A566E Build/BP4A.251205.006; wv) AppleWebKit/537.36 (KHTML, like Gecko) Version/4.0 Chrome/152.0.7977.52 Mobile Safari/537.36 Instagram 444.0.0.46.85 Android (36/16; 450dpi; 1080x2340; samsung; SM-A566E; a56x; s5e8855; pt_BR; 1049157711; IABMV/1)" luxli.com.br 10.53.181.90
149.102.234.41 - - [02/Sep/2026:20:01:40 -0300] "GET /wp-content/themes/gioia/assets/js/modules/plugins/perfect-scrollbar.jquery.min.js?ver=7.1 HTTP/2.0" 200 6593 "https://luxli.com.br/?utm_source=ig&utm_medium=social&utm_content=link_in_bio&fbclid=PAcGRvZgJleHRuA2FlbQIxMQBzcnRjBmFwcF9pZA81NjcwNjczNDMzNTI0MjcAAaf2gYQpGa7-xfeALeXUhHutIVWwBgBJRn0zgDaDUxbcUpxKuSzDzHx4grkCIQ_aem_QDxLIJxk0qx8AY1_VjJ3jA" "Mozilla/5.0 (Linux; Android 16; SM-A566E Build/BP4A.251205.006; wv) AppleWebKit/537.36 (KHTML, like Gecko) Version/4.0 Chrome/152.0.7977.52 Mobile Safari/537.36 Instagram 444.0.0.46.85 Android (36/16; 450dpi; 1080x2340; samsung; SM-A566E; a56x; s5e8855; pt_BR; 1049157711; IABMV/1)" luxli.com.br 10.53.181.90
149.102.234.41 - - [02/Sep/2026:20:01:40 -0300] "GET /wp-content/themes/gioia/assets/js/modules/plugins/ScrollToPlugin.min.js?ver=7.1 HTTP/2.0" 200 1642 "https://luxli.com.br/?utm_source=ig&utm_medium=social&utm_content=link_in_bio&fbclid=PAcGRvZgJleHRuA2FlbQIxMQBzcnRjBmFwcF9pZA81NjcwNjczNDMzNTI0MjcAAaf2gYQpGa7-xfeALeXUhHutIVWwBgBJRn0zgDaDUxbcUpxKuSzDzHx4grkCIQ_aem_QDxLIJxk0qx8AY1_VjJ3jA" "Mozilla/5.0 (Linux; Android 16; SM-A566E Build/BP4A.251205.006; wv) AppleWebKit/537.36 (KHTML, like Gecko) Version/4.0 Chrome/152.0.7977.52 Mobile Safari/537.36 Instagram 444.0.0.46.85 Android (36/16; 450dpi; 1080x2340; samsung; SM-A566E; a56x; s5e8855; pt_BR; 1049157711; IABMV/1)" luxli.com.br 10.53.181.90
149.102.234.41 - - [02/Sep/2026:20:01:40 -0300] "GET /wp-content/themes/gioia/assets/js/modules/plugins/owl.carousel.min.js?ver=7.1 HTTP/2.0" 200 15886 "https://luxli.com.br/?utm_source=ig&utm_medium=social&utm_content=link_in_bio&fbclid=PAcGRvZgJleHRuA2FlbQIxMQBzcnRjBmFwcF9pZA81NjcwNjczNDMzNTI0MjcAAaf2gYQpGa7-xfeALeXUhHutIVWwBgBJRn0zgDaDUxbcUpxKuSzDzHx4grkCIQ_aem_QDxLIJxk0qx8AY1_VjJ3jA" "Mozilla/5.0 (Linux; Android 16; SM-A566E Build/BP4A.251205.006; wv) AppleWebKit/537.36 (KHTML, like Gecko) Version/4.0 Chrome/152.0.7977.52 Mobile Safari/537.36 Instagram 444.0.0.46.85 Android (36/16; 450dpi; 1080x2340; samsung; SM-A566E; a56x; s5e8855; pt_BR; 1049157711; IABMV/1)" luxli.com.br 10.53.181.90
149.102.234.41 - - [02/Sep/2026:20:01:40 -0300] "GET /wp-content/themes/gioia/assets/js/modules/plugins/parallax.min.js?ver=7.1 HTTP/2.0" 200 639 "https://luxli.com.br/?utm_source=ig&utm_medium=social&utm_content=link_in_bio&fbclid=PAcGRvZgJleHRuA2FlbQIxMQBzcnRjBmFwcF9pZA81NjcwNjczNDMzNTI0MjcAAaf2gYQpGa7-xfeALeXUhHutIVWwBgBJRn0zgDaDUxbcUpxKuSzDzHx4grkCIQ_aem_QDxLIJxk0qx8AY1_VjJ3jA" "Mozilla/5.0 (Linux; Android 16; SM-A566E Build/BP4A.251205.006; wv) AppleWebKit/537.36 (KHTML, like Gecko) Version/4.0 Chrome/152.0.7977.52 Mobile Safari/537.36 Instagram 444.0.0.46.85 Android (36/16; 450dpi; 1080x2340; samsung; SM-A566E; a56x; s5e8855; pt_BR; 1049157711; IABMV/1)" luxli.com.br 10.53.181.90
149.102.234.41 - - [02/Sep/2026:20:01:40 -0300] "GET /wp-content/themes/gioia/assets/js/modules/plugins/jquery.easing.1.3.js?ver=7.1 HTTP/2.0" 200 1903 "https://luxli.com.br/?utm_source=ig&utm_medium=social&utm_content=link_in_bio&fbclid=PAcGRvZgJleHRuA2FlbQIxMQBzcnRjBmFwcF9pZA81NjcwNjczNDMzNTI0MjcAAaf2gYQpGa7-xfeALeXUhHutIVWwBgBJRn0zgDaDUxbcUpxKuSzDzHx4grkCIQ_aem_QDxLIJxk0qx8AY1_VjJ3jA" "Mozilla/5.0 (Linux; Android 16; SM-A566E Build/BP4A.251205.006; wv) AppleWebKit/537.36 (KHTML, like Gecko) Version/4.0 Chrome/152.0.7977.52 Mobile Safari/537.36 Instagram 444.0.0.46.85 Android (36/16; 450dpi; 1080x2340; samsung; SM-A566E; a56x; s5e8855; pt_BR; 1049157711; IABMV/1)" luxli.com.br 10.53.181.90
149.102.234.41 - - [02/Sep/2026:20:01:40 -0300] "GET /wp-content/themes/gioia/assets/js/modules/plugins/jquery.plugin.js?ver=7.1 HTTP/2.0" 200 1787 "https://luxli.com.br/?utm_source=ig&utm_medium=social&utm_content=link_in_bio&fbclid=PAcGRvZgJleHRuA2FlbQIxMQBzcnRjBmFwcF9pZA81NjcwNjczNDMzNTI0MjcAAaf2gYQpGa7-xfeALeXUhHutIVWwBgBJRn0zgDaDUxbcUpxKuSzDzHx4grkCIQ_aem_QDxLIJxk0qx8AY1_VjJ3jA" "Mozilla/5.0 (Linux; Android 16; SM-A566E Build/BP4A.251205.006; wv) AppleWebKit/537.36 (KHTML, like Gecko) Version/4.0 Chrome/152.0.7977.52 Mobile Safari/537.36 Instagram 444.0.0.46.85 Android (36/16; 450dpi; 1080x2340; samsung; SM-A566E; a56x; s5e8855; pt_BR; 1049157711; IABMV/1)" luxli.com.br 10.53.181.90
149.102.234.41 - - [02/Sep/2026:20:01:40 -0300] "GET /wp-content/themes/gioia/assets/js/modules/plugins/jquery.parallax-scroll.js?ver=7.1 HTTP/2.0" 200 2255 "https://luxli.com.br/?utm_source=ig&utm_medium=social&utm_content=link_in_bio&fbclid=PAcGRvZgJleHRuA2FlbQIxMQBzcnRjBmFwcF9pZA81NjcwNjczNDMzNTI0MjcAAaf2gYQpGa7-xfeALeXUhHutIVWwBgBJRn0zgDaDUxbcUpxKuSzDzHx4grkCIQ_aem_QDxLIJxk0qx8AY1_VjJ3jA" "Mozilla/5.0 (Linux; Android 16; SM-A566E Build/BP4A.251205.006; wv) AppleWebKit/537.36 (KHTML, like Gecko) Version/4.0 Chrome/152.0.7977.52 Mobile Safari/537.36 Instagram 444.0.0.46.85 Android (36/16; 450dpi; 1080x2340; samsung; SM-A566E; a56x; s5e8855; pt_BR; 1049157711; IABMV/1)" luxli.com.br 10.53.181.90
149.102.234.41 - - [02/Sep/2026:20:01:40 -0300] "GET /wp-content/themes/gioia/assets/js/modules/plugins/packery-mode.pkgd.min.js?ver=7.1 HTTP/2.0" 200 5152 "https://luxli.com.br/?utm_source=ig&utm_medium=social&utm_content=link_in_bio&fbclid=PAcGRvZgJleHRuA2FlbQIxMQBzcnRjBmFwcF9pZA81NjcwNjczNDMzNTI0MjcAAaf2gYQpGa7-xfeALeXUhHutIVWwBgBJRn0zgDaDUxbcUpxKuSzDzHx4grkCIQ_aem_QDxLIJxk0qx8AY1_VjJ3jA" "Mozilla/5.0 (Linux; Android 16; SM-A566E Build/BP4A.251205.006; wv) AppleWebKit/537.36 (KHTML, like Gecko) Version/4.0 Chrome/152.0.7977.52 Mobile Safari/537.36 Instagram 444.0.0.46.85 Android (36/16; 450dpi; 1080x2340; samsung; SM-A566E; a56x; s5e8855; pt_BR; 1049157711; IABMV/1)" luxli.com.br 10.53.181.90
149.102.234.41 - - [02/Sep/2026:20:01:40 -0300] "GET /wp-content/themes/gioia/assets/js/modules/plugins/jquery.waitforimages.js?ver=7.1 HTTP/2.0" 200 933 "https://luxli.com.br/?utm_source=ig&utm_medium=social&utm_content=link_in_bio&fbclid=PAcGRvZgJleHRuA2FlbQIxMQBzcnRjBmFwcF9pZA81NjcwNjczNDMzNTI0MjcAAaf2gYQpGa7-xfeALeXUhHutIVWwBgBJRn0zgDaDUxbcUpxKuSzDzHx4grkCIQ_aem_QDxLIJxk0qx8AY1_VjJ3jA" "Mozilla/5.0 (Linux; Android 16; SM-A566E Build/BP4A.251205.006; wv) AppleWebKit/537.36 (KHTML, like Gecko) Version/4.0 Chrome/152.0.7977.52 Mobile Safari/537.36 Instagram 444.0.0.46.85 Android (36/16; 450dpi; 1080x2340; samsung; SM-A566E; a56x; s5e8855; pt_BR; 1049157711; IABMV/1)" luxli.com.br 10.53.181.90
149.102.234.41 - - [02/Sep/2026:20:01:40 -0300] "GET /wp-content/themes/gioia/assets/js/modules/plugins/isotope.pkgd.min.js?ver=7.1 HTTP/2.0" 200 13103 "https://luxli.com.br/?utm_source=ig&utm_medium=social&utm_content=link_in_bio&fbclid=PAcGRvZgJleHRuA2FlbQIxMQBzcnRjBmFwcF9pZA81NjcwNjczNDMzNTI0MjcAAaf2gYQpGa7-xfeALeXUhHutIVWwBgBJRn0zgDaDUxbcUpxKuSzDzHx4grkCIQ_aem_QDxLIJxk0qx8AY1_VjJ3jA" "Mozilla/5.0 (Linux; Android 16; SM-A566E Build/BP4A.251205.006; wv) AppleWebKit/537.36 (KHTML, like Gecko) Version/4.0 Chrome/152.0.7977.52 Mobile Safari/537.36 Instagram 444.0.0.46.85 Android (36/16; 450dpi; 1080x2340; samsung; SM-A566E; a56x; s5e8855; pt_BR; 1049157711; IABMV/1)" luxli.com.br 10.53.181.90
149.102.234.41 - - [02/Sep/2026:20:01:40 -0300] "GET /wp-content/themes/gioia/assets/js/modules/plugins/jquery.prettyPhoto.js?ver=7.1 HTTP/2.0" 200 7542 "https://luxli.com.br/?utm_source=ig&utm_medium=social&utm_content=link_in_bio&fbclid=PAcGRvZgJleHRuA2FlbQIxMQBzcnRjBmFwcF9pZA81NjcwNjczNDMzNTI0MjcAAaf2gYQpGa7-xfeALeXUhHutIVWwBgBJRn0zgDaDUxbcUpxKuSzDzHx4grkCIQ_aem_QDxLIJxk0qx8AY1_VjJ3jA" "Mozilla/5.0 (Linux; Android 16; SM-A566E Build/BP4A.251205.006; wv) AppleWebKit/537.36 (KHTML, like Gecko) Version/4.0 Chrome/152.0.7977.52 Mobile Safari/537.36 Instagram 444.0.0.46.85 Android (36/16; 450dpi; 1080x2340; samsung; SM-A566E; a56x; s5e8855; pt_BR; 1049157711; IABMV/1)" luxli.com.br 10.53.181.90
149.102.234.41 - - [02/Sep/2026:20:01:40 -0300] "GET /wp-content/themes/gioia/assets/js/modules.min.js?ver=7.1 HTTP/2.0" 200 28118 "https://luxli.com.br/?utm_source=ig&utm_medium=social&utm_content=link_in_bio&fbclid=PAcGRvZgJleHRuA2FlbQIxMQBzcnRjBmFwcF9pZA81NjcwNjczNDMzNTI0MjcAAaf2gYQpGa7-xfeALeXUhHutIVWwBgBJRn0zgDaDUxbcUpxKuSzDzHx4grkCIQ_aem_QDxLIJxk0qx8AY1_VjJ3jA" "Mozilla/5.0 (Linux; Android 16; SM-A566E Build/BP4A.251205.006; wv) AppleWebKit/537.36 (KHTML, like Gecko) Version/4.0 Chrome/152.0.7977.52 Mobile Safari/537.36 Instagram 444.0.0.46.85 Android (36/16; 450dpi; 1080x2340; samsung; SM-A566E; a56x; s5e8855; pt_BR; 1049157711; IABMV/1)" luxli.com.br 10.53.181.90
149.102.234.41 - - [02/Sep/2026:20:01:40 -0300] "GET /wp-content/uploads/2022/06/luxli-logo-uimg-mobile.png HTTP/2.0" 200 2369 "https://luxli.com.br/?utm_source=ig&utm_medium=social&utm_content=link_in_bio&fbclid=PAcGRvZgJleHRuA2FlbQIxMQBzcnRjBmFwcF9pZA81NjcwNjczNDMzNTI0MjcAAaf2gYQpGa7-xfeALeXUhHutIVWwBgBJRn0zgDaDUxbcUpxKuSzDzHx4grkCIQ_aem_QDxLIJxk0qx8AY1_VjJ3jA" "Mozilla/5.0 (Linux; Android 16; SM-A566E Build/BP4A.251205.006; wv) AppleWebKit/537.36 (KHTML, like Gecko) Version/4.0 Chrome/152.0.7977.52 Mobile Safari/537.36 Instagram 444.0.0.46.85 Android (36/16; 450dpi; 1080x2340; samsung; SM-A566E; a56x; s5e8855; pt_BR; 1049157711; IABMV/1)" luxli.com.br 10.53.181.90
149.102.234.41 - - [02/Sep/2026:20:01:40 -0300] "GET /wp-content/uploads/2022/06/luxli-logo-img.png HTTP/2.0" 200 3183 "https://luxli.com.br/?utm_source=ig&utm_medium=social&utm_content=link_in_bio&fbclid=PAcGRvZgJleHRuA2FlbQIxMQBzcnRjBmFwcF9pZA81NjcwNjczNDMzNTI0MjcAAaf2gYQpGa7-xfeALeXUhHutIVWwBgBJRn0zgDaDUxbcUpxKuSzDzHx4grkCIQ_aem_QDxLIJxk0qx8AY1_VjJ3jA" "Mozilla/5.0 (Linux; Android 16; SM-A566E Build/BP4A.251205.006; wv) AppleWebKit/537.36 (KHTML, like Gecko) Version/4.0 Chrome/152.0.7977.52 Mobile Safari/537.36 Instagram 444.0.0.46.85 Android (36/16; 450dpi; 1080x2340; samsung; SM-A566E; a56x; s5e8855; pt_BR; 1049157711; IABMV/1)" luxli.com.br 10.53.181.90
149.102.234.41 - - [02/Sep/2026:20:01:40 -0300] "GET /wp-content/uploads/2022/06/luxli-logo-img-light.png HTTP/2.0" 200 3307 "https://luxli.com.br/?utm_source=ig&utm_medium=social&utm_content=link_in_bio&fbclid=PAcGRvZgJleHRuA2FlbQIxMQBzcnRjBmFwcF9pZA81NjcwNjczNDMzNTI0MjcAAaf2gYQpGa7-xfeALeXUhHutIVWwBgBJRn0zgDaDUxbcUpxKuSzDzHx4grkCIQ_aem_QDxLIJxk0qx8AY1_VjJ3jA" "Mozilla/5.0 (Linux; Android 16; SM-A566E Build/BP4A.251205.006; wv) AppleWebKit/537.36 (KHTML, like Gecko) Version/4.0 Chrome/152.0.7977.52 Mobile Safari/537.36 Instagram 444.0.0.46.85 Android (36/16; 450dpi; 1080x2340; samsung; SM-A566E; a56x; s5e8855; pt_BR; 1049157711; IABMV/1)" luxli.com.br 10.53.181.90
149.102.234.41 - - [02/Sep/2026:20:01:40 -0300] "GET /wp-content/uploads/2022/06/sticky-logo-luxli.png HTTP/2.0" 200 2419 "https://luxli.com.br/?utm_source=ig&utm_medium=social&utm_content=link_in_bio&fbclid=PAcGRvZgJleHRuA2FlbQIxMQBzcnRjBmFwcF9pZA81NjcwNjczNDMzNTI0MjcAAaf2gYQpGa7-xfeALeXUhHutIVWwBgBJRn0zgDaDUxbcUpxKuSzDzHx4grkCIQ_aem_QDxLIJxk0qx8AY1_VjJ3jA" "Mozilla/5.0 (Linux; Android 16; SM-A566E Build/BP4A.251205.006; wv) AppleWebKit/537.36 (KHTML, like Gecko) Version/4.0 Chrome/152.0.7977.52 Mobile Safari/537.36 Instagram 444.0.0.46.85 Android (36/16; 450dpi; 1080x2340; samsung; SM-A566E; a56x; s5e8855; pt_BR; 1049157711; IABMV/1)" luxli.com.br 10.53.181.90
149.102.234.41 - - [02/Sep/2026:20:01:40 -0300] "GET /wp-content/themes/gioia/framework/lib/icons-pack/linear-icons/fonts/Linearicons-Free.woff2?w118d HTTP/2.0" 200 21780 "https://luxli.com.br/wp-content/themes/gioia/framework/lib/icons-pack/linear-icons/style.css?ver=7.1" "Mozilla/5.0 (Linux; Android 16; SM-A566E Build/BP4A.251205.006; wv) AppleWebKit/537.36 (KHTML, like Gecko) Version/4.0 Chrome/152.0.7977.52 Mobile Safari/537.36 Instagram 444.0.0.46.85 Android (36/16; 450dpi; 1080x2340; samsung; SM-A566E; a56x; s5e8855; pt_BR; 1049157711; IABMV/1)" luxli.com.br 10.53.181.90
149.102.234.41 - - [02/Sep/2026:20:01:40 -0300] "GET /wp-content/themes/gioia/framework/lib/icons-pack/elegant-icons/fonts/ElegantIcons.woff HTTP/2.0" 200 63664 "https://luxli.com.br/wp-content/themes/gioia/framework/lib/icons-pack/elegant-icons/style.min.css?ver=7.1" "Mozilla/5.0 (Linux; Android 16; SM-A566E Build/BP4A.251205.006; wv) AppleWebKit/537.36 (KHTML, like Gecko) Version/4.0 Chrome/152.0.7977.52 Mobile Safari/537.36 Instagram 444.0.0.46.85 Android (36/16; 450dpi; 1080x2340; samsung; SM-A566E; a56x; s5e8855; pt_BR; 1049157711; IABMV/1)" luxli.com.br 10.53.181.90
173.239.211.40 - - [02/Sep/2026:20:01:40 -0300] "POST /wp-login.php HTTP/1.1" 409 83 "https://luxli.com.br/wp-login.php" "Mozilla/5.0 (Windows NT 6.1; Win64; x64; rv:93.0) Gecko/20100101 Firefox/93.0" luxli.com.br 10.53.181.90
149.102.234.41 - - [02/Sep/2026:20:01:40 -0300] "GET /wp-content/uploads/2022/06/cropped-Sem-Titulo-2-192x192.png HTTP/2.0" 200 7981 "https://luxli.com.br/?utm_source=ig&utm_medium=social&utm_content=link_in_bio&fbclid=PAcGRvZgJleHRuA2FlbQIxMQBzcnRjBmFwcF9pZA81NjcwNjczNDMzNTI0MjcAAaf2gYQpGa7-xfeALeXUhHutIVWwBgBJRn0zgDaDUxbcUpxKuSzDzHx4grkCIQ_aem_QDxLIJxk0qx8AY1_VjJ3jA" "Mozilla/5.0 (Linux; Android 16; SM-A566E Build/BP4A.251205.006; wv) AppleWebKit/537.36 (KHTML, like Gecko) Version/4.0 Chrome/152.0.7977.52 Mobile Safari/537.36 Instagram 444.0.0.46.85 Android (36/16; 450dpi; 1080x2340; samsung; SM-A566E; a56x; s5e8855; pt_BR; 1049157711; IABMV/1)" luxli.com.br 10.53.181.90
149.102.234.41 - - [02/Sep/2026:20:01:40 -0300] "GET /wp-content/uploads/2022/06/cropped-Sem-Titulo-2-32x32.png HTTP/2.0" 200 688 "https://luxli.com.br/?utm_source=ig&utm_medium=social&utm_content=link_in_bio&fbclid=PAcGRvZgJleHRuA2FlbQIxMQBzcnRjBmFwcF9pZA81NjcwNjczNDMzNTI0MjcAAaf2gYQpGa7-xfeALeXUhHutIVWwBgBJRn0zgDaDUxbcUpxKuSzDzHx4grkCIQ_aem_QDxLIJxk0qx8AY1_VjJ3jA" "Mozilla/5.0 (Linux; Android 16; SM-A566E Build/BP4A.251205.006; wv) AppleWebKit/537.36 (KHTML, like Gecko) Version/4.0 Chrome/152.0.7977.52 Mobile Safari/537.36 Instagram 444.0.0.46.85 Android (36/16; 450dpi; 1080x2340; samsung; SM-A566E; a56x; s5e8855; pt_BR; 1049157711; IABMV/1)" luxli.com.br 10.53.181.90
149.102.234.41 - - [02/Sep/2026:20:01:40 -0300] "GET /wp-includes/js/wp-emoji-release.min.js?ver=7.1 HTTP/2.0" 200 5658 "https://luxli.com.br/?utm_source=ig&utm_medium=social&utm_content=link_in_bio&fbclid=PAcGRvZgJleHRuA2FlbQIxMQBzcnRjBmFwcF9pZA81NjcwNjczNDMzNTI0MjcAAaf2gYQpGa7-xfeALeXUhHutIVWwBgBJRn0zgDaDUxbcUpxKuSzDzHx4grkCIQ_aem_QDxLIJxk0qx8AY1_VjJ3jA" "Mozilla/5.0 (Linux; Android 16; SM-A566E Build/BP4A.251205.006; wv) AppleWebKit/537.36 (KHTML, like Gecko) Version/4.0 Chrome/152.0.7977.52 Mobile Safari/537.36 Instagram 444.0.0.46.85 Android (36/16; 450dpi; 1080x2340; samsung; SM-A566E; a56x; s5e8855; pt_BR; 1049157711; IABMV/1)" luxli.com.br 10.53.181.90
173.239.211.49 - - [02/Sep/2026:20:01:42 -0300] "GET /wp-admin/index.php HTTP/1.1" 409 83 "https://luxli.com.br/wp-login.php" "Mozilla/5.0 (Windows NT 10.0; Win64; x64) AppleWebKit/605.1.15 (KHTML, like Gecko) Version/14.1.2 Safari/605.1.15" luxli.com.br 10.53.181.90
63.135.161.116 - - [02/Sep/2026:20:01:43 -0300] "POST /wp-login.php HTTP/1.1" 409 83 "https://luxli.com.br/wp-login.php" "Mozilla/5.0 (X11; Linux x86_64) AppleWebKit/537.36 (KHTML, like Gecko) Chrome/90.0.4430.212 Safari/537.36" luxli.com.br 10.53.181.90
63.135.161.115 - - [02/Sep/2026:20:01:46 -0300] "GET /wp-admin/index.php HTTP/1.1" 409 83 "https://luxli.com.br/wp-login.php" "Mozilla/5.0 (Macintosh; Intel Mac OS X 10_15_7) AppleWebKit/537.36 (KHTML, like Gecko) Chrome/91.0.4472.124 Safari/537.36" luxli.com.br 10.53.181.90
149.102.234.41 - - [02/Sep/2026:20:01:46 -0300] "GET /wp-content/uploads/2022/06/luxli-logo-uimg-mobile.png HTTP/1.1" 200 2369 "-" "Instagram 444.0.0.46.85 Android (36/16; 450dpi; 1080x2340; samsung; SM-A566E; a56x; s5e8855; pt_BR; 1049157711)" luxli.com.br 10.53.181.90
149.102.234.41 - - [02/Sep/2026:20:01:46 -0300] "GET /wp-content/uploads/2022/06/sticky-logo-luxli.png HTTP/1.1" 200 2419 "-" "Instagram 444.0.0.46.85 Android (36/16; 450dpi; 1080x2340; samsung; SM-A566E; a56x; s5e8855; pt_BR; 1049157711)" luxli.com.br 10.53.181.90
149.102.234.41 - - [02/Sep/2026:20:01:46 -0300] "GET /wp-content/uploads/2022/06/luxli-logo-img.png HTTP/1.1" 200 3183 "-" "Instagram 444.0.0.46.85 Android (36/16; 450dpi; 1080x2340; samsung; SM-A566E; a56x; s5e8855; pt_BR; 1049157711)" luxli.com.br 10.53.181.90
149.102.234.41 - - [02/Sep/2026:20:01:46 -0300] "GET /wp-content/uploads/2022/06/luxli-logo-img-light.png HTTP/1.1" 200 3307 "-" "Instagram 444.0.0.46.85 Android (36/16; 450dpi; 1080x2340; samsung; SM-A566E; a56x; s5e8855; pt_BR; 1049157711)" luxli.com.br 10.53.181.90
63.135.161.113 - - [02/Sep/2026:20:01:48 -0300] "POST /wp-login.php HTTP/1.1" 409 83 "https://luxli.com.br/wp-login.php" "Mozilla/5.0 (Macintosh; Intel Mac OS X 10_15_7) AppleWebKit/537.36 (KHTML, like Gecko) Chrome/94.0.4606.71 Safari/537.36" luxli.com.br 10.53.181.90
173.239.211.46 - - [02/Sep/2026:20:01:49 -0300] "GET /wp-admin/index.php HTTP/1.1" 409 83 "https://luxli.com.br/wp-login.php" "Mozilla/5.0 (X11; Linux x86_64) AppleWebKit/537.36 (KHTML, like Gecko) Chrome/90.0.4430.212 Safari/537.36" luxli.com.br 10.53.181.90
173.239.211.38 - - [02/Sep/2026:20:01:51 -0300] "POST /wp-login.php HTTP/1.1" 409 83 "https://luxli.com.br/wp-login.php" "Mozilla/5.0 (Macintosh; Intel Mac OS X 10_15_7) AppleWebKit/537.36 (KHTML, like Gecko) Chrome/90.0.4430.212 Safari/537.36" luxli.com.br 10.53.181.90
173.239.211.39 - - [02/Sep/2026:20:01:53 -0300] "GET /wp-admin/index.php HTTP/1.1" 409 83 "https://luxli.com.br/wp-login.php" "Mozilla/5.0 (Windows NT 10.0; Win64; x64) AppleWebKit/537.36 (KHTML, like Gecko) Chrome/93.0.4577.63 Safari/537.36" luxli.com.br 10.53.181.90
57.141.22.107 - - [02/Sep/2026:20:01:54 -0300] "GET /details/796003321 HTTP/1.1" 404 11133 "-" "Mozilla/5.0 (Macintosh; Intel Mac OS X 10_15_7) AppleWebKit/537.36 (KHTML, like Gecko) Chrome/145.0.0.0 Safari/537.36 (compatible; meta-externalagent/1.1 (+https://developers.facebook.com/docs/sharing/webmasters/crawler))" luxli.com.br 10.53.181.90
57.141.22.107 - - [02/Sep/2026:20:01:54 -0300] "GET /details/796003321 HTTP/2.0" 404 11133 "-" "Mozilla/5.0 (Macintosh; Intel Mac OS X 10_15_7) AppleWebKit/537.36 (KHTML, like Gecko) Chrome/145.0.0.0 Safari/537.36 (compatible; meta-externalagent/1.1 (+https://developers.facebook.com/docs/sharing/webmasters/crawler))" luxli.com.br 10.53.181.90
63.135.161.113 - - [02/Sep/2026:20:01:55 -0300] "POST /wp-login.php HTTP/1.1" 409 83 "https://luxli.com.br/wp-login.php" "Mozilla/5.0 (X11; Linux x86_64) AppleWebKit/537.36 (KHTML, like Gecko) Chrome/92.0.4515.131 Safari/537.36" luxli.com.br 10.53.181.90
173.239.211.48 - - [02/Sep/2026:20:01:57 -0300] "GET /wp-admin/index.php HTTP/1.1" 409 83 "https://luxli.com.br/wp-login.php" "Mozilla/5.0 (Macintosh; Intel Mac OS X 10_15_7) AppleWebKit/605.1.15 (KHTML, like Gecko) Version/14.1.1 Safari/605.1.15" luxli.com.br 10.53.181.90
45.130.83.239 - - [02/Sep/2026:20:01:58 -0300] "POST /wp-login.php HTTP/1.1" 409 83 "https://luxli.com.br/wp-login.php" "Mozilla/5.0 (Macintosh; Intel Mac OS X 10_15_7) AppleWebKit/537.36 (KHTML, like Gecko) Chrome/93.0.4577.63 Safari/537.36" luxli.com.br 10.53.181.90
173.239.211.44 - - [02/Sep/2026:20:02:02 -0300] "GET /wp-admin/index.php HTTP/1.1" 409 83 "https://luxli.com.br/wp-login.php" "Mozilla/5.0 (Windows NT 10.0; Win64; x64) AppleWebKit/605.1.15 (KHTML, like Gecko) Version/15.0 Safari/605.1.15" luxli.com.br 10.53.181.90
63.135.161.123 - - [02/Sep/2026:20:02:03 -0300] "POST /wp-login.php HTTP/1.1" 409 83 "https://luxli.com.br/wp-login.php" "Mozilla/5.0 (X11; Linux x86_64) AppleWebKit/537.36 (KHTML, like Gecko) Chrome/93.0.4577.63 Safari/537.36" luxli.com.br 10.53.181.90
63.135.161.121 - - [02/Sep/2026:20:02:06 -0300] "GET /wp-admin/index.php HTTP/1.1" 409 83 "https://luxli.com.br/wp-login.php" "Mozilla/5.0 (Windows NT 10.0; Win64; x64) AppleWebKit/605.1.15 (KHTML, like Gecko) Version/14.1.1 Safari/605.1.15" luxli.com.br 10.53.181.90
173.239.211.39 - - [02/Sep/2026:20:02:07 -0300] "POST /wp-login.php HTTP/1.1" 409 83 "https://luxli.com.br/wp-login.php" "Mozilla/5.0 (Windows NT 10.0; Win64; x64) AppleWebKit/605.1.15 (KHTML, like Gecko) Version/14.1.2 Safari/605.1.15" luxli.com.br 10.53.181.90
173.239.211.39 - - [02/Sep/2026:20:02:10 -0300] "GET /wp-admin/index.php HTTP/1.1" 409 83 "https://luxli.com.br/wp-login.php" "Mozilla/5.0 (Macintosh; Intel Mac OS X 10_15_7) AppleWebKit/537.36 (KHTML, like Gecko) Chrome/94.0.4606.71 Safari/537.36" luxli.com.br 10.53.181.90
63.135.161.113 - - [02/Sep/2026:20:02:12 -0300] "POST /wp-login.php HTTP/1.1" 409 83 "https://luxli.com.br/wp-login.php" "Mozilla/5.0 (X11; Linux x86_64; rv:89.0) Gecko/20100101 Firefox/89.0.2" luxli.com.br 10.53.181.90
63.135.161.120 - - [02/Sep/2026:20:02:14 -0300] "POST /wp-login.php HTTP/1.1" 409 83 "https://luxli.com.br/wp-login.php" "Mozilla/5.0 (Windows NT 10.0; Win64; x64) AppleWebKit/605.1.15 (KHTML, like Gecko) Version/14.1.2 Safari/605.1.15" luxli.com.br 10.53.181.90
173.239.211.51 - - [02/Sep/2026:20:02:16 -0300] "GET /wp-admin/index.php HTTP/1.1" 409 83 "https://luxli.com.br/wp-login.php" "Mozilla/5.0 (Windows NT 10.0; Win64; x64) AppleWebKit/605.1.15 (KHTML, like Gecko) Version/14.1 Safari/605.1.15" luxli.com.br 10.53.181.90
45.130.83.246 - - [02/Sep/2026:20:02:18 -0300] "POST /wp-login.php HTTP/1.1" 409 83 "https://luxli.com.br/wp-login.php" "Mozilla/5.0 (Macintosh; Intel Mac OS X 10_15_7) AppleWebKit/605.1.15 (KHTML, like Gecko) Version/15.0 Safari/605.1.15" luxli.com.br 10.53.181.90
173.239.211.39 - - [02/Sep/2026:20:02:20 -0300] "GET /wp-admin/index.php HTTP/1.1" 409 83 "https://luxli.com.br/wp-login.php" "Mozilla/5.0 (Windows NT 6.1; Win64; x64; rv:92.0) Gecko/20100101 Firefox/92.0" luxli.com.br 10.53.181.90
45.130.83.241 - - [02/Sep/2026:20:02:22 -0300] "POST /wp-login.php HTTP/1.1" 409 83 "https://luxli.com.br/wp-login.php" "Mozilla/5.0 (Macintosh; Intel Mac OS X 10_15_7) AppleWebKit/605.1.15 (KHTML, like Gecko) Version/14.1.1 Safari/605.1.15" luxli.com.br 10.53.181.90
173.239.211.44 - - [02/Sep/2026:20:02:23 -0300] "GET /wp-admin/index.php HTTP/1.1" 409 83 "https://luxli.com.br/wp-login.php" "Mozilla/5.0 (Macintosh; Intel Mac OS X 10_15_7) AppleWebKit/537.36 (KHTML, like Gecko) Chrome/94.0.4606.71 Safari/537.36" luxli.com.br 10.53.181.90
63.135.161.113 - - [02/Sep/2026:20:02:26 -0300] "POST /wp-login.php HTTP/1.1" 409 83 "https://luxli.com.br/wp-login.php" "Mozilla/5.0 (Windows NT 10.0; Win64; x64) AppleWebKit/605.1.15 (KHTML, like Gecko) Version/15.0 Safari/605.1.15" luxli.com.br 10.53.181.90
173.239.211.52 - - [02/Sep/2026:20:02:29 -0300] "GET /wp-admin/index.php HTTP/1.1" 409 83 "https://luxli.com.br/wp-login.php" "Mozilla/5.0 (Windows NT 10.0; Win64; x64) AppleWebKit/605.1.15 (KHTML, like Gecko) Version/14.1 Safari/605.1.15" luxli.com.br 10.53.181.90
63.135.161.129 - - [02/Sep/2026:20:02:30 -0300] "POST /wp-login.php HTTP/1.1" 409 83 "https://luxli.com.br/wp-login.php" "Mozilla/5.0 (X11; Linux x86_64) AppleWebKit/537.36 (KHTML, like Gecko) Chrome/94.0.4606.71 Safari/537.36" luxli.com.br 10.53.181.90
173.239.211.39 - - [02/Sep/2026:20:02:31 -0300] "GET /wp-admin/index.php HTTP/1.1" 409 83 "https://luxli.com.br/wp-login.php" "Mozilla/5.0 (Macintosh; Intel Mac OS X 10_15_7) AppleWebKit/537.36 (KHTML, like Gecko) Chrome/92.0.4515.131 Safari/537.36" luxli.com.br 10.53.181.90
173.239.211.51 - - [02/Sep/2026:20:02:33 -0300] "POST /wp-login.php HTTP/1.1" 409 83 "https://luxli.com.br/wp-login.php" "Mozilla/5.0 (Windows NT 10.0; Win64; x64; rv:92.0) Gecko/20100101 Firefox/92.0" luxli.com.br 10.53.181.90
173.239.211.39 - - [02/Sep/2026:20:02:37 -0300] "GET /wp-admin/index.php HTTP/1.1" 409 83 "https://luxli.com.br/wp-login.php" "Mozilla/5.0 (Macintosh; Intel Mac OS X 10_15_7) AppleWebKit/605.1.15 (KHTML, like Gecko) Version/15.0 Safari/605.1.15" luxli.com.br 10.53.181.90
63.135.161.117 - - [02/Sep/2026:20:02:39 -0300] "POST /wp-login.php HTTP/1.1" 409 83 "https://luxli.com.br/wp-login.php" "Mozilla/5.0 (Windows NT 6.1; Win64; x64; rv:89.0) Gecko/20100101 Firefox/89.0.2" luxli.com.br 10.53.181.90
173.239.211.50 - - [02/Sep/2026:20:02:42 -0300] "GET /wp-admin/index.php HTTP/1.1" 409 83 "https://luxli.com.br/wp-login.php" "Mozilla/5.0 (Macintosh; Intel Mac OS X 10_15_7) AppleWebKit/537.36 (KHTML, like Gecko) Chrome/93.0.4577.63 Safari/537.36" luxli.com.br 10.53.181.90
173.239.211.41 - - [02/Sep/2026:20:02:46 -0300] "POST /wp-login.php HTTP/1.1" 409 83 "https://luxli.com.br/wp-login.php" "Mozilla/5.0 (Windows NT 10.0; Win64; x64) AppleWebKit/605.1.15 (KHTML, like Gecko) Version/14.1 Safari/605.1.15" luxli.com.br 10.53.181.90
173.239.211.49 - - [02/Sep/2026:20:02:47 -0300] "GET /wp-admin/index.php HTTP/1.1" 409 83 "https://luxli.com.br/wp-login.php" "Mozilla/5.0 (Macintosh; Intel Mac OS X 10_15_7) AppleWebKit/605.1.15 (KHTML, like Gecko) Version/14.1.2 Safari/605.1.15" luxli.com.br 10.53.181.90
45.130.83.241 - - [02/Sep/2026:20:02:49 -0300] "POST /wp-login.php HTTP/1.1" 409 83 "https://luxli.com.br/wp-login.php" "Mozilla/5.0 (Macintosh; Intel Mac OS X 10_15_7) AppleWebKit/605.1.15 (KHTML, like Gecko) Version/14.0.3 Safari/605.1.15" luxli.com.br 10.53.181.90
45.130.83.246 - - [02/Sep/2026:20:02:51 -0300] "GET /wp-admin/index.php HTTP/1.1" 409 83 "https://luxli.com.br/wp-login.php" "Mozilla/5.0 (Windows NT 10.0; Win64; x64; rv:93.0) Gecko/20100101 Firefox/93.0" luxli.com.br 10.53.181.90
63.135.161.119 - - [02/Sep/2026:20:02:53 -0300] "POST /wp-login.php HTTP/1.1" 409 83 "https://luxli.com.br/wp-login.php" "Mozilla/5.0 (Windows NT 10.0; Win64; x64) AppleWebKit/605.1.15 (KHTML, like Gecko) Version/14.0.3 Safari/605.1.15" luxli.com.br 10.53.181.90
63.135.161.114 - - [02/Sep/2026:20:02:54 -0300] "GET /wp-admin/index.php HTTP/1.1" 409 83 "https://luxli.com.br/wp-login.php" "Mozilla/5.0 (Windows NT 10.0; Win64; x64) AppleWebKit/605.1.15 (KHTML, like Gecko) Version/14.1 Safari/605.1.15" luxli.com.br 10.53.181.90
63.135.161.114 - - [02/Sep/2026:20:02:56 -0300] "POST /wp-login.php HTTP/1.1" 409 83 "https://luxli.com.br/wp-login.php" "Mozilla/5.0 (Windows NT 10.0; Win64; x64) AppleWebKit/537.36 (KHTML, like Gecko) Chrome/91.0.4472.124 Safari/537.36" luxli.com.br 10.53.181.90
173.239.211.44 - - [02/Sep/2026:20:02:58 -0300] "GET /wp-admin/index.php HTTP/1.1" 409 83 "https://luxli.com.br/wp-login.php" "Mozilla/5.0 (Macintosh; Intel Mac OS X 10_15_7) AppleWebKit/537.36 (KHTML, like Gecko) Chrome/94.0.4606.71 Safari/537.36" luxli.com.br 10.53.181.90
63.135.161.118 - - [02/Sep/2026:20:02:59 -0300] "POST /wp-login.php HTTP/1.1" 409 83 "https://luxli.com.br/wp-login.php" "Mozilla/5.0 (Windows NT 10.0; Win64; x64) AppleWebKit/537.36 (KHTML, like Gecko) Chrome/93.0.4577.63 Safari/537.36" luxli.com.br 10.53.181.90
63.135.161.122 - - [02/Sep/2026:20:03:03 -0300] "GET /wp-admin/index.php HTTP/1.1" 409 83 "https://luxli.com.br/wp-login.php" "Mozilla/5.0 (Windows NT 10.0; Win64; x64) AppleWebKit/537.36 (KHTML, like Gecko) Chrome/92.0.4515.131 Safari/537.36" luxli.com.br 10.53.181.90
63.135.161.118 - - [02/Sep/2026:20:03:05 -0300] "POST /wp-login.php HTTP/1.1" 409 83 "https://luxli.com.br/wp-login.php" "Mozilla/5.0 (X11; Linux x86_64; rv:92.0) Gecko/20100101 Firefox/92.0" luxli.com.br 10.53.181.90
63.135.161.113 - - [02/Sep/2026:20:03:07 -0300] "GET /wp-admin/index.php HTTP/1.1" 409 83 "https://luxli.com.br/wp-login.php" "Mozilla/5.0 (Windows NT 10.0; Win64; x64) AppleWebKit/605.1.15 (KHTML, like Gecko) Version/14.1.2 Safari/605.1.15" luxli.com.br 10.53.181.90
173.239.211.55 - - [02/Sep/2026:20:03:08 -0300] "POST /wp-login.php HTTP/1.1" 409 83 "https://luxli.com.br/wp-login.php" "Mozilla/5.0 (X11; Linux x86_64; rv:89.0) Gecko/20100101 Firefox/89.0.2" luxli.com.br 10.53.181.90
173.239.211.48 - - [02/Sep/2026:20:03:10 -0300] "GET /wp-admin/index.php HTTP/1.1" 409 83 "https://luxli.com.br/wp-login.php" "Mozilla/5.0 (Windows NT 10.0; Win64; x64) AppleWebKit/605.1.15 (KHTML, like Gecko) Version/14.0.3 Safari/605.1.15" luxli.com.br 10.53.181.90
63.135.161.116 - - [02/Sep/2026:20:03:12 -0300] "POST /wp-login.php HTTP/1.1" 409 83 "https://luxli.com.br/wp-login.php" "Mozilla/5.0 (Macintosh; Intel Mac OS X 10_15_7) AppleWebKit/537.36 (KHTML, like Gecko) Chrome/92.0.4515.131 Safari/537.36" luxli.com.br 10.53.181.90
63.135.161.118 - - [02/Sep/2026:20:03:15 -0300] "GET /wp-admin/index.php HTTP/1.1" 409 83 "https://luxli.com.br/wp-login.php" "Mozilla/5.0 (Windows NT 10.0; Win64; x64) AppleWebKit/605.1.15 (KHTML, like Gecko) Version/14.1.1 Safari/605.1.15" luxli.com.br 10.53.181.90
45.130.83.243 - - [02/Sep/2026:20:03:20 -0300] "POST /wp-login.php HTTP/1.1" 409 83 "https://luxli.com.br/wp-login.php" "Mozilla/5.0 (Macintosh; Intel Mac OS X 10_15_7) AppleWebKit/605.1.15 (KHTML, like Gecko) Version/14.1.1 Safari/605.1.15" luxli.com.br 10.53.181.90
173.239.211.38 - - [02/Sep/2026:20:03:22 -0300] "GET /wp-admin/index.php HTTP/1.1" 409 83 "https://luxli.com.br/wp-login.php" "Mozilla/5.0 (Windows NT 10.0; Win64; x64) AppleWebKit/537.36 (KHTML, like Gecko) Chrome/92.0.4515.131 Safari/537.36" luxli.com.br 10.53.181.90
173.239.211.43 - - [02/Sep/2026:20:03:24 -0300] "POST /wp-login.php HTTP/1.1" 409 83 "https://luxli.com.br/wp-login.php" "Mozilla/5.0 (Windows NT 6.1; Win64; x64) AppleWebKit/537.36 (KHTML, like Gecko) Chrome/90.0.4430.212 Safari/537.36" luxli.com.br 10.53.181.90
63.135.161.118 - - [02/Sep/2026:20:03:26 -0300] "GET /wp-admin/index.php HTTP/1.1" 409 83 "https://luxli.com.br/wp-login.php" "Mozilla/5.0 (Windows NT 6.1; Win64; x64) AppleWebKit/537.36 (KHTML, like Gecko) Chrome/90.0.4430.212 Safari/537.36" luxli.com.br 10.53.181.90
45.130.83.242 - - [02/Sep/2026:20:03:28 -0300] "POST /wp-login.php HTTP/1.1" 409 83 "https://luxli.com.br/wp-login.php" "Mozilla/5.0 (Windows NT 10.0; Win64; x64) AppleWebKit/605.1.15 (KHTML, like Gecko) Version/14.1.2 Safari/605.1.15" luxli.com.br 10.53.181.90
173.239.211.49 - - [02/Sep/2026:20:03:29 -0300] "GET /wp-admin/index.php HTTP/1.1" 409 83 "https://luxli.com.br/wp-login.php" "Mozilla/5.0 (X11; Linux x86_64) AppleWebKit/537.36 (KHTML, like Gecko) Chrome/92.0.4515.131 Safari/537.36" luxli.com.br 10.53.181.90
45.130.83.245 - - [02/Sep/2026:20:03:33 -0300] "POST /wp-login.php HTTP/1.1" 409 83 "https://luxli.com.br/wp-login.php" "Mozilla/5.0 (X11; Linux x86_64) AppleWebKit/537.36 (KHTML, like Gecko) Chrome/91.0.4472.124 Safari/537.36" luxli.com.br 10.53.181.90
45.130.83.241 - - [02/Sep/2026:20:03:35 -0300] "GET /wp-admin/index.php HTTP/1.1" 409 83 "https://luxli.com.br/wp-login.php" "Mozilla/5.0 (Windows NT 10.0; Win64; x64) AppleWebKit/605.1.15 (KHTML, like Gecko) Version/15.0 Safari/605.1.15" luxli.com.br 10.53.181.90
63.135.161.129 - - [02/Sep/2026:20:03:38 -0300] "POST /wp-login.php HTTP/1.1" 409 83 "https://luxli.com.br/wp-login.php" "Mozilla/5.0 (Windows NT 6.1; Win64; x64) AppleWebKit/537.36 (KHTML, like Gecko) Chrome/92.0.4515.131 Safari/537.36" luxli.com.br 10.53.181.90
63.135.161.115 - - [02/Sep/2026:20:03:40 -0300] "GET /wp-admin/index.php HTTP/1.1" 409 83 "https://luxli.com.br/wp-login.php" "Mozilla/5.0 (Windows NT 10.0; Win64; x64) AppleWebKit/537.36 (KHTML, like Gecko) Chrome/94.0.4606.71 Safari/537.36" luxli.com.br 10.53.181.90
63.135.161.118 - - [02/Sep/2026:20:03:47 -0300] "POST /wp-login.php HTTP/1.1" 409 83 "https://luxli.com.br/wp-login.php" "Mozilla/5.0 (Macintosh; Intel Mac OS X 10_15_7) AppleWebKit/537.36 (KHTML, like Gecko) Chrome/94.0.4606.71 Safari/537.36" luxli.com.br 10.53.181.90
63.135.161.123 - - [02/Sep/2026:20:03:49 -0300] "GET /wp-admin/index.php HTTP/1.1" 409 83 "https://luxli.com.br/wp-login.php" "Mozilla/5.0 (X11; Linux x86_64; rv:92.0) Gecko/20100101 Firefox/92.0" luxli.com.br 10.53.181.90
63.135.161.120 - - [02/Sep/2026:20:03:52 -0300] "POST /wp-login.php HTTP/1.1" 409 83 "https://luxli.com.br/wp-login.php" "Mozilla/5.0 (Windows NT 10.0; Win64; x64) AppleWebKit/605.1.15 (KHTML, like Gecko) Version/14.1.1 Safari/605.1.15" luxli.com.br 10.53.181.90
63.135.161.114 - - [02/Sep/2026:20:03:55 -0300] "GET /wp-admin/index.php HTTP/1.1" 409 83 "https://luxli.com.br/wp-login.php" "Mozilla/5.0 (Windows NT 10.0; Win64; x64) AppleWebKit/605.1.15 (KHTML, like Gecko) Version/14.1.1 Safari/605.1.15" luxli.com.br 10.53.181.90
45.130.83.243 - - [02/Sep/2026:20:03:56 -0300] "POST /wp-login.php HTTP/1.1" 409 83 "https://luxli.com.br/wp-login.php" "Mozilla/5.0 (Macintosh; Intel Mac OS X 10_15_7) AppleWebKit/537.36 (KHTML, like Gecko) Chrome/91.0.4472.124 Safari/537.36" luxli.com.br 10.53.181.90
173.239.211.46 - - [02/Sep/2026:20:03:58 -0300] "GET /wp-admin/index.php HTTP/1.1" 409 83 "https://luxli.com.br/wp-login.php" "Mozilla/5.0 (X11; Linux x86_64; rv:93.0) Gecko/20100101 Firefox/93.0" luxli.com.br 10.53.181.90
173.239.211.50 - - [02/Sep/2026:20:03:59 -0300] "POST /wp-login.php HTTP/1.1" 409 83 "https://luxli.com.br/wp-login.php" "Mozilla/5.0 (Macintosh; Intel Mac OS X 10_15_7) AppleWebKit/605.1.15 (KHTML, like Gecko) Version/14.1 Safari/605.1.15" luxli.com.br 10.53.181.90
45.130.83.239 - - [02/Sep/2026:20:04:01 -0300] "GET /wp-admin/index.php HTTP/1.1" 409 83 "https://luxli.com.br/wp-login.php" "Mozilla/5.0 (Macintosh; Intel Mac OS X 10_15_7) AppleWebKit/605.1.15 (KHTML, like Gecko) Version/14.1 Safari/605.1.15" luxli.com.br 10.53.181.90
173.239.211.35 - - [02/Sep/2026:20:04:02 -0300] "POST /wp-login.php HTTP/1.1" 409 83 "https://luxli.com.br/wp-login.php" "Mozilla/5.0 (X11; Linux x86_64) AppleWebKit/537.36 (KHTML, like Gecko) Chrome/94.0.4606.71 Safari/537.36" luxli.com.br 10.53.181.90
45.130.83.244 - - [02/Sep/2026:20:04:03 -0300] "GET /wp-admin/index.php HTTP/1.1" 409 83 "https://luxli.com.br/wp-login.php" "Mozilla/5.0 (X11; Linux x86_64; rv:91.0) Gecko/20100101 Firefox/91.0" luxli.com.br 10.53.181.90
173.239.211.43 - - [02/Sep/2026:20:04:05 -0300] "POST /wp-login.php HTTP/1.1" 409 83 "https://luxli.com.br/wp-login.php" "Mozilla/5.0 (Windows NT 10.0; Win64; x64) AppleWebKit/605.1.15 (KHTML, like Gecko) Version/15.0 Safari/605.1.15" luxli.com.br 10.53.181.90
45.130.83.246 - - [02/Sep/2026:20:04:08 -0300] "GET /wp-admin/index.php HTTP/1.1" 409 83 "https://luxli.com.br/wp-login.php" "Mozilla/5.0 (X11; Linux x86_64) AppleWebKit/537.36 (KHTML, like Gecko) Chrome/93.0.4577.63 Safari/537.36" luxli.com.br 10.53.181.90
45.130.83.240 - - [02/Sep/2026:20:04:11 -0300] "POST /wp-login.php HTTP/1.1" 409 83 "https://luxli.com.br/wp-login.php" "Mozilla/5.0 (Macintosh; Intel Mac OS X 10_15_7) AppleWebKit/605.1.15 (KHTML, like Gecko) Version/15.0 Safari/605.1.15" luxli.com.br 10.53.181.90
173.239.211.48 - - [02/Sep/2026:20:04:13 -0300] "GET /wp-admin/index.php HTTP/1.1" 409 83 "https://luxli.com.br/wp-login.php" "Mozilla/5.0 (Windows NT 6.1; Win64; x64; rv:90.0) Gecko/20100101 Firefox/90.0.1" luxli.com.br 10.53.181.90
173.239.211.44 - - [02/Sep/2026:20:04:16 -0300] "POST /wp-login.php HTTP/1.1" 409 83 "https://luxli.com.br/wp-login.php" "Mozilla/5.0 (X11; Linux x86_64) AppleWebKit/537.36 (KHTML, like Gecko) Chrome/93.0.4577.63 Safari/537.36" luxli.com.br 10.53.181.90
173.239.211.48 - - [02/Sep/2026:20:04:18 -0300] "GET /wp-admin/index.php HTTP/1.1" 409 83 "https://luxli.com.br/wp-login.php" "Mozilla/5.0 (Windows NT 10.0; Win64; x64) AppleWebKit/605.1.15 (KHTML, like Gecko) Version/15.0 Safari/605.1.15" luxli.com.br 10.53.181.90
173.239.211.44 - - [02/Sep/2026:20:04:20 -0300] "POST /wp-login.php HTTP/1.1" 409 83 "https://luxli.com.br/wp-login.php" "Mozilla/5.0 (Macintosh; Intel Mac OS X 10_15_7) AppleWebKit/537.36 (KHTML, like Gecko) Chrome/94.0.4606.71 Safari/537.36" luxli.com.br 10.53.181.90
173.239.211.44 - - [02/Sep/2026:20:04:26 -0300] "GET /wp-admin/index.php HTTP/1.1" 409 83 "https://luxli.com.br/wp-login.php" "Mozilla/5.0 (X11; Linux x86_64) AppleWebKit/537.36 (KHTML, like Gecko) Chrome/94.0.4606.71 Safari/537.36" luxli.com.br 10.53.181.90
63.135.161.123 - - [02/Sep/2026:20:04:27 -0300] "POST /wp-login.php HTTP/1.1" 409 83 "https://luxli.com.br/wp-login.php" "Mozilla/5.0 (Macintosh; Intel Mac OS X 10_15_7) AppleWebKit/537.36 (KHTML, like Gecko) Chrome/94.0.4606.71 Safari/537.36" luxli.com.br 10.53.181.90
63.135.161.121 - - [02/Sep/2026:20:04:28 -0300] "GET /wp-admin/index.php HTTP/1.1" 409 83 "https://luxli.com.br/wp-login.php" "Mozilla/5.0 (Macintosh; Intel Mac OS X 10_15_7) AppleWebKit/605.1.15 (KHTML, like Gecko) Version/14.0.3 Safari/605.1.15" luxli.com.br 10.53.181.90
45.130.83.245 - - [02/Sep/2026:20:04:31 -0300] "POST /wp-login.php HTTP/1.1" 409 83 "https://luxli.com.br/wp-login.php" "Mozilla/5.0 (Macintosh; Intel Mac OS X 10_15_7) AppleWebKit/537.36 (KHTML, like Gecko) Chrome/93.0.4577.63 Safari/537.36" luxli.com.br 10.53.181.90
173.239.211.46 - - [02/Sep/2026:20:04:32 -0300] "POST /wp-login.php HTTP/1.1" 409 83 "https://luxli.com.br/wp-login.php" "Mozilla/5.0 (X11; Linux x86_64; rv:92.0) Gecko/20100101 Firefox/92.0" luxli.com.br 10.53.181.90
63.135.161.122 - - [02/Sep/2026:20:04:35 -0300] "GET /wp-admin/index.php HTTP/1.1" 409 83 "https://luxli.com.br/wp-login.php" "Mozilla/5.0 (Windows NT 6.1; Win64; x64) AppleWebKit/537.36 (KHTML, like Gecko) Chrome/90.0.4430.212 Safari/537.36" luxli.com.br 10.53.181.90
173.239.211.50 - - [02/Sep/2026:20:04:39 -0300] "POST /wp-login.php HTTP/1.1" 409 83 "https://luxli.com.br/wp-login.php" "Mozilla/5.0 (Windows NT 10.0; Win64; x64) AppleWebKit/537.36 (KHTML, like Gecko) Chrome/90.0.4430.212 Safari/537.36" luxli.com.br 10.53.181.90
173.239.211.54 - - [02/Sep/2026:20:04:40 -0300] "GET /wp-admin/index.php HTTP/1.1" 409 83 "https://luxli.com.br/wp-login.php" "Mozilla/5.0 (Windows NT 10.0; Win64; x64) AppleWebKit/605.1.15 (KHTML, like Gecko) Version/14.0.3 Safari/605.1.15" luxli.com.br 10.53.181.90
173.239.211.43 - - [02/Sep/2026:20:04:42 -0300] "POST /wp-login.php HTTP/1.1" 409 83 "https://luxli.com.br/wp-login.php" "Mozilla/5.0 (Macintosh; Intel Mac OS X 10_15_7) AppleWebKit/605.1.15 (KHTML, like Gecko) Version/14.0.3 Safari/605.1.15" luxli.com.br 10.53.181.90
173.239.211.45 - - [02/Sep/2026:20:04:44 -0300] "GET /wp-admin/index.php HTTP/1.1" 409 83 "https://luxli.com.br/wp-login.php" "Mozilla/5.0 (Windows NT 10.0; Win64; x64) AppleWebKit/605.1.15 (KHTML, like Gecko) Version/14.1.2 Safari/605.1.15" luxli.com.br 10.53.181.90
63.135.161.114 - - [02/Sep/2026:20:04:47 -0300] "POST /wp-login.php HTTP/1.1" 409 83 "https://luxli.com.br/wp-login.php" "Mozilla/5.0 (Macintosh; Intel Mac OS X 10_15_7) AppleWebKit/605.1.15 (KHTML, like Gecko) Version/15.0 Safari/605.1.15" luxli.com.br 10.53.181.90
63.135.161.120 - - [02/Sep/2026:20:04:48 -0300] "GET /wp-admin/index.php HTTP/1.1" 409 83 "https://luxli.com.br/wp-login.php" "Mozilla/5.0 (Macintosh; Intel Mac OS X 10_15_7; rv:91.0) Gecko/20100101 Firefox/91.0" luxli.com.br 10.53.181.90
173.239.211.54 - - [02/Sep/2026:20:04:49 -0300] "POST /wp-login.php HTTP/1.1" 409 83 "https://luxli.com.br/wp-login.php" "Mozilla/5.0 (Windows NT 10.0; Win64; x64) AppleWebKit/537.36 (KHTML, like Gecko) Chrome/92.0.4515.131 Safari/537.36" luxli.com.br 10.53.181.90
173.239.211.38 - - [02/Sep/2026:20:04:51 -0300] "GET /wp-admin/index.php HTTP/1.1" 409 83 "https://luxli.com.br/wp-login.php" "Mozilla/5.0 (Macintosh; Intel Mac OS X 10_15_7; rv:92.0) Gecko/20100101 Firefox/92.0" luxli.com.br 10.53.181.90
63.135.161.118 - - [02/Sep/2026:20:04:52 -0300] "POST /wp-login.php HTTP/1.1" 409 83 "https://luxli.com.br/wp-login.php" "Mozilla/5.0 (Windows NT 10.0; Win64; x64) AppleWebKit/605.1.15 (KHTML, like Gecko) Version/15.0 Safari/605.1.15" luxli.com.br 10.53.181.90
173.239.211.40 - - [02/Sep/2026:20:04:55 -0300] "GET /wp-admin/index.php HTTP/1.1" 409 83 "https://luxli.com.br/wp-login.php" "Mozilla/5.0 (Macintosh; Intel Mac OS X 10_15_7; rv:92.0) Gecko/20100101 Firefox/92.0" luxli.com.br 10.53.181.90
63.135.161.115 - - [02/Sep/2026:20:04:56 -0300] "POST /wp-login.php HTTP/1.1" 409 83 "https://luxli.com.br/wp-login.php" "Mozilla/5.0 (Windows NT 10.0; Win64; x64) AppleWebKit/605.1.15 (KHTML, like Gecko) Version/14.1 Safari/605.1.15" luxli.com.br 10.53.181.90
45.130.83.246 - - [02/Sep/2026:20:04:57 -0300] "GET /wp-admin/index.php HTTP/1.1" 409 83 "https://luxli.com.br/wp-login.php" "Mozilla/5.0 (Windows NT 10.0; Win64; x64) AppleWebKit/537.36 (KHTML, like Gecko) Chrome/94.0.4606.71 Safari/537.36" luxli.com.br 10.53.181.90
173.239.211.44 - - [02/Sep/2026:20:05:00 -0300] "POST /wp-login.php HTTP/1.1" 409 83 "https://luxli.com.br/wp-login.php" "Mozilla/5.0 (Macintosh; Intel Mac OS X 10_15_7) AppleWebKit/605.1.15 (KHTML, like Gecko) Version/14.1.2 Safari/605.1.15" luxli.com.br 10.53.181.90
173.239.211.38 - - [02/Sep/2026:20:05:02 -0300] "GET /wp-admin/index.php HTTP/1.1" 409 83 "https://luxli.com.br/wp-login.php" "Mozilla/5.0 (Windows NT 6.1; Win64; x64) AppleWebKit/537.36 (KHTML, like Gecko) Chrome/90.0.4430.212 Safari/537.36" luxli.com.br 10.53.181.90
57.141.22.107 - - [02/Sep/2026:20:05:01 -0300] "GET /details/823714060 HTTP/1.1" 404 11133 "-" "Mozilla/5.0 (Windows NT 10.0; Win64; x64) AppleWebKit/537.36 (KHTML, like Gecko) Chrome/145.0.0.0 Safari/537.36 (compatible; meta-externalagent/1.1 (+https://developers.facebook.com/docs/sharing/webmasters/crawler))" luxli.com.br 10.53.181.90
57.141.22.107 - - [02/Sep/2026:20:05:01 -0300] "GET /details/823714060 HTTP/2.0" 404 11133 "-" "Mozilla/5.0 (Windows NT 10.0; Win64; x64) AppleWebKit/537.36 (KHTML, like Gecko) Chrome/145.0.0.0 Safari/537.36 (compatible; meta-externalagent/1.1 (+https://developers.facebook.com/docs/sharing/webmasters/crawler))" luxli.com.br 10.53.181.90
173.239.211.51 - - [02/Sep/2026:20:05:04 -0300] "POST /wp-login.php HTTP/1.1" 409 83 "https://luxli.com.br/wp-login.php" "Mozilla/5.0 (Windows NT 10.0; Win64; x64) AppleWebKit/537.36 (KHTML, like Gecko) Chrome/91.0.4472.124 Safari/537.36" luxli.com.br 10.53.181.90
63.135.161.113 - - [02/Sep/2026:20:05:06 -0300] "GET /wp-admin/index.php HTTP/1.1" 409 83 "https://luxli.com.br/wp-login.php" "Mozilla/5.0 (Macintosh; Intel Mac OS X 10_15_7) AppleWebKit/537.36 (KHTML, like Gecko) Chrome/92.0.4515.131 Safari/537.36" luxli.com.br 10.53.181.90
45.130.83.240 - - [02/Sep/2026:20:05:09 -0300] "POST /wp-login.php HTTP/1.1" 409 83 "https://luxli.com.br/wp-login.php" "Mozilla/5.0 (Windows NT 10.0; Win64; x64) AppleWebKit/537.36 (KHTML, like Gecko) Chrome/90.0.4430.212 Safari/537.36" luxli.com.br 10.53.181.90
173.239.211.47 - - [02/Sep/2026:20:05:12 -0300] "GET /wp-admin/index.php HTTP/1.1" 409 83 "https://luxli.com.br/wp-login.php" "Mozilla/5.0 (Windows NT 6.1; Win64; x64) AppleWebKit/537.36 (KHTML, like Gecko) Chrome/94.0.4606.71 Safari/537.36" luxli.com.br 10.53.181.90
173.239.211.48 - - [02/Sep/2026:20:05:15 -0300] "POST /wp-login.php HTTP/1.1" 409 83 "https://luxli.com.br/wp-login.php" "Mozilla/5.0 (Windows NT 6.1; Win64; x64) AppleWebKit/537.36 (KHTML, like Gecko) Chrome/91.0.4472.124 Safari/537.36" luxli.com.br 10.53.181.90
173.239.211.53 - - [02/Sep/2026:20:05:17 -0300] "GET /wp-admin/index.php HTTP/1.1" 409 83 "https://luxli.com.br/wp-login.php" "Mozilla/5.0 (X11; Linux x86_64) AppleWebKit/537.36 (KHTML, like Gecko) Chrome/91.0.4472.124 Safari/537.36" luxli.com.br 10.53.181.90
45.130.83.239 - - [02/Sep/2026:20:05:20 -0300] "POST /wp-login.php HTTP/1.1" 409 83 "https://luxli.com.br/wp-login.php" "Mozilla/5.0 (Windows NT 6.1; Win64; x64) AppleWebKit/537.36 (KHTML, like Gecko) Chrome/94.0.4606.71 Safari/537.36" luxli.com.br 10.53.181.90
45.130.83.246 - - [02/Sep/2026:20:05:22 -0300] "GET /wp-admin/index.php HTTP/1.1" 409 83 "https://luxli.com.br/wp-login.php" "Mozilla/5.0 (Macintosh; Intel Mac OS X 10_15_7; rv:89.0) Gecko/20100101 Firefox/89.0.2" luxli.com.br 10.53.181.90
173.239.211.42 - - [02/Sep/2026:20:05:25 -0300] "POST /wp-login.php HTTP/1.1" 409 83 "https://luxli.com.br/wp-login.php" "Mozilla/5.0 (Windows NT 6.1; Win64; x64; rv:90.0) Gecko/20100101 Firefox/90.0.1" luxli.com.br 10.53.181.90
173.239.211.41 - - [02/Sep/2026:20:05:26 -0300] "GET /wp-admin/index.php HTTP/1.1" 409 83 "https://luxli.com.br/wp-login.php" "Mozilla/5.0 (Macintosh; Intel Mac OS X 10_15_7) AppleWebKit/537.36 (KHTML, like Gecko) Chrome/93.0.4577.63 Safari/537.36" luxli.com.br 10.53.181.90
173.239.211.38 - - [02/Sep/2026:20:05:29 -0300] "POST /wp-login.php HTTP/1.1" 409 83 "https://luxli.com.br/wp-login.php" "Mozilla/5.0 (Macintosh; Intel Mac OS X 10_15_7) AppleWebKit/605.1.15 (KHTML, like Gecko) Version/14.1.2 Safari/605.1.15" luxli.com.br 10.53.181.90
173.239.211.53 - - [02/Sep/2026:20:05:32 -0300] "GET /wp-admin/index.php HTTP/1.1" 409 83 "https://luxli.com.br/wp-login.php" "Mozilla/5.0 (X11; Linux x86_64) AppleWebKit/537.36 (KHTML, like Gecko) Chrome/90.0.4430.212 Safari/537.36" luxli.com.br 10.53.181.90
45.130.83.245 - - [02/Sep/2026:20:05:34 -0300] "POST /wp-login.php HTTP/1.1" 409 83 "https://luxli.com.br/wp-login.php" "Mozilla/5.0 (X11; Linux x86_64) AppleWebKit/537.36 (KHTML, like Gecko) Chrome/91.0.4472.124 Safari/537.36" luxli.com.br 10.53.181.90
173.239.211.45 - - [02/Sep/2026:20:05:36 -0300] "GET /wp-admin/index.php HTTP/1.1" 409 83 "https://luxli.com.br/wp-login.php" "Mozilla/5.0 (Windows NT 6.1; Win64; x64; rv:89.0) Gecko/20100101 Firefox/89.0.2" luxli.com.br 10.53.181.90
173.239.211.39 - - [02/Sep/2026:20:05:39 -0300] "POST /wp-login.php HTTP/1.1" 409 83 "https://luxli.com.br/wp-login.php" "Mozilla/5.0 (X11; Linux x86_64) AppleWebKit/537.36 (KHTML, like Gecko) Chrome/91.0.4472.124 Safari/537.36" luxli.com.br 10.53.181.90
63.135.161.121 - - [02/Sep/2026:20:05:42 -0300] "GET /wp-admin/index.php HTTP/1.1" 409 83 "https://luxli.com.br/wp-login.php" "Mozilla/5.0 (Windows NT 6.1; Win64; x64; rv:89.0) Gecko/20100101 Firefox/89.0.2" luxli.com.br 10.53.181.90
173.239.211.46 - - [02/Sep/2026:20:05:43 -0300] "POST /wp-login.php HTTP/1.1" 409 83 "https://luxli.com.br/wp-login.php" "Mozilla/5.0 (Macintosh; Intel Mac OS X 10_15_7) AppleWebKit/605.1.15 (KHTML, like Gecko) Version/14.0.3 Safari/605.1.15" luxli.com.br 10.53.181.90
63.135.161.119 - - [02/Sep/2026:20:05:45 -0300] "GET /wp-admin/index.php HTTP/1.1" 409 83 "https://luxli.com.br/wp-login.php" "Mozilla/5.0 (Macintosh; Intel Mac OS X 10_15_7) AppleWebKit/537.36 (KHTML, like Gecko) Chrome/91.0.4472.124 Safari/537.36" luxli.com.br 10.53.181.90
