57.141.22.123 - - [02/Sep/2026:20:10:51 -0300] "GET /details/55803666 HTTP/2.0" 404 11133 "-" "Mozilla/5.0 (Windows NT 10.0; Win64; x64) AppleWebKit/537.36 (KHTML, like Gecko) Chrome/145.0.0.0 Safari/537.36 (compatible; meta-externalagent/1.1 (+https://developers.facebook.com/docs/sharing/webmasters/crawler))" luxli.com.br 10.53.181.90
63.135.161.117 - - [02/Sep/2026:20:10:54 -0300] "POST /wp-login.php HTTP/1.1" 409 83 "https://luxli.com.br/wp-login.php" "Mozilla/5.0 (Macintosh; Intel Mac OS X 10_15_7; rv:89.0) Gecko/20100101 Firefox/89.0.2" luxli.com.br 10.53.181.90
173.239.211.40 - - [02/Sep/2026:20:10:56 -0300] "GET /wp-admin/index.php HTTP/1.1" 409 83 "https://luxli.com.br/wp-login.php" "Mozilla/5.0 (Macintosh; Intel Mac OS X 10_15_7) AppleWebKit/537.36 (KHTML, like Gecko) Chrome/94.0.4606.71 Safari/537.36" luxli.com.br 10.53.181.90
45.130.83.245 - - [02/Sep/2026:20:10:57 -0300] "POST /wp-login.php HTTP/1.1" 409 83 "https://luxli.com.br/wp-login.php" "Mozilla/5.0 (Windows NT 6.1; Win64; x64) AppleWebKit/537.36 (KHTML, like Gecko) Chrome/93.0.4577.63 Safari/537.36" luxli.com.br 10.53.181.90
45.130.83.247 - - [02/Sep/2026:20:10:58 -0300] "GET /wp-admin/index.php HTTP/1.1" 409 83 "https://luxli.com.br/wp-login.php" "Mozilla/5.0 (Windows NT 10.0; Win64; x64) AppleWebKit/537.36 (KHTML, like Gecko) Chrome/92.0.4515.131 Safari/537.36" luxli.com.br 10.53.181.90
173.239.211.37 - - [02/Sep/2026:20:11:01 -0300] "POST /wp-login.php HTTP/1.1" 409 83 "https://luxli.com.br/wp-login.php" "Mozilla/5.0 (Windows NT 6.1; Win64; x64) AppleWebKit/537.36 (KHTML, like Gecko) Chrome/94.0.4606.71 Safari/537.36" luxli.com.br 10.53.181.90
63.135.161.122 - - [02/Sep/2026:20:11:03 -0300] "GET /wp-admin/index.php HTTP/1.1" 409 83 "https://luxli.com.br/wp-login.php" "Mozilla/5.0 (X11; Linux x86_64) AppleWebKit/537.36 (KHTML, like Gecko) Chrome/90.0.4430.212 Safari/537.36" luxli.com.br 10.53.181.90
45.130.83.238 - - [02/Sep/2026:20:11:05 -0300] "POST /wp-login.php HTTP/1.1" 409 83 "https://luxli.com.br/wp-login.php" "Mozilla/5.0 (Macintosh; Intel Mac OS X 10_15_7) AppleWebKit/537.36 (KHTML, like Gecko) Chrome/90.0.4430.212 Safari/537.36" luxli.com.br 10.53.181.90
45.130.83.246 - - [02/Sep/2026:20:11:10 -0300] "GET /wp-admin/index.php HTTP/1.1" 409 83 "https://luxli.com.br/wp-login.php" "Mozilla/5.0 (Macintosh; Intel Mac OS X 10_15_7) AppleWebKit/605.1.15 (KHTML, like Gecko) Version/14.1 Safari/605.1.15" luxli.com.br 10.53.181.90
57.141.22.109 - - [02/Sep/2026:20:11:10 -0300] "GET /details/635753412 HTTP/1.1" 404 11133 "-" "Mozilla/5.0 (Windows NT 10.0; Win64; x64) AppleWebKit/537.36 (KHTML, like Gecko) Chrome/145.0.0.0 Safari/537.36 (compatible; meta-externalagent/1.1 (+https://developers.facebook.com/docs/sharing/webmasters/crawler))" luxli.com.br 10.53.181.90
57.141.22.109 - - [02/Sep/2026:20:11:10 -0300] "GET /details/635753412 HTTP/2.0" 404 11133 "-" "Mozilla/5.0 (Windows NT 10.0; Win64; x64) AppleWebKit/537.36 (KHTML, like Gecko) Chrome/145.0.0.0 Safari/537.36 (compatible; meta-externalagent/1.1 (+https://developers.facebook.com/docs/sharing/webmasters/crawler))" luxli.com.br 10.53.181.90
173.239.211.44 - - [02/Sep/2026:20:11:12 -0300] "POST /wp-login.php HTTP/1.1" 409 83 "https://luxli.com.br/wp-login.php" "Mozilla/5.0 (X11; Linux x86_64; rv:93.0) Gecko/20100101 Firefox/93.0" luxli.com.br 10.53.181.90
45.130.83.246 - - [02/Sep/2026:20:11:15 -0300] "GET /wp-admin/index.php HTTP/1.1" 409 83 "https://luxli.com.br/wp-login.php" "Mozilla/5.0 (Macintosh; Intel Mac OS X 10_15_7) AppleWebKit/537.36 (KHTML, like Gecko) Chrome/93.0.4577.63 Safari/537.36" luxli.com.br 10.53.181.90
63.135.161.118 - - [02/Sep/2026:20:11:19 -0300] "POST /wp-login.php HTTP/1.1" 409 83 "https://luxli.com.br/wp-login.php" "Mozilla/5.0 (Windows NT 6.1; Win64; x64) AppleWebKit/537.36 (KHTML, like Gecko) Chrome/90.0.4430.212 Safari/537.36" luxli.com.br 10.53.181.90
63.135.161.113 - - [02/Sep/2026:20:11:21 -0300] "GET /wp-admin/index.php HTTP/1.1" 409 83 "https://luxli.com.br/wp-login.php" "Mozilla/5.0 (X11; Linux x86_64; rv:90.0) Gecko/20100101 Firefox/90.0.1" luxli.com.br 10.53.181.90
173.239.211.38 - - [02/Sep/2026:20:11:24 -0300] "GET /?author=1 HTTP/1.1" 301 - "-" "Mozilla/5.0 (Windows NT 10.0; Win64; x64) AppleWebKit/537.36 (KHTML, like Gecko) Chrome/90.0.4430.212 Safari/537.36" luxli.com.br 10.53.181.90
173.239.211.38 - - [02/Sep/2026:20:11:24 -0300] "GET /?author=1 HTTP/1.1" 301 - "-" "Mozilla/5.0 (Windows NT 10.0; Win64; x64) AppleWebKit/537.36 (KHTML, like Gecko) Chrome/90.0.4430.212 Safari/537.36" luxli.com.br 10.53.181.90
173.239.211.38 - - [02/Sep/2026:20:11:26 -0300] "GET /author/consultoriamagoseo-com-br/ HTTP/1.1" 200 22116 "-" "Mozilla/5.0 (Windows NT 10.0; Win64; x64) AppleWebKit/537.36 (KHTML, like Gecko) Chrome/90.0.4430.212 Safari/537.36" luxli.com.br 10.53.181.90
173.239.211.38 - - [02/Sep/2026:20:11:26 -0300] "GET /author/consultoriamagoseo-com-br/ HTTP/1.1" 200 22116 "-" "Mozilla/5.0 (Windows NT 10.0; Win64; x64) AppleWebKit/537.36 (KHTML, like Gecko) Chrome/90.0.4430.212 Safari/537.36" luxli.com.br 10.53.181.90
173.239.211.38 - - [02/Sep/2026:20:11:29 -0300] "GET /?author=2 HTTP/1.1" 301 - "-" "Mozilla/5.0 (Windows NT 10.0; Win64; x64) AppleWebKit/537.36 (KHTML, like Gecko) Chrome/93.0.4577.63 Safari/537.36" luxli.com.br 10.53.181.90
173.239.211.38 - - [02/Sep/2026:20:11:28 -0300] "GET /?author=2 HTTP/1.1" 301 - "-" "Mozilla/5.0 (Windows NT 10.0; Win64; x64) AppleWebKit/537.36 (KHTML, like Gecko) Chrome/93.0.4577.63 Safari/537.36" luxli.com.br 10.53.181.90
173.239.211.38 - - [02/Sep/2026:20:11:29 -0300] "GET /author/carolinebgduarte/ HTTP/1.1" 200 12654 "-" "Mozilla/5.0 (Windows NT 10.0; Win64; x64) AppleWebKit/537.36 (KHTML, like Gecko) Chrome/93.0.4577.63 Safari/537.36" luxli.com.br 10.53.181.90
173.239.211.38 - - [02/Sep/2026:20:11:29 -0300] "GET /author/carolinebgduarte/ HTTP/1.1" 200 12654 "-" "Mozilla/5.0 (Windows NT 10.0; Win64; x64) AppleWebKit/537.36 (KHTML, like Gecko) Chrome/93.0.4577.63 Safari/537.36" luxli.com.br 10.53.181.90
173.239.211.38 - - [02/Sep/2026:20:11:34 -0300] "GET /?author=3 HTTP/1.1" 200 12628 "-" "Mozilla/5.0 (Windows NT 10.0; Win64; x64) AppleWebKit/605.1.15 (KHTML, like Gecko) Version/15.0 Safari/605.1.15" luxli.com.br 10.53.181.90
173.239.211.38 - - [02/Sep/2026:20:11:34 -0300] "GET /?author=3 HTTP/1.1" 200 12628 "-" "Mozilla/5.0 (Windows NT 10.0; Win64; x64) AppleWebKit/605.1.15 (KHTML, like Gecko) Version/15.0 Safari/605.1.15" luxli.com.br 10.53.181.90
173.239.211.38 - - [02/Sep/2026:20:11:48 -0300] "POST /wp-login.php HTTP/1.1" 409 83 "https://luxli.com.br/wp-login.php" "Mozilla/5.0 (Windows NT 10.0; Win64; x64) AppleWebKit/605.1.15 (KHTML, like Gecko) Version/14.1.2 Safari/605.1.15" luxli.com.br 10.53.181.90
45.130.83.243 - - [02/Sep/2026:20:11:53 -0300] "GET /wp-admin/index.php HTTP/1.1" 409 83 "https://luxli.com.br/wp-login.php" "Mozilla/5.0 (Macintosh; Intel Mac OS X 10_15_7) AppleWebKit/605.1.15 (KHTML, like Gecko) Version/14.1 Safari/605.1.15" luxli.com.br 10.53.181.90
45.130.83.238 - - [02/Sep/2026:20:11:55 -0300] "POST /wp-login.php HTTP/1.1" 409 83 "https://luxli.com.br/wp-login.php" "Mozilla/5.0 (Windows NT 10.0; Win64; x64; rv:90.0) Gecko/20100101 Firefox/90.0.1" luxli.com.br 10.53.181.90
173.239.211.52 - - [02/Sep/2026:20:12:01 -0300] "GET /wp-admin/index.php HTTP/1.1" 409 83 "https://luxli.com.br/wp-login.php" "Mozilla/5.0 (Windows NT 10.0; Win64; x64) AppleWebKit/605.1.15 (KHTML, like Gecko) Version/14.1.2 Safari/605.1.15" luxli.com.br 10.53.181.90
173.239.211.54 - - [02/Sep/2026:20:12:03 -0300] "POST /wp-login.php HTTP/1.1" 409 83 "https://luxli.com.br/wp-login.php" "Mozilla/5.0 (Windows NT 10.0; Win64; x64) AppleWebKit/605.1.15 (KHTML, like Gecko) Version/14.1.2 Safari/605.1.15" luxli.com.br 10.53.181.90
173.239.211.44 - - [02/Sep/2026:20:12:04 -0300] "GET /wp-admin/index.php HTTP/1.1" 409 83 "https://luxli.com.br/wp-login.php" "Mozilla/5.0 (Windows NT 10.0; Win64; x64) AppleWebKit/537.36 (KHTML, like Gecko) Chrome/90.0.4430.212 Safari/537.36" luxli.com.br 10.53.181.90
63.135.161.118 - - [02/Sep/2026:20:12:06 -0300] "POST /wp-login.php HTTP/1.1" 409 83 "https://luxli.com.br/wp-login.php" "Mozilla/5.0 (Windows NT 10.0; Win64; x64) AppleWebKit/605.1.15 (KHTML, like Gecko) Version/14.1.2 Safari/605.1.15" luxli.com.br 10.53.181.90
173.239.211.45 - - [02/Sep/2026:20:12:08 -0300] "GET /wp-admin/index.php HTTP/1.1" 409 83 "https://luxli.com.br/wp-login.php" "Mozilla/5.0 (Macintosh; Intel Mac OS X 10_15_7) AppleWebKit/537.36 (KHTML, like Gecko) Chrome/94.0.4606.71 Safari/537.36" luxli.com.br 10.53.181.90
63.135.161.118 - - [02/Sep/2026:20:12:10 -0300] "POST /wp-login.php HTTP/1.1" 409 83 "https://luxli.com.br/wp-login.php" "Mozilla/5.0 (Windows NT 10.0; Win64; x64; rv:90.0) Gecko/20100101 Firefox/90.0.1" luxli.com.br 10.53.181.90
173.239.211.35 - - [02/Sep/2026:20:12:11 -0300] "GET /wp-admin/index.php HTTP/1.1" 409 83 "https://luxli.com.br/wp-login.php" "Mozilla/5.0 (Macintosh; Intel Mac OS X 10_15_7; rv:89.0) Gecko/20100101 Firefox/89.0.2" luxli.com.br 10.53.181.90
63.135.161.114 - - [02/Sep/2026:20:12:12 -0300] "POST /wp-login.php HTTP/1.1" 409 83 "https://luxli.com.br/wp-login.php" "Mozilla/5.0 (Macintosh; Intel Mac OS X 10_15_7) AppleWebKit/605.1.15 (KHTML, like Gecko) Version/15.0 Safari/605.1.15" luxli.com.br 10.53.181.90
173.239.211.55 - - [02/Sep/2026:20:12:14 -0300] "GET /wp-admin/index.php HTTP/1.1" 409 83 "https://luxli.com.br/wp-login.php" "Mozilla/5.0 (Windows NT 6.1; Win64; x64) AppleWebKit/537.36 (KHTML, like Gecko) Chrome/94.0.4606.71 Safari/537.36" luxli.com.br 10.53.181.90
82.156.34.74 - - [02/Sep/2026:20:12:16 -0300] "GET / HTTP/1.1" 200 14597 "http://www.luxli.com.br" "Mozilla/5.0 (iPhone; CPU iPhone OS 13_2_3 like Mac OS X) AppleWebKit/605.1.15 (KHTML, like Gecko) Version/13.0.3 Mobile/15E148 Safari/604.1" luxli.com.br 10.53.181.90
82.156.34.74 - - [02/Sep/2026:20:12:16 -0300] "GET / HTTP/1.1" 200 14597 "http://www.luxli.com.br" "Mozilla/5.0 (iPhone; CPU iPhone OS 13_2_3 like Mac OS X) AppleWebKit/605.1.15 (KHTML, like Gecko) Version/13.0.3 Mobile/15E148 Safari/604.1" luxli.com.br 10.53.181.90
63.135.161.120 - - [02/Sep/2026:20:12:18 -0300] "POST /wp-login.php HTTP/1.1" 409 83 "https://luxli.com.br/wp-login.php" "Mozilla/5.0 (Windows NT 10.0; Win64; x64) AppleWebKit/537.36 (KHTML, like Gecko) Chrome/93.0.4577.63 Safari/537.36" luxli.com.br 10.53.181.90
173.239.211.36 - - [02/Sep/2026:20:12:20 -0300] "GET /wp-admin/index.php HTTP/1.1" 409 83 "https://luxli.com.br/wp-login.php" "Mozilla/5.0 (Windows NT 10.0; Win64; x64) AppleWebKit/537.36 (KHTML, like Gecko) Chrome/92.0.4515.131 Safari/537.36" luxli.com.br 10.53.181.90
173.239.211.35 - - [02/Sep/2026:20:12:22 -0300] "POST /wp-login.php HTTP/1.1" 409 83 "https://luxli.com.br/wp-login.php" "Mozilla/5.0 (Macintosh; Intel Mac OS X 10_15_7) AppleWebKit/537.36 (KHTML, like Gecko) Chrome/91.0.4472.124 Safari/537.36" luxli.com.br 10.53.181.90
63.135.161.121 - - [02/Sep/2026:20:12:23 -0300] "GET /wp-admin/index.php HTTP/1.1" 409 83 "https://luxli.com.br/wp-login.php" "Mozilla/5.0 (Windows NT 10.0; Win64; x64) AppleWebKit/605.1.15 (KHTML, like Gecko) Version/14.1.1 Safari/605.1.15" luxli.com.br 10.53.181.90
63.135.161.119 - - [02/Sep/2026:20:12:26 -0300] "POST /wp-login.php HTTP/1.1" 409 83 "https://luxli.com.br/wp-login.php" "Mozilla/5.0 (Macintosh; Intel Mac OS X 10_15_7) AppleWebKit/605.1.15 (KHTML, like Gecko) Version/14.0.3 Safari/605.1.15" luxli.com.br 10.53.181.90
173.239.211.43 - - [02/Sep/2026:20:12:31 -0300] "GET /wp-admin/index.php HTTP/1.1" 409 83 "https://luxli.com.br/wp-login.php" "Mozilla/5.0 (Windows NT 10.0; Win64; x64) AppleWebKit/605.1.15 (KHTML, like Gecko) Version/15.0 Safari/605.1.15" luxli.com.br 10.53.181.90
173.239.211.44 - - [02/Sep/2026:20:12:34 -0300] "POST /wp-login.php HTTP/1.1" 409 83 "https://luxli.com.br/wp-login.php" "Mozilla/5.0 (Windows NT 6.1; Win64; x64) AppleWebKit/537.36 (KHTML, like Gecko) Chrome/94.0.4606.71 Safari/537.36" luxli.com.br 10.53.181.90
63.135.161.116 - - [02/Sep/2026:20:12:35 -0300] "GET /wp-admin/index.php HTTP/1.1" 409 83 "https://luxli.com.br/wp-login.php" "Mozilla/5.0 (X11; Linux x86_64; rv:93.0) Gecko/20100101 Firefox/93.0" luxli.com.br 10.53.181.90
63.135.161.114 - - [02/Sep/2026:20:12:37 -0300] "POST /wp-login.php HTTP/1.1" 409 83 "https://luxli.com.br/wp-login.php" "Mozilla/5.0 (Macintosh; Intel Mac OS X 10_15_7) AppleWebKit/537.36 (KHTML, like Gecko) Chrome/94.0.4606.71 Safari/537.36" luxli.com.br 10.53.181.90
173.239.211.43 - - [02/Sep/2026:20:12:39 -0300] "GET /wp-admin/index.php HTTP/1.1" 409 83 "https://luxli.com.br/wp-login.php" "Mozilla/5.0 (Macintosh; Intel Mac OS X 10_15_7) AppleWebKit/537.36 (KHTML, like Gecko) Chrome/93.0.4577.63 Safari/537.36" luxli.com.br 10.53.181.90
63.135.161.113 - - [02/Sep/2026:20:12:40 -0300] "POST /wp-login.php HTTP/1.1" 409 83 "https://luxli.com.br/wp-login.php" "Mozilla/5.0 (Windows NT 10.0; Win64; x64) AppleWebKit/537.36 (KHTML, like Gecko) Chrome/93.0.4577.63 Safari/537.36" luxli.com.br 10.53.181.90
173.239.211.36 - - [02/Sep/2026:20:12:42 -0300] "GET /wp-admin/index.php HTTP/1.1" 409 83 "https://luxli.com.br/wp-login.php" "Mozilla/5.0 (Windows NT 6.1; Win64; x64) AppleWebKit/537.36 (KHTML, like Gecko) Chrome/90.0.4430.212 Safari/537.36" luxli.com.br 10.53.181.90
173.239.211.53 - - [02/Sep/2026:20:12:44 -0300] "POST /wp-login.php HTTP/1.1" 409 83 "https://luxli.com.br/wp-login.php" "Mozilla/5.0 (Macintosh; Intel Mac OS X 10_15_7; rv:93.0) Gecko/20100101 Firefox/93.0" luxli.com.br 10.53.181.90
173.239.211.39 - - [02/Sep/2026:20:12:46 -0300] "GET /wp-admin/index.php HTTP/1.1" 409 83 "https://luxli.com.br/wp-login.php" "Mozilla/5.0 (Windows NT 10.0; Win64; x64) AppleWebKit/605.1.15 (KHTML, like Gecko) Version/15.0 Safari/605.1.15" luxli.com.br 10.53.181.90
63.135.161.119 - - [02/Sep/2026:20:12:48 -0300] "POST /wp-login.php HTTP/1.1" 409 83 "https://luxli.com.br/wp-login.php" "Mozilla/5.0 (Windows NT 10.0; Win64; x64) AppleWebKit/537.36 (KHTML, like Gecko) Chrome/91.0.4472.124 Safari/537.36" luxli.com.br 10.53.181.90
57.141.22.29 - - [02/Sep/2026:20:12:49 -0300] "GET /details/9a6102402 HTTP/1.1" 404 11133 "-" "Mozilla/5.0 (Windows NT 10.0; Win64; x64) AppleWebKit/537.36 (KHTML, like Gecko) Chrome/145.0.0.0 Safari/537.36 (compatible; meta-externalagent/1.1 (+https://developers.facebook.com/docs/sharing/webmasters/crawler))" luxli.com.br 10.53.181.90
57.141.22.29 - - [02/Sep/2026:20:12:49 -0300] "GET /details/9a6102402 HTTP/2.0" 404 11133 "-" "Mozilla/5.0 (Windows NT 10.0; Win64; x64) AppleWebKit/537.36 (KHTML, like Gecko) Chrome/145.0.0.0 Safari/537.36 (compatible; meta-externalagent/1.1 (+https://developers.facebook.com/docs/sharing/webmasters/crawler))" luxli.com.br 10.53.181.90
63.135.161.116 - - [02/Sep/2026:20:12:53 -0300] "GET /wp-admin/index.php HTTP/1.1" 409 83 "https://luxli.com.br/wp-login.php" "Mozilla/5.0 (Macintosh; Intel Mac OS X 10_15_7) AppleWebKit/605.1.15 (KHTML, like Gecko) Version/14.1.1 Safari/605.1.15" luxli.com.br 10.53.181.90
173.239.211.37 - - [02/Sep/2026:20:12:58 -0300] "POST /wp-login.php HTTP/1.1" 409 83 "https://luxli.com.br/wp-login.php" "Mozilla/5.0 (Windows NT 10.0; Win64; x64; rv:91.0) Gecko/20100101 Firefox/91.0" luxli.com.br 10.53.181.90
45.130.83.242 - - [02/Sep/2026:20:13:02 -0300] "GET /wp-admin/index.php HTTP/1.1" 409 83 "https://luxli.com.br/wp-login.php" "Mozilla/5.0 (Windows NT 10.0; Win64; x64) AppleWebKit/537.36 (KHTML, like Gecko) Chrome/90.0.4430.212 Safari/537.36" luxli.com.br 10.53.181.90
45.130.83.244 - - [02/Sep/2026:20:13:05 -0300] "POST /wp-login.php HTTP/1.1" 409 83 "https://luxli.com.br/wp-login.php" "Mozilla/5.0 (Windows NT 10.0; Win64; x64) AppleWebKit/537.36 (KHTML, like Gecko) Chrome/93.0.4577.63 Safari/537.36" luxli.com.br 10.53.181.90
45.130.83.247 - - [02/Sep/2026:20:13:06 -0300] "GET /wp-admin/index.php HTTP/1.1" 409 83 "https://luxli.com.br/wp-login.php" "Mozilla/5.0 (Windows NT 10.0; Win64; x64) AppleWebKit/537.36 (KHTML, like Gecko) Chrome/92.0.4515.131 Safari/537.36" luxli.com.br 10.53.181.90
63.135.161.114 - - [02/Sep/2026:20:13:08 -0300] "POST /wp-login.php HTTP/1.1" 409 83 "https://luxli.com.br/wp-login.php" "Mozilla/5.0 (Macintosh; Intel Mac OS X 10_15_7) AppleWebKit/537.36 (KHTML, like Gecko) Chrome/91.0.4472.124 Safari/537.36" luxli.com.br 10.53.181.90
173.239.211.53 - - [02/Sep/2026:20:13:10 -0300] "GET /wp-admin/index.php HTTP/1.1" 409 83 "https://luxli.com.br/wp-login.php" "Mozilla/5.0 (Windows NT 10.0; Win64; x64) AppleWebKit/605.1.15 (KHTML, like Gecko) Version/14.1.1 Safari/605.1.15" luxli.com.br 10.53.181.90
173.239.211.36 - - [02/Sep/2026:20:13:12 -0300] "POST /wp-login.php HTTP/1.1" 409 83 "https://luxli.com.br/wp-login.php" "Mozilla/5.0 (Macintosh; Intel Mac OS X 10_15_7) AppleWebKit/537.36 (KHTML, like Gecko) Chrome/90.0.4430.212 Safari/537.36" luxli.com.br 10.53.181.90
173.239.211.37 - - [02/Sep/2026:20:13:14 -0300] "POST /wp-login.php HTTP/1.1" 409 83 "https://luxli.com.br/wp-login.php" "Mozilla/5.0 (Macintosh; Intel Mac OS X 10_15_7) AppleWebKit/537.36 (KHTML, like Gecko) Chrome/90.0.4430.212 Safari/537.36" luxli.com.br 10.53.181.90
173.239.211.37 - - [02/Sep/2026:20:13:15 -0300] "GET /wp-admin/index.php HTTP/1.1" 409 83 "https://luxli.com.br/wp-login.php" "Mozilla/5.0 (Windows NT 6.1; Win64; x64) AppleWebKit/537.36 (KHTML, like Gecko) Chrome/94.0.4606.71 Safari/537.36" luxli.com.br 10.53.181.90
173.239.211.36 - - [02/Sep/2026:20:13:19 -0300] "POST /wp-login.php HTTP/1.1" 409 83 "https://luxli.com.br/wp-login.php" "Mozilla/5.0 (X11; Linux x86_64) AppleWebKit/537.36 (KHTML, like Gecko) Chrome/91.0.4472.124 Safari/537.36" luxli.com.br 10.53.181.90
45.130.83.246 - - [02/Sep/2026:20:13:22 -0300] "GET /wp-admin/index.php HTTP/1.1" 409 83 "https://luxli.com.br/wp-login.php" "Mozilla/5.0 (X11; Linux x86_64) AppleWebKit/537.36 (KHTML, like Gecko) Chrome/92.0.4515.131 Safari/537.36" luxli.com.br 10.53.181.90
173.239.211.39 - - [02/Sep/2026:20:13:26 -0300] "POST /wp-login.php HTTP/1.1" 409 83 "https://luxli.com.br/wp-login.php" "Mozilla/5.0 (X11; Linux x86_64) AppleWebKit/537.36 (KHTML, like Gecko) Chrome/94.0.4606.71 Safari/537.36" luxli.com.br 10.53.181.90
173.239.211.50 - - [02/Sep/2026:20:13:27 -0300] "GET /wp-admin/index.php HTTP/1.1" 409 83 "https://luxli.com.br/wp-login.php" "Mozilla/5.0 (Macintosh; Intel Mac OS X 10_15_7) AppleWebKit/537.36 (KHTML, like Gecko) Chrome/90.0.4430.212 Safari/537.36" luxli.com.br 10.53.181.90
57.141.22.94 - - [02/Sep/2026:20:13:28 -0300] "GET /details/cb6609116 HTTP/1.1" 404 11133 "-" "Mozilla/5.0 (Windows NT 10.0; Win64; x64) AppleWebKit/537.36 (KHTML, like Gecko) Chrome/145.0.0.0 Safari/537.36 (compatible; meta-externalagent/1.1 (+https://developers.facebook.com/docs/sharing/webmasters/crawler))" luxli.com.br 10.53.181.90
57.141.22.94 - - [02/Sep/2026:20:13:28 -0300] "GET /details/cb6609116 HTTP/2.0" 404 11133 "-" "Mozilla/5.0 (Windows NT 10.0; Win64; x64) AppleWebKit/537.36 (KHTML, like Gecko) Chrome/145.0.0.0 Safari/537.36 (compatible; meta-externalagent/1.1 (+https://developers.facebook.com/docs/sharing/webmasters/crawler))" luxli.com.br 10.53.181.90
63.135.161.119 - - [02/Sep/2026:20:13:29 -0300] "POST /wp-login.php HTTP/1.1" 409 83 "https://luxli.com.br/wp-login.php" "Mozilla/5.0 (Windows NT 10.0; Win64; x64) AppleWebKit/537.36 (KHTML, like Gecko) Chrome/92.0.4515.131 Safari/537.36" luxli.com.br 10.53.181.90
173.239.211.44 - - [02/Sep/2026:20:13:31 -0300] "GET /wp-admin/index.php HTTP/1.1" 409 83 "https://luxli.com.br/wp-login.php" "Mozilla/5.0 (Windows NT 10.0; Win64; x64) AppleWebKit/537.36 (KHTML, like Gecko) Chrome/94.0.4606.71 Safari/537.36" luxli.com.br 10.53.181.90
57.141.22.121 - - [02/Sep/2026:20:13:31 -0300] "GET /details/6c2164535 HTTP/1.1" 404 11133 "-" "Mozilla/5.0 (Macintosh; Intel Mac OS X 10_15_7) AppleWebKit/537.36 (KHTML, like Gecko) Chrome/145.0.0.0 Safari/537.36 (compatible; meta-externalagent/1.1 (+https://developers.facebook.com/docs/sharing/webmasters/crawler))" luxli.com.br 10.53.181.90
57.141.22.121 - - [02/Sep/2026:20:13:31 -0300] "GET /details/6c2164535 HTTP/2.0" 404 11133 "-" "Mozilla/5.0 (Macintosh; Intel Mac OS X 10_15_7) AppleWebKit/537.36 (KHTML, like Gecko) Chrome/145.0.0.0 Safari/537.36 (compatible; meta-externalagent/1.1 (+https://developers.facebook.com/docs/sharing/webmasters/crawler))" luxli.com.br 10.53.181.90
45.130.83.246 - - [02/Sep/2026:20:13:34 -0300] "POST /wp-login.php HTTP/1.1" 409 83 "https://luxli.com.br/wp-login.php" "Mozilla/5.0 (Windows NT 6.1; Win64; x64) AppleWebKit/537.36 (KHTML, like Gecko) Chrome/92.0.4515.131 Safari/537.36" luxli.com.br 10.53.181.90
63.135.161.120 - - [02/Sep/2026:20:13:35 -0300] "GET /wp-admin/index.php HTTP/1.1" 409 83 "https://luxli.com.br/wp-login.php" "Mozilla/5.0 (Macintosh; Intel Mac OS X 10_15_7) AppleWebKit/537.36 (KHTML, like Gecko) Chrome/94.0.4606.71 Safari/537.36" luxli.com.br 10.53.181.90
45.130.83.239 - - [02/Sep/2026:20:13:39 -0300] "POST /wp-login.php HTTP/1.1" 409 83 "https://luxli.com.br/wp-login.php" "Mozilla/5.0 (X11; Linux x86_64) AppleWebKit/537.36 (KHTML, like Gecko) Chrome/94.0.4606.71 Safari/537.36" luxli.com.br 10.53.181.90
173.239.211.42 - - [02/Sep/2026:20:13:42 -0300] "GET /wp-admin/index.php HTTP/1.1" 409 83 "https://luxli.com.br/wp-login.php" "Mozilla/5.0 (X11; Linux x86_64) AppleWebKit/537.36 (KHTML, like Gecko) Chrome/92.0.4515.131 Safari/537.36" luxli.com.br 10.53.181.90
45.130.83.239 - - [02/Sep/2026:20:13:45 -0300] "POST /wp-login.php HTTP/1.1" 409 83 "https://luxli.com.br/wp-login.php" "Mozilla/5.0 (Windows NT 10.0; Win64; x64; rv:92.0) Gecko/20100101 Firefox/92.0" luxli.com.br 10.53.181.90
40.77.167.79 - - [02/Sep/2026:20:13:44 -0300] "GET /wp-content/uploads/2026/06/Photoroom_20260610_145144.png HTTP/2.0" 200 2293088 "-" "Mozilla/5.0 AppleWebKit/537.36 (KHTML, like Gecko; compatible; bingbot/2.0; +http://www.bing.com/bingbot.htm) Chrome/116.0.1938.76 Safari/537.36" luxli.com.br 10.53.181.90
45.130.83.246 - - [02/Sep/2026:20:13:46 -0300] "GET /wp-admin/index.php HTTP/1.1" 409 83 "https://luxli.com.br/wp-login.php" "Mozilla/5.0 (X11; Linux x86_64) AppleWebKit/537.36 (KHTML, like Gecko) Chrome/92.0.4515.131 Safari/537.36" luxli.com.br 10.53.181.90
63.135.161.116 - - [02/Sep/2026:20:13:47 -0300] "POST /wp-login.php HTTP/1.1" 409 83 "https://luxli.com.br/wp-login.php" "Mozilla/5.0 (Windows NT 10.0; Win64; x64) AppleWebKit/605.1.15 (KHTML, like Gecko) Version/15.0 Safari/605.1.15" luxli.com.br 10.53.181.90
45.130.83.240 - - [02/Sep/2026:20:13:49 -0300] "GET /wp-admin/index.php HTTP/1.1" 409 83 "https://luxli.com.br/wp-login.php" "Mozilla/5.0 (Windows NT 6.1; Win64; x64) AppleWebKit/537.36 (KHTML, like Gecko) Chrome/91.0.4472.124 Safari/537.36" luxli.com.br 10.53.181.90
63.135.161.121 - - [02/Sep/2026:20:13:53 -0300] "POST /wp-login.php HTTP/1.1" 409 83 "https://luxli.com.br/wp-login.php" "Mozilla/5.0 (Macintosh; Intel Mac OS X 10_15_7) AppleWebKit/605.1.15 (KHTML, like Gecko) Version/14.1.2 Safari/605.1.15" luxli.com.br 10.53.181.90
173.239.211.44 - - [02/Sep/2026:20:13:55 -0300] "GET /wp-admin/index.php HTTP/1.1" 409 83 "https://luxli.com.br/wp-login.php" "Mozilla/5.0 (Macintosh; Intel Mac OS X 10_15_7) AppleWebKit/537.36 (KHTML, like Gecko) Chrome/92.0.4515.131 Safari/537.36" luxli.com.br 10.53.181.90
45.130.83.242 - - [02/Sep/2026:20:13:56 -0300] "POST /wp-login.php HTTP/1.1" 409 83 "https://luxli.com.br/wp-login.php" "Mozilla/5.0 (Windows NT 6.1; Win64; x64) AppleWebKit/537.36 (KHTML, like Gecko) Chrome/91.0.4472.124 Safari/537.36" luxli.com.br 10.53.181.90
45.130.83.244 - - [02/Sep/2026:20:13:58 -0300] "GET /wp-admin/index.php HTTP/1.1" 409 83 "https://luxli.com.br/wp-login.php" "Mozilla/5.0 (Macintosh; Intel Mac OS X 10_15_7; rv:90.0) Gecko/20100101 Firefox/90.0.1" luxli.com.br 10.53.181.90
173.239.211.49 - - [02/Sep/2026:20:13:59 -0300] "POST /wp-login.php HTTP/1.1" 409 83 "https://luxli.com.br/wp-login.php" "Mozilla/5.0 (Macintosh; Intel Mac OS X 10_15_7) AppleWebKit/537.36 (KHTML, like Gecko) Chrome/91.0.4472.124 Safari/537.36" luxli.com.br 10.53.181.90
45.130.83.245 - - [02/Sep/2026:20:14:03 -0300] "GET /wp-admin/index.php HTTP/1.1" 409 83 "https://luxli.com.br/wp-login.php" "Mozilla/5.0 (Macintosh; Intel Mac OS X 10_15_7) AppleWebKit/605.1.15 (KHTML, like Gecko) Version/14.1 Safari/605.1.15" luxli.com.br 10.53.181.90
173.239.211.48 - - [02/Sep/2026:20:14:09 -0300] "POST /wp-login.php HTTP/1.1" 409 83 "https://luxli.com.br/wp-login.php" "Mozilla/5.0 (Macintosh; Intel Mac OS X 10_15_7) AppleWebKit/605.1.15 (KHTML, like Gecko) Version/14.0.3 Safari/605.1.15" luxli.com.br 10.53.181.90
45.130.83.245 - - [02/Sep/2026:20:14:11 -0300] "GET /wp-admin/index.php HTTP/1.1" 409 83 "https://luxli.com.br/wp-login.php" "Mozilla/5.0 (X11; Linux x86_64) AppleWebKit/537.36 (KHTML, like Gecko) Chrome/94.0.4606.71 Safari/537.36" luxli.com.br 10.53.181.90
173.239.211.44 - - [02/Sep/2026:20:14:14 -0300] "POST /wp-login.php HTTP/1.1" 409 83 "https://luxli.com.br/wp-login.php" "Mozilla/5.0 (Windows NT 6.1; Win64; x64) AppleWebKit/537.36 (KHTML, like Gecko) Chrome/93.0.4577.63 Safari/537.36" luxli.com.br 10.53.181.90
173.239.211.44 - - [02/Sep/2026:20:14:16 -0300] "GET /wp-admin/index.php HTTP/1.1" 409 83 "https://luxli.com.br/wp-login.php" "Mozilla/5.0 (Windows NT 6.1; Win64; x64) AppleWebKit/537.36 (KHTML, like Gecko) Chrome/94.0.4606.71 Safari/537.36" luxli.com.br 10.53.181.90
63.135.161.129 - - [02/Sep/2026:20:14:17 -0300] "POST /wp-login.php HTTP/1.1" 409 83 "https://luxli.com.br/wp-login.php" "Mozilla/5.0 (Macintosh; Intel Mac OS X 10_15_7; rv:91.0) Gecko/20100101 Firefox/91.0" luxli.com.br 10.53.181.90
173.239.211.54 - - [02/Sep/2026:20:14:21 -0300] "GET /wp-admin/index.php HTTP/1.1" 409 83 "https://luxli.com.br/wp-login.php" "Mozilla/5.0 (Windows NT 10.0; Win64; x64) AppleWebKit/537.36 (KHTML, like Gecko) Chrome/92.0.4515.131 Safari/537.36" luxli.com.br 10.53.181.90
173.239.211.50 - - [02/Sep/2026:20:14:23 -0300] "POST /wp-login.php HTTP/1.1" 409 83 "https://luxli.com.br/wp-login.php" "Mozilla/5.0 (X11; Linux x86_64) AppleWebKit/537.36 (KHTML, like Gecko) Chrome/92.0.4515.131 Safari/537.36" luxli.com.br 10.53.181.90
45.130.83.246 - - [02/Sep/2026:20:14:26 -0300] "GET /wp-admin/index.php HTTP/1.1" 409 83 "https://luxli.com.br/wp-login.php" "Mozilla/5.0 (Windows NT 10.0; Win64; x64) AppleWebKit/537.36 (KHTML, like Gecko) Chrome/93.0.4577.63 Safari/537.36" luxli.com.br 10.53.181.90
173.239.211.49 - - [02/Sep/2026:20:14:28 -0300] "POST /wp-login.php HTTP/1.1" 409 83 "https://luxli.com.br/wp-login.php" "Mozilla/5.0 (Windows NT 10.0; Win64; x64) AppleWebKit/537.36 (KHTML, like Gecko) Chrome/90.0.4430.212 Safari/537.36" luxli.com.br 10.53.181.90
173.239.211.48 - - [02/Sep/2026:20:14:30 -0300] "GET /wp-admin/index.php HTTP/1.1" 409 83 "https://luxli.com.br/wp-login.php" "Mozilla/5.0 (Macintosh; Intel Mac OS X 10_15_7) AppleWebKit/605.1.15 (KHTML, like Gecko) Version/14.0.3 Safari/605.1.15" luxli.com.br 10.53.181.90
173.239.211.36 - - [02/Sep/2026:20:14:32 -0300] "POST /wp-login.php HTTP/1.1" 409 83 "https://luxli.com.br/wp-login.php" "Mozilla/5.0 (X11; Linux x86_64; rv:93.0) Gecko/20100101 Firefox/93.0" luxli.com.br 10.53.181.90
63.135.161.114 - - [02/Sep/2026:20:14:35 -0300] "GET /wp-admin/index.php HTTP/1.1" 409 83 "https://luxli.com.br/wp-login.php" "Mozilla/5.0 (Macintosh; Intel Mac OS X 10_15_7) AppleWebKit/605.1.15 (KHTML, like Gecko) Version/14.0.3 Safari/605.1.15" luxli.com.br 10.53.181.90
173.239.211.49 - - [02/Sep/2026:20:14:37 -0300] "POST /wp-login.php HTTP/1.1" 409 83 "https://luxli.com.br/wp-login.php" "Mozilla/5.0 (Macintosh; Intel Mac OS X 10_15_7) AppleWebKit/537.36 (KHTML, like Gecko) Chrome/94.0.4606.71 Safari/537.36" luxli.com.br 10.53.181.90
173.239.211.47 - - [02/Sep/2026:20:14:39 -0300] "GET /wp-admin/index.php HTTP/1.1" 409 83 "https://luxli.com.br/wp-login.php" "Mozilla/5.0 (Windows NT 10.0; Win64; x64; rv:91.0) Gecko/20100101 Firefox/91.0" luxli.com.br 10.53.181.90
173.239.211.47 - - [02/Sep/2026:20:14:41 -0300] "POST /wp-login.php HTTP/1.1" 409 83 "https://luxli.com.br/wp-login.php" "Mozilla/5.0 (Macintosh; Intel Mac OS X 10_15_7) AppleWebKit/605.1.15 (KHTML, like Gecko) Version/14.0.3 Safari/605.1.15" luxli.com.br 10.53.181.90
45.130.83.242 - - [02/Sep/2026:20:14:44 -0300] "POST /wp-login.php HTTP/1.1" 409 83 "https://luxli.com.br/wp-login.php" "Mozilla/5.0 (Windows NT 6.1; Win64; x64) AppleWebKit/537.36 (KHTML, like Gecko) Chrome/92.0.4515.131 Safari/537.36" luxli.com.br 10.53.181.90
173.239.211.40 - - [02/Sep/2026:20:14:45 -0300] "GET /wp-admin/index.php HTTP/1.1" 409 83 "https://luxli.com.br/wp-login.php" "Mozilla/5.0 (Windows NT 6.1; Win64; x64) AppleWebKit/537.36 (KHTML, like Gecko) Chrome/90.0.4430.212 Safari/537.36" luxli.com.br 10.53.181.90
63.135.161.122 - - [02/Sep/2026:20:14:47 -0300] "POST /wp-login.php HTTP/1.1" 409 83 "https://luxli.com.br/wp-login.php" "Mozilla/5.0 (Windows NT 10.0; Win64; x64) AppleWebKit/605.1.15 (KHTML, like Gecko) Version/14.1 Safari/605.1.15" luxli.com.br 10.53.181.90
63.135.161.129 - - [02/Sep/2026:20:14:49 -0300] "GET /wp-admin/index.php HTTP/1.1" 409 83 "https://luxli.com.br/wp-login.php" "Mozilla/5.0 (Macintosh; Intel Mac OS X 10_15_7) AppleWebKit/605.1.15 (KHTML, like Gecko) Version/14.0.3 Safari/605.1.15" luxli.com.br 10.53.181.90
173.239.211.55 - - [02/Sep/2026:20:14:52 -0300] "POST /wp-login.php HTTP/1.1" 409 83 "https://luxli.com.br/wp-login.php" "Mozilla/5.0 (Macintosh; Intel Mac OS X 10_15_7) AppleWebKit/537.36 (KHTML, like Gecko) Chrome/91.0.4472.124 Safari/537.36" luxli.com.br 10.53.181.90
45.130.83.239 - - [02/Sep/2026:20:14:53 -0300] "POST /wp-login.php HTTP/1.1" 409 83 "https://luxli.com.br/wp-login.php" "Mozilla/5.0 (Windows NT 10.0; Win64; x64) AppleWebKit/537.36 (KHTML, like Gecko) Chrome/93.0.4577.63 Safari/537.36" luxli.com.br 10.53.181.90
173.239.211.42 - - [02/Sep/2026:20:14:57 -0300] "GET /wp-admin/index.php HTTP/1.1" 409 83 "https://luxli.com.br/wp-login.php" "Mozilla/5.0 (Windows NT 10.0; Win64; x64) AppleWebKit/537.36 (KHTML, like Gecko) Chrome/91.0.4472.124 Safari/537.36" luxli.com.br 10.53.181.90
63.135.161.118 - - [02/Sep/2026:20:14:58 -0300] "POST /wp-login.php HTTP/1.1" 409 83 "https://luxli.com.br/wp-login.php" "Mozilla/5.0 (Windows NT 10.0; Win64; x64; rv:90.0) Gecko/20100101 Firefox/90.0.1" luxli.com.br 10.53.181.90
63.135.161.129 - - [02/Sep/2026:20:15:01 -0300] "POST /wp-login.php HTTP/1.1" 409 83 "https://luxli.com.br/wp-login.php" "Mozilla/5.0 (X11; Linux x86_64; rv:91.0) Gecko/20100101 Firefox/91.0" luxli.com.br 10.53.181.90
45.130.83.240 - - [02/Sep/2026:20:15:03 -0300] "GET /wp-admin/index.php HTTP/1.1" 409 83 "https://luxli.com.br/wp-login.php" "Mozilla/5.0 (X11; Linux x86_64; rv:92.0) Gecko/20100101 Firefox/92.0" luxli.com.br 10.53.181.90
173.239.211.45 - - [02/Sep/2026:20:15:04 -0300] "POST /wp-login.php HTTP/1.1" 409 83 "https://luxli.com.br/wp-login.php" "Mozilla/5.0 (Macintosh; Intel Mac OS X 10_15_7) AppleWebKit/605.1.15 (KHTML, like Gecko) Version/14.1.2 Safari/605.1.15" luxli.com.br 10.53.181.90
54.184.226.94 - - [02/Sep/2026:20:15:08 -0300] "GET /?rnd=1788390906877 HTTP/1.1" 200 14577 "http://luxli.com.br/?rnd=1788390906877" "Sucuri-UptimeMonitoring" luxli.com.br 10.53.181.90
54.184.226.94 - - [02/Sep/2026:20:15:08 -0300] "GET /?rnd=1788390906877 HTTP/1.1" 200 14577 "http://luxli.com.br/?rnd=1788390906877" "Sucuri-UptimeMonitoring" luxli.com.br 10.53.181.90
63.135.161.129 - - [02/Sep/2026:20:15:09 -0300] "GET /wp-admin/index.php HTTP/1.1" 409 83 "https://luxli.com.br/wp-login.php" "Mozilla/5.0 (Windows NT 10.0; Win64; x64) AppleWebKit/605.1.15 (KHTML, like Gecko) Version/14.1 Safari/605.1.15" luxli.com.br 10.53.181.90
173.239.211.49 - - [02/Sep/2026:20:15:10 -0300] "POST /wp-login.php HTTP/1.1" 409 83 "https://luxli.com.br/wp-login.php" "Mozilla/5.0 (Macintosh; Intel Mac OS X 10_15_7) AppleWebKit/537.36 (KHTML, like Gecko) Chrome/90.0.4430.212 Safari/537.36" luxli.com.br 10.53.181.90
45.130.83.247 - - [02/Sep/2026:20:15:13 -0300] "GET /wp-admin/index.php HTTP/1.1" 409 83 "https://luxli.com.br/wp-login.php" "Mozilla/5.0 (Macintosh; Intel Mac OS X 10_15_7) AppleWebKit/605.1.15 (KHTML, like Gecko) Version/15.0 Safari/605.1.15" luxli.com.br 10.53.181.90
45.130.83.241 - - [02/Sep/2026:20:15:15 -0300] "POST /wp-login.php HTTP/1.1" 409 83 "https://luxli.com.br/wp-login.php" "Mozilla/5.0 (Windows NT 10.0; Win64; x64) AppleWebKit/537.36 (KHTML, like Gecko) Chrome/92.0.4515.131 Safari/537.36" luxli.com.br 10.53.181.90
45.130.83.244 - - [02/Sep/2026:20:15:17 -0300] "GET /wp-admin/index.php HTTP/1.1" 409 83 "https://luxli.com.br/wp-login.php" "Mozilla/5.0 (Macintosh; Intel Mac OS X 10_15_7) AppleWebKit/537.36 (KHTML, like Gecko) Chrome/92.0.4515.131 Safari/537.36" luxli.com.br 10.53.181.90
173.239.211.55 - - [02/Sep/2026:20:15:19 -0300] "POST /wp-login.php HTTP/1.1" 409 83 "https://luxli.com.br/wp-login.php" "Mozilla/5.0 (Macintosh; Intel Mac OS X 10_15_7) AppleWebKit/605.1.15 (KHTML, like Gecko) Version/14.1.1 Safari/605.1.15" luxli.com.br 10.53.181.90
173.239.211.50 - - [02/Sep/2026:20:15:21 -0300] "GET /wp-admin/index.php HTTP/1.1" 409 83 "https://luxli.com.br/wp-login.php" "Mozilla/5.0 (Macintosh; Intel Mac OS X 10_15_7) AppleWebKit/537.36 (KHTML, like Gecko) Chrome/91.0.4472.124 Safari/537.36" luxli.com.br 10.53.181.90
45.130.83.239 - - [02/Sep/2026:20:15:24 -0300] "POST /wp-login.php HTTP/1.1" 409 83 "https://luxli.com.br/wp-login.php" "Mozilla/5.0 (Macintosh; Intel Mac OS X 10_15_7) AppleWebKit/537.36 (KHTML, like Gecko) Chrome/94.0.4606.71 Safari/537.36" luxli.com.br 10.53.181.90
173.239.211.41 - - [02/Sep/2026:20:15:30 -0300] "GET /wp-admin/index.php HTTP/1.1" 409 83 "https://luxli.com.br/wp-login.php" "Mozilla/5.0 (X11; Linux x86_64) AppleWebKit/537.36 (KHTML, like Gecko) Chrome/93.0.4577.63 Safari/537.36" luxli.com.br 10.53.181.90
45.130.83.240 - - [02/Sep/2026:20:15:33 -0300] "POST /wp-login.php HTTP/1.1" 409 83 "https://luxli.com.br/wp-login.php" "Mozilla/5.0 (Windows NT 10.0; Win64; x64) AppleWebKit/605.1.15 (KHTML, like Gecko) Version/14.1.2 Safari/605.1.15" luxli.com.br 10.53.181.90
57.141.22.2 - - [02/Sep/2026:20:15:34 -0300] "GET /details/c13299247 HTTP/1.1" 404 11133 "-" "Mozilla/5.0 (Macintosh; Intel Mac OS X 10_15_7) AppleWebKit/537.36 (KHTML, like Gecko) Chrome/145.0.0.0 Safari/537.36 (compatible; meta-externalagent/1.1 (+https://developers.facebook.com/docs/sharing/webmasters/crawler))" luxli.com.br 10.53.181.90
57.141.22.2 - - [02/Sep/2026:20:15:34 -0300] "GET /details/c13299247 HTTP/2.0" 404 11133 "-" "Mozilla/5.0 (Macintosh; Intel Mac OS X 10_15_7) AppleWebKit/537.36 (KHTML, like Gecko) Chrome/145.0.0.0 Safari/537.36 (compatible; meta-externalagent/1.1 (+https://developers.facebook.com/docs/sharing/webmasters/crawler))" luxli.com.br 10.53.181.90
45.130.83.239 - - [02/Sep/2026:20:15:35 -0300] "GET /wp-admin/index.php HTTP/1.1" 409 83 "https://luxli.com.br/wp-login.php" "Mozilla/5.0 (Macintosh; Intel Mac OS X 10_15_7) AppleWebKit/537.36 (KHTML, like Gecko) Chrome/92.0.4515.131 Safari/537.36" luxli.com.br 10.53.181.90
45.130.83.239 - - [02/Sep/2026:20:15:39 -0300] "POST /wp-login.php HTTP/1.1" 409 83 "https://luxli.com.br/wp-login.php" "Mozilla/5.0 (Windows NT 10.0; Win64; x64; rv:89.0) Gecko/20100101 Firefox/89.0.2" luxli.com.br 10.53.181.90
45.130.83.239 - - [02/Sep/2026:20:15:40 -0300] "GET /wp-admin/index.php HTTP/1.1" 409 83 "https://luxli.com.br/wp-login.php" "Mozilla/5.0 (X11; Linux x86_64) AppleWebKit/537.36 (KHTML, like Gecko) Chrome/92.0.4515.131 Safari/537.36" luxli.com.br 10.53.181.90
173.239.211.44 - - [02/Sep/2026:20:15:42 -0300] "POST /wp-login.php HTTP/1.1" 409 83 "https://luxli.com.br/wp-login.php" "Mozilla/5.0 (Windows NT 10.0; Win64; x64) AppleWebKit/537.36 (KHTML, like Gecko) Chrome/92.0.4515.131 Safari/537.36" luxli.com.br 10.53.181.90
57.141.22.115 - - [02/Sep/2026:20:15:42 -0300] "GET /details/524655661 HTTP/1.1" 404 11133 "-" "Mozilla/5.0 (Windows NT 10.0; Win64; x64) AppleWebKit/537.36 (KHTML, like Gecko) Chrome/144.0.0.0 Safari/537.36 Edg/144.0.0.0 (compatible; meta-externalagent/1.1 (+https://developers.facebook.com/docs/sharing/webmasters/crawler))" luxli.com.br 10.53.181.90
57.141.22.115 - - [02/Sep/2026:20:15:42 -0300] "GET /details/524655661 HTTP/2.0" 404 11133 "-" "Mozilla/5.0 (Windows NT 10.0; Win64; x64) AppleWebKit/537.36 (KHTML, like Gecko) Chrome/144.0.0.0 Safari/537.36 Edg/144.0.0.0 (compatible; meta-externalagent/1.1 (+https://developers.facebook.com/docs/sharing/webmasters/crawler))" luxli.com.br 10.53.181.90
173.239.211.43 - - [02/Sep/2026:20:15:45 -0300] "GET /wp-admin/index.php HTTP/1.1" 409 83 "https://luxli.com.br/wp-login.php" "Mozilla/5.0 (Windows NT 10.0; Win64; x64) AppleWebKit/605.1.15 (KHTML, like Gecko) Version/14.1 Safari/605.1.15" luxli.com.br 10.53.181.90
173.239.211.46 - - [02/Sep/2026:20:15:48 -0300] "POST /wp-login.php HTTP/1.1" 409 83 "https://luxli.com.br/wp-login.php" "Mozilla/5.0 (Windows NT 10.0; Win64; x64) AppleWebKit/605.1.15 (KHTML, like Gecko) Version/14.1.2 Safari/605.1.15" luxli.com.br 10.53.181.90
173.239.211.55 - - [02/Sep/2026:20:15:50 -0300] "GET /wp-admin/index.php HTTP/1.1" 409 83 "https://luxli.com.br/wp-login.php" "Mozilla/5.0 (Windows NT 10.0; Win64; x64) AppleWebKit/605.1.15 (KHTML, like Gecko) Version/14.0.3 Safari/605.1.15" luxli.com.br 10.53.181.90
173.239.211.41 - - [02/Sep/2026:20:15:53 -0300] "POST /wp-login.php HTTP/1.1" 409 83 "https://luxli.com.br/wp-login.php" "Mozilla/5.0 (X11; Linux x86_64) AppleWebKit/537.36 (KHTML, like Gecko) Chrome/90.0.4430.212 Safari/537.36" luxli.com.br 10.53.181.90
173.239.211.37 - - [02/Sep/2026:20:15:56 -0300] "GET /wp-admin/index.php HTTP/1.1" 409 83 "https://luxli.com.br/wp-login.php" "Mozilla/5.0 (Windows NT 6.1; Win64; x64) AppleWebKit/537.36 (KHTML, like Gecko) Chrome/90.0.4430.212 Safari/537.36" luxli.com.br 10.53.181.90
173.239.211.50 - - [02/Sep/2026:20:15:58 -0300] "POST /wp-login.php HTTP/1.1" 409 83 "https://luxli.com.br/wp-login.php" "Mozilla/5.0 (Macintosh; Intel Mac OS X 10_15_7) AppleWebKit/605.1.15 (KHTML, like Gecko) Version/15.0 Safari/605.1.15" luxli.com.br 10.53.181.90
173.239.211.53 - - [02/Sep/2026:20:16:00 -0300] "GET /wp-admin/index.php HTTP/1.1" 409 83 "https://luxli.com.br/wp-login.php" "Mozilla/5.0 (Windows NT 10.0; Win64; x64) AppleWebKit/605.1.15 (KHTML, like Gecko) Version/14.1.2 Safari/605.1.15" luxli.com.br 10.53.181.90
173.239.211.50 - - [02/Sep/2026:20:16:02 -0300] "POST /wp-login.php HTTP/1.1" 409 83 "https://luxli.com.br/wp-login.php" "Mozilla/5.0 (X11; Linux x86_64) AppleWebKit/537.36 (KHTML, like Gecko) Chrome/91.0.4472.124 Safari/537.36" luxli.com.br 10.53.181.90
63.135.161.115 - - [02/Sep/2026:20:16:04 -0300] "GET /wp-admin/index.php HTTP/1.1" 409 83 "https://luxli.com.br/wp-login.php" "Mozilla/5.0 (X11; Linux x86_64) AppleWebKit/537.36 (KHTML, like Gecko) Chrome/94.0.4606.71 Safari/537.36" luxli.com.br 10.53.181.90
173.239.211.55 - - [02/Sep/2026:20:16:05 -0300] "POST /wp-login.php HTTP/1.1" 409 83 "https://luxli.com.br/wp-login.php" "Mozilla/5.0 (Windows NT 6.1; Win64; x64) AppleWebKit/537.36 (KHTML, like Gecko) Chrome/90.0.4430.212 Safari/537.36" luxli.com.br 10.53.181.90
45.130.83.245 - - [02/Sep/2026:20:16:09 -0300] "GET /wp-admin/index.php HTTP/1.1" 409 83 "https://luxli.com.br/wp-login.php" "Mozilla/5.0 (Macintosh; Intel Mac OS X 10_15_7) AppleWebKit/537.36 (KHTML, like Gecko) Chrome/90.0.4430.212 Safari/537.36" luxli.com.br 10.53.181.90
173.239.211.48 - - [02/Sep/2026:20:16:12 -0300] "POST /wp-login.php HTTP/1.1" 409 83 "https://luxli.com.br/wp-login.php" "Mozilla/5.0 (Windows NT 10.0; Win64; x64) AppleWebKit/537.36 (KHTML, like Gecko) Chrome/91.0.4472.124 Safari/537.36" luxli.com.br 10.53.181.90
45.130.83.244 - - [02/Sep/2026:20:16:14 -0300] "GET /wp-admin/index.php HTTP/1.1" 409 83 "https://luxli.com.br/wp-login.php" "Mozilla/5.0 (Macintosh; Intel Mac OS X 10_15_7) AppleWebKit/605.1.15 (KHTML, like Gecko) Version/14.1.1 Safari/605.1.15" luxli.com.br 10.53.181.90
45.130.83.241 - - [02/Sep/2026:20:16:17 -0300] "POST /wp-login.php HTTP/1.1" 409 83 "https://luxli.com.br/wp-login.php" "Mozilla/5.0 (Windows NT 6.1; Win64; x64) AppleWebKit/537.36 (KHTML, like Gecko) Chrome/94.0.4606.71 Safari/537.36" luxli.com.br 10.53.181.90
57.141.22.14 - - [02/Sep/2026:20:16:16 -0300] "GET /details/863005793 HTTP/1.1" 404 11133 "-" "Mozilla/5.0 (Windows NT 10.0; Win64; x64) AppleWebKit/537.36 (KHTML, like Gecko) Chrome/145.0.0.0 Safari/537.36 (compatible; meta-externalagent/1.1 (+https://developers.facebook.com/docs/sharing/webmasters/crawler))" luxli.com.br 10.53.181.90
57.141.22.14 - - [02/Sep/2026:20:16:16 -0300] "GET /details/863005793 HTTP/2.0" 404 11133 "-" "Mozilla/5.0 (Windows NT 10.0; Win64; x64) AppleWebKit/537.36 (KHTML, like Gecko) Chrome/145.0.0.0 Safari/537.36 (compatible; meta-externalagent/1.1 (+https://developers.facebook.com/docs/sharing/webmasters/crawler))" luxli.com.br 10.53.181.90
173.239.211.49 - - [02/Sep/2026:20:16:22 -0300] "GET /wp-admin/index.php HTTP/1.1" 409 83 "https://luxli.com.br/wp-login.php" "Mozilla/5.0 (X11; Linux x86_64) AppleWebKit/537.36 (KHTML, like Gecko) Chrome/91.0.4472.124 Safari/537.36" luxli.com.br 10.53.181.90
173.239.211.49 - - [02/Sep/2026:20:16:23 -0300] "POST /wp-login.php HTTP/1.1" 409 83 "https://luxli.com.br/wp-login.php" "Mozilla/5.0 (Windows NT 10.0; Win64; x64; rv:93.0) Gecko/20100101 Firefox/93.0" luxli.com.br 10.53.181.90
173.239.211.44 - - [02/Sep/2026:20:16:26 -0300] "GET /wp-admin/index.php HTTP/1.1" 409 83 "https://luxli.com.br/wp-login.php" "Mozilla/5.0 (Macintosh; Intel Mac OS X 10_15_7) AppleWebKit/537.36 (KHTML, like Gecko) Chrome/94.0.4606.71 Safari/537.36" luxli.com.br 10.53.181.90
173.239.211.42 - - [02/Sep/2026:20:16:28 -0300] "POST /wp-login.php HTTP/1.1" 409 83 "https://luxli.com.br/wp-login.php" "Mozilla/5.0 (Macintosh; Intel Mac OS X 10_15_7) AppleWebKit/605.1.15 (KHTML, like Gecko) Version/14.0.3 Safari/605.1.15" luxli.com.br 10.53.181.90
173.239.211.43 - - [02/Sep/2026:20:16:29 -0300] "GET /wp-admin/index.php HTTP/1.1" 409 83 "https://luxli.com.br/wp-login.php" "Mozilla/5.0 (Windows NT 10.0; Win64; x64) AppleWebKit/537.36 (KHTML, like Gecko) Chrome/93.0.4577.63 Safari/537.36" luxli.com.br 10.53.181.90
52.167.144.203 - - [02/Sep/2026:20:16:33 -0300] "GET /wp-content/uploads/2026/01/Photoroom_20260109_160542-650x650.jpg HTTP/2.0" 200 34956 "-" "Mozilla/5.0 AppleWebKit/537.36 (KHTML, like Gecko; compatible; bingbot/2.0; +http://www.bing.com/bingbot.htm) Chrome/116.0.1938.76 Safari/537.36" luxli.com.br 10.53.181.90
45.130.83.240 - - [02/Sep/2026:20:16:34 -0300] "POST /wp-login.php HTTP/1.1" 409 83 "https://luxli.com.br/wp-login.php" "Mozilla/5.0 (Windows NT 10.0; Win64; x64; rv:93.0) Gecko/20100101 Firefox/93.0" luxli.com.br 10.53.181.90
45.130.83.243 - - [02/Sep/2026:20:16:37 -0300] "GET /wp-admin/index.php HTTP/1.1" 409 83 "https://luxli.com.br/wp-login.php" "Mozilla/5.0 (Windows NT 10.0; Win64; x64) AppleWebKit/605.1.15 (KHTML, like Gecko) Version/14.1.2 Safari/605.1.15" luxli.com.br 10.53.181.90
63.135.161.119 - - [02/Sep/2026:20:16:39 -0300] "POST /wp-login.php HTTP/1.1" 409 83 "https://luxli.com.br/wp-login.php" "Mozilla/5.0 (Windows NT 10.0; Win64; x64) AppleWebKit/605.1.15 (KHTML, like Gecko) Version/14.1.1 Safari/605.1.15" luxli.com.br 10.53.181.90
173.239.211.55 - - [02/Sep/2026:20:16:42 -0300] "GET /wp-admin/index.php HTTP/1.1" 409 83 "https://luxli.com.br/wp-login.php" "Mozilla/5.0 (Windows NT 10.0; Win64; x64) AppleWebKit/537.36 (KHTML, like Gecko) Chrome/94.0.4606.71 Safari/537.36" luxli.com.br 10.53.181.90
173.239.211.37 - - [02/Sep/2026:20:16:43 -0300] "POST /wp-login.php HTTP/1.1" 409 83 "https://luxli.com.br/wp-login.php" "Mozilla/5.0 (X11; Linux x86_64) AppleWebKit/537.36 (KHTML, like Gecko) Chrome/93.0.4577.63 Safari/537.36" luxli.com.br 10.53.181.90
173.239.211.43 - - [02/Sep/2026:20:16:44 -0300] "GET /wp-admin/index.php HTTP/1.1" 409 83 "https://luxli.com.br/wp-login.php" "Mozilla/5.0 (Windows NT 10.0; Win64; x64) AppleWebKit/537.36 (KHTML, like Gecko) Chrome/92.0.4515.131 Safari/537.36" luxli.com.br 10.53.181.90
45.130.83.241 - - [02/Sep/2026:20:16:46 -0300] "POST /wp-login.php HTTP/1.1" 409 83 "https://luxli.com.br/wp-login.php" "Mozilla/5.0 (Macintosh; Intel Mac OS X 10_15_7; rv:92.0) Gecko/20100101 Firefox/92.0" luxli.com.br 10.53.181.90
63.135.161.114 - - [02/Sep/2026:20:16:49 -0300] "GET /wp-admin/index.php HTTP/1.1" 409 83 "https://luxli.com.br/wp-login.php" "Mozilla/5.0 (Windows NT 10.0; Win64; x64) AppleWebKit/605.1.15 (KHTML, like Gecko) Version/14.1 Safari/605.1.15" luxli.com.br 10.53.181.90
173.239.211.40 - - [02/Sep/2026:20:16:52 -0300] "POST /wp-login.php HTTP/1.1" 409 83 "https://luxli.com.br/wp-login.php" "Mozilla/5.0 (Macintosh; Intel Mac OS X 10_15_7) AppleWebKit/537.36 (KHTML, like Gecko) Chrome/94.0.4606.71 Safari/537.36" luxli.com.br 10.53.181.90
45.130.83.240 - - [02/Sep/2026:20:16:55 -0300] "GET /wp-admin/index.php HTTP/1.1" 409 83 "https://luxli.com.br/wp-login.php" "Mozilla/5.0 (Macintosh; Intel Mac OS X 10_15_7) AppleWebKit/537.36 (KHTML, like Gecko) Chrome/90.0.4430.212 Safari/537.36" luxli.com.br 10.53.181.90
173.239.211.43 - - [02/Sep/2026:20:16:56 -0300] "POST /wp-login.php HTTP/1.1" 409 83 "https://luxli.com.br/wp-login.php" "Mozilla/5.0 (Windows NT 10.0; Win64; x64) AppleWebKit/605.1.15 (KHTML, like Gecko) Version/14.0.3 Safari/605.1.15" luxli.com.br 10.53.181.90
45.130.83.242 - - [02/Sep/2026:20:16:58 -0300] "GET /wp-admin/index.php HTTP/1.1" 409 83 "https://luxli.com.br/wp-login.php" "Mozilla/5.0 (Windows NT 10.0; Win64; x64; rv:92.0) Gecko/20100101 Firefox/92.0" luxli.com.br 10.53.181.90
45.130.83.242 - - [02/Sep/2026:20:17:00 -0300] "POST /wp-login.php HTTP/1.1" 409 83 "https://luxli.com.br/wp-login.php" "Mozilla/5.0 (Windows NT 10.0; Win64; x64; rv:93.0) Gecko/20100101 Firefox/93.0" luxli.com.br 10.53.181.90
173.239.211.41 - - [02/Sep/2026:20:17:05 -0300] "GET /wp-admin/index.php HTTP/1.1" 409 83 "https://luxli.com.br/wp-login.php" "Mozilla/5.0 (Macintosh; Intel Mac OS X 10_15_7) AppleWebKit/537.36 (KHTML, like Gecko) Chrome/91.0.4472.124 Safari/537.36" luxli.com.br 10.53.181.90
45.130.83.242 - - [02/Sep/2026:20:17:07 -0300] "POST /wp-login.php HTTP/1.1" 409 83 "https://luxli.com.br/wp-login.php" "Mozilla/5.0 (Macintosh; Intel Mac OS X 10_15_7) AppleWebKit/537.36 (KHTML, like Gecko) Chrome/91.0.4472.124 Safari/537.36" luxli.com.br 10.53.181.90
173.239.211.41 - - [02/Sep/2026:20:17:09 -0300] "GET /wp-admin/index.php HTTP/1.1" 409 83 "https://luxli.com.br/wp-login.php" "Mozilla/5.0 (Windows NT 10.0; Win64; x64) AppleWebKit/537.36 (KHTML, like Gecko) Chrome/92.0.4515.131 Safari/537.36" luxli.com.br 10.53.181.90
173.239.211.41 - - [02/Sep/2026:20:17:12 -0300] "POST /wp-login.php HTTP/1.1" 409 83 "https://luxli.com.br/wp-login.php" "Mozilla/5.0 (Windows NT 10.0; Win64; x64) AppleWebKit/605.1.15 (KHTML, like Gecko) Version/14.1 Safari/605.1.15" luxli.com.br 10.53.181.90
173.239.211.48 - - [02/Sep/2026:20:17:14 -0300] "GET /wp-admin/index.php HTTP/1.1" 409 83 "https://luxli.com.br/wp-login.php" "Mozilla/5.0 (Windows NT 6.1; Win64; x64; rv:89.0) Gecko/20100101 Firefox/89.0.2" luxli.com.br 10.53.181.90
45.130.83.245 - - [02/Sep/2026:20:17:17 -0300] "POST /wp-login.php HTTP/1.1" 409 83 "https://luxli.com.br/wp-login.php" "Mozilla/5.0 (Macintosh; Intel Mac OS X 10_15_7) AppleWebKit/605.1.15 (KHTML, like Gecko) Version/14.1 Safari/605.1.15" luxli.com.br 10.53.181.90
63.135.161.116 - - [02/Sep/2026:20:17:19 -0300] "GET /wp-admin/index.php HTTP/1.1" 409 83 "https://luxli.com.br/wp-login.php" "Mozilla/5.0 (X11; Linux x86_64) AppleWebKit/537.36 (KHTML, like Gecko) Chrome/91.0.4472.124 Safari/537.36" luxli.com.br 10.53.181.90
173.239.211.43 - - [02/Sep/2026:20:17:23 -0300] "POST /wp-login.php HTTP/1.1" 409 83 "https://luxli.com.br/wp-login.php" "Mozilla/5.0 (Windows NT 6.1; Win64; x64) AppleWebKit/537.36 (KHTML, like Gecko) Chrome/91.0.4472.124 Safari/537.36" luxli.com.br 10.53.181.90
173.239.211.45 - - [02/Sep/2026:20:17:25 -0300] "GET /wp-admin/index.php HTTP/1.1" 409 83 "https://luxli.com.br/wp-login.php" "Mozilla/5.0 (Windows NT 10.0; Win64; x64) AppleWebKit/605.1.15 (KHTML, like Gecko) Version/14.1.1 Safari/605.1.15" luxli.com.br 10.53.181.90
45.130.83.245 - - [02/Sep/2026:20:17:26 -0300] "POST /wp-login.php HTTP/1.1" 409 83 "https://luxli.com.br/wp-login.php" "Mozilla/5.0 (Windows NT 10.0; Win64; x64) AppleWebKit/537.36 (KHTML, like Gecko) Chrome/92.0.4515.131 Safari/537.36" luxli.com.br 10.53.181.90
63.135.161.120 - - [02/Sep/2026:20:17:28 -0300] "GET /wp-admin/index.php HTTP/1.1" 409 83 "https://luxli.com.br/wp-login.php" "Mozilla/5.0 (Macintosh; Intel Mac OS X 10_15_7) AppleWebKit/605.1.15 (KHTML, like Gecko) Version/14.1 Safari/605.1.15" luxli.com.br 10.53.181.90
45.130.83.246 - - [02/Sep/2026:20:17:29 -0300] "POST /wp-login.php HTTP/1.1" 409 83 "https://luxli.com.br/wp-login.php" "Mozilla/5.0 (X11; Linux x86_64) AppleWebKit/537.36 (KHTML, like Gecko) Chrome/91.0.4472.124 Safari/537.36" luxli.com.br 10.53.181.90
173.239.211.49 - - [02/Sep/2026:20:17:32 -0300] "GET /wp-admin/index.php HTTP/1.1" 409 83 "https://luxli.com.br/wp-login.php" "Mozilla/5.0 (Macintosh; Intel Mac OS X 10_15_7) AppleWebKit/537.36 (KHTML, like Gecko) Chrome/92.0.4515.131 Safari/537.36" luxli.com.br 10.53.181.90
63.135.161.116 - - [02/Sep/2026:20:17:33 -0300] "POST /wp-login.php HTTP/1.1" 409 83 "https://luxli.com.br/wp-login.php" "Mozilla/5.0 (X11; Linux x86_64) AppleWebKit/537.36 (KHTML, like Gecko) Chrome/94.0.4606.71 Safari/537.36" luxli.com.br 10.53.181.90
173.239.211.45 - - [02/Sep/2026:20:17:38 -0300] "GET /wp-admin/index.php HTTP/1.1" 409 83 "https://luxli.com.br/wp-login.php" "Mozilla/5.0 (X11; Linux x86_64) AppleWebKit/537.36 (KHTML, like Gecko) Chrome/93.0.4577.63 Safari/537.36" luxli.com.br 10.53.181.90
63.135.161.117 - - [02/Sep/2026:20:17:41 -0300] "POST /wp-login.php HTTP/1.1" 409 83 "https://luxli.com.br/wp-login.php" "Mozilla/5.0 (Macintosh; Intel Mac OS X 10_15_7; rv:92.0) Gecko/20100101 Firefox/92.0" luxli.com.br 10.53.181.90
